000
CXUS56 KSGX 011045
CF6OKB
PRELIMINARY LOCAL CLIMATOLOGICAL DATA (WS FORM: F-6)
STATION: OCEANSIDE AIRPORT CA
MONTH: JULY
YEAR: 2022
LATITUDE: 33 13 N
LONGITUDE: 117 21 W
TEMPERATURE IN F: :PCPN: SNOW: WIND :SUNSHINE: SKY :PK WND
================================================================================
1 2 3 4 5 6A 6B 7 8 9 10 11 12 13 14 15 16 17 18
12Z AVG MX 2MIN
DY MAX MIN AVG DEP HDD CDD WTR SNW DPTH SPD SPD DIR MIN PSBL S-S WX SPD DR
================================================================================
1 78 64 71 3 0 6 0.00 M M 4.1 14 240 M M 5 18 19 250
2 76 64 70 2 0 5 0.00 M M 4.9 14 250 M M 5 8 19 250
3 75 60 68 0 0 3 0.00 M M 6.4 15 250 M M 6 19 270
4 74 60 67 -1 0 2 0.00 M M 6.0 14 240 M M 4 8 19 260
5 76 60 68 0 0 3 0.00 M M 5.8 15 260 M M 5 24 230
6 76 61 69 1 0 4 0.00 M M 5.5 15 270 M M 8 20 240
7 75 61 68 0 0 3 0.00 M M 4.6 13 260 M M 6 19 240
8 75 59 67 -2 0 2 0.00 M M 5.4 14 250 M M 5 21 240
9 77 64 71 2 0 6 0.00 M M 6.3 16 240 M M 4 1 21 240
10 75 63 69 0 0 4 0.00 M M 5.8 14 250 M M 6 18 18 230
11 73 65 69 0 0 4 0.00 M M 5.1 13 240 M M 10 18 18 250
12 74 62 68 -1 0 3 0.00 M M 4.7 14 260 M M 7 18 250
13 75 64 70 1 0 5 0.00 M M 5.7 16 250 M M 6 20 250
14 74 63 69 0 0 4 0.00 M M 4.8 14 250 M M 7 17 250
15 75 62 69 0 0 4 0.00 M M 5.2 13 250 M M 6 20 240
16 75 65 70 0 0 5 0.00 M M 4.7 13 250 M M 8 18 21 240
17 77 65 71 1 0 6 0.00 M M 5.3 14 240 M M 7 18 18 230
18 79 62 71 1 0 6 0.00 M M 5.0 13 260 M M 0 18 17 260
19 79 61 70 0 0 5 0.00 M M 5.5 15 250 M M 0 18 18 250
20 82 63 73 3 0 8 0.00 M M 4.8 15 250 M M 2 18 19 240
21 78 62 70 0 0 5 0.00 M M 4.8 14 250 M M 3 18 18 250
22 76 65 71 1 0 6 0.00 M M 5.2 13 270 M M 6 16 250
23 78 66 72 2 0 7 0.00 M M 5.5 14 240 M M 10 8 18 230
24 77 67 72 2 0 7 0.00 M M 5.5 14 250 M M 9 18 240
25 77 66 72 2 0 7 0.00 M M 5.8 14 250 M M 8 20 250
26 78 67 73 3 0 8 0.00 M M 5.8 15 260 M M 5 21 260
27 78 66 72 2 0 7 0.00 M M 5.9 16 250 M M 5 20 250
28 77 62 70 0 0 5 0.00 M M 4.6 14 260 M M 4 18 240
29 77 63 70 0 0 5 0.00 M M 4.5 14 240 M M 4 8 19 230
30 79 65 72 2 0 7 0.00 M M 5.1 14 250 M M 1 18 260
31 83 69 76 6 0 11 0.00 M M 5.2 15 250 M M 1 19 240
================================================================================
SM 2378 1966 0 163 0.00 M 163.5 M 163
================================================================================
AV 76.7 63.4 5.3 FASTST M M 5 MAX(MPH)
MISC ----> # 16 240 24 230
================================================================================
NOTES:
# LAST OF SEVERAL OCCURRENCES
COLUMN 17 PEAK WIND IN M.P.H.
PRELIMINARY LOCAL CLIMATOLOGICAL DATA (WS FORM: F-6) , PAGE 2
STATION: OCEANSIDE AIRPORT CA
MONTH: JULY
YEAR: 2022
LATITUDE: 33 13 N
LONGITUDE: 117 21 W
[TEMPERATURE DATA] [PRECIPITATION DATA] SYMBOLS USED IN COLUMN 16
AVERAGE MONTHLY: 70.1 TOTAL FOR MONTH: 0.00 1 = FOG OR MIST
DPTR FM NORMAL: 0.8 DPTR FM NORMAL: -0.05 2 = FOG REDUCING VISIBILITY
HIGHEST: 83 ON 31 GRTST 24HR 0.00 ON 1- 1 TO 1/4 MILE OR LESS
LOWEST: 59 ON 8 3 = THUNDER
SNOW, ICE PELLETS, HAIL 4 = ICE PELLETS
TOTAL MONTH: M 5 = HAIL
GRTST 24HR M ON M 6 = FREEZING RAIN OR DRIZZLE
GRTST DEPTH: M ON M 7 = DUSTSTORM OR SANDSTORM:
VSBY 1/2 MILE OR LESS
8 = SMOKE OR HAZE
[NO. OF DAYS WITH] [WEATHER - DAYS WITH] 9 = BLOWING SNOW
X = TORNADO
MAX 32 OR BELOW: 0 0.01 INCH OR MORE: 0
MAX 90 OR ABOVE: 0 0.10 INCH OR MORE: 0
MIN 32 OR BELOW: 0 0.50 INCH OR MORE: 0
MIN 0 OR BELOW: 0 1.00 INCH OR MORE: 0
[HDD (BASE 65) ]
TOTAL THIS MO. 0 CLEAR (SCALE 0-3) 5
DPTR FM NORMAL -2 PTCLDY (SCALE 4-7) 23
TOTAL FM JUL 1 0 CLOUDY (SCALE 8-10) 3
DPTR FM NORMAL 0
[CDD (BASE 65) ]
TOTAL THIS MO. 163
DPTR FM NORMAL 27 [PRESSURE DATA]
TOTAL FM JAN 1 272 HIGHEST SLP 30.09 ON 9
DPTR FM NORMAL 83 LOWEST SLP 29.81 ON 22
[REMARKS]
#FINAL-07-22#