416
CXUS55 KSEW 020028
CF6OLM
PRELIMINARY LOCAL CLIMATOLOGICAL DATA (WS FORM: F-6)
STATION: OLYMPIA WA AIRPORT
MONTH: MARCH
YEAR: 2020
LATITUDE: 46 58 N
LONGITUDE: 122 54 W
TEMPERATURE IN F: :PCPN: SNOW: WIND :SUNSHINE: SKY :PK WND
================================================================================
1 2 3 4 5 6A 6B 7 8 9 10 11 12 13 14 15 16 17 18
12Z AVG MX 2MIN
DY MAX MIN AVG DEP HDD CDD WTR SNW DPTH SPD SPD DIR MIN PSBL S-S WX SPD DR
================================================================================
1 47 26 37 -5 28 0 T 0.0 0 4.3 14 230 M M 8 12 17 230
2 47 40 44 2 21 0 0.03 0.0 0 11.0 20 180 M M 10 18 25 190
3 54 44 49 6 16 0 0.11 0.0 0 10.5 20 240 M M 10 1 27 240
4 54 34 44 1 21 0 T 0.0 0 5.8 17 210 M M 3 22 210
5 56 30 43 0 22 0 0.09 0.0 0 6.7 20 210 M M 6 1 26 190
6 44 37 41 -2 24 0 0.25 0.0 0 2.7 8 210 M M 9 1 10 210
7 44 31 38 -5 27 0 0.13 0.0 0 3.8 14 330 M M 7 12 17 320
8 47 28 38 -5 27 0 0.00 0.0 0 2.9 9 60 M M 7 12 13 50
9 52 24 38 -6 27 0 0.00 0.0 0 1.8 9 360 M M 2 12 12 360
10 55 27 41 -3 24 0 0.00 0.0 0 7.8 17 240 M M 5 23 240
11 55 32 44 0 21 0 0.00 0.0 0 6.6 16 300 M M 5 18 20 320
12 53 25 39 -5 26 0 0.00 0.0 0 2.4 10 310 M M 4 1 13 330
13 39 33 36 -8 29 0 0.28 M 0 3.2 10 30 M M 10 1 15 50
14 44 33 39 -5 26 0 0.01 M M 11.1 18 30 M M 8 8 24 20
15 48 30 39 -5 26 0 0.00 0.0 0 9.8 18 20 M M 3 25 30
16 58 23 41 -4 24 0 0.00 0.0 0 4.3 13 60 M M 0 16 60
17 58 22 40 -5 25 0 0.00 0.0 0 2.0 9 20 M M 0 12 30
18 58 24 41 -4 24 0 0.00 0.0 0 2.7 12 230 M M 2 12 15 240
19 63 25 44 -1 21 0 0.00 0.0 0 1.8 9 180 M M 1 12 11 180
20 65 28 47 2 18 0 0.00 0.0 0 2.1 9 280 M M 0 1 12 270
21 58 29 44 -1 21 0 0.00 0.0 0 2.3 9 20 M M 3 1 13 20
22 60 29 45 0 20 0 T 0.0 0 6.7 15 250 M M 4 128 22 260
23 49 38 44 -2 21 0 0.34 0.0 0 8.8 18 200 M M 8 1 24 210
24 50 36 43 -3 22 0 0.10 0.0 0 5.4 14 180 M M 8 18 17 180
25 52 36 44 -2 21 0 0.09 0.0 0 5.0 17 330 M M 8 1 21 320
26 49 32 41 -5 24 0 T 0.0 0 6.5 15 250 M M 7 22 290
27 50 38 44 -2 21 0 0.07 0.0 0 8.9 18 210 M M 10 1 23 200
28 53 45 49 3 16 0 0.31 0.0 0 12.7 23 190 M M 10 1 29 190
29 54 45 50 4 15 0 0.44 0.0 0 8.8 20 180 M M 9 1 25 180
30 48 38 43 -3 22 0 0.89 0.0 0 10.5 25 250 M M 8 1 33 200
31 47 35 41 -5 24 0 0.21 0.0 0 7.4 16 240 M M 6 18 21 240
================================================================================
SM 1611 997 704 0 3.35 0.0 186.3 M 181
================================================================================
AV 52.0 32.2 6.0 FASTST M M 6 MAX(MPH)
MISC ----> # 25 250 # 33 200
================================================================================
NOTES:
# LAST OF SEVERAL OCCURRENCES
COLUMN 17 PEAK WIND IN M.P.H.
PRELIMINARY LOCAL CLIMATOLOGICAL DATA (WS FORM: F-6) , PAGE 2
STATION: OLYMPIA WA AIRPORT
MONTH: MARCH
YEAR: 2020
LATITUDE: 46 58 N
LONGITUDE: 122 54 W
[TEMPERATURE DATA] [PRECIPITATION DATA] SYMBOLS USED IN COLUMN 16
AVERAGE MONTHLY: 42.1 TOTAL FOR MONTH: 3.35 1 = FOG OR MIST
DPTR FM NORMAL: -2.4 DPTR FM NORMAL: -1.94 2 = FOG REDUCING VISIBILITY
HIGHEST: 65 ON 20 GRTST 24HR 0.89 ON 30-30 TO 1/4 MILE OR LESS
LOWEST: 22 ON 17 3 = THUNDER
SNOW, ICE PELLETS, HAIL 4 = ICE PELLETS
TOTAL MONTH: 0.0 INCH 5 = HAIL
GRTST 24HR 0.0 6 = FREEZING RAIN OR DRIZZLE
GRTST DEPTH: 0 7 = DUSTSTORM OR SANDSTORM:
VSBY 1/2 MILE OR LESS
8 = SMOKE OR HAZE
[NO. OF DAYS WITH] [WEATHER - DAYS WITH] 9 = BLOWING SNOW
X = TORNADO
MAX 32 OR BELOW: 0 0.01 INCH OR MORE: 15
MAX 90 OR ABOVE: 0 0.10 INCH OR MORE: 10
MIN 32 OR BELOW: 17 0.50 INCH OR MORE: 1
MIN 0 OR BELOW: 0 1.00 INCH OR MORE: 0
[HDD (BASE 65) ]
TOTAL THIS MO. 704 CLEAR (SCALE 0-3) 8
DPTR FM NORMAL 68 PTCLDY (SCALE 4-7) 13
TOTAL FM JUL 1 4269 CLOUDY (SCALE 8-10) 10
DPTR FM NORMAL -89
[CDD (BASE 65) ]
TOTAL THIS MO. 0
DPTR FM NORMAL 0 [PRESSURE DATA]
TOTAL FM JAN 1 0 HIGHEST SLP 30.45 ON 1
DPTR FM NORMAL 0 LOWEST SLP 29.60 ON 30
[REMARKS]
CORRECTED404
#FINAL-03-20#