000
CXUS53 KARX 011335
CF6OLZ
PRELIMINARY LOCAL CLIMATOLOGICAL DATA (WS FORM: F-6)
STATION: OELWEIN IA
MONTH: DECEMBER
YEAR: 2022
LATITUDE: 42 40 N
LONGITUDE: 91 58 W
TEMPERATURE IN F: :PCPN: SNOW: WIND :SUNSHINE: SKY :PK WND
================================================================================
1 2 3 4 5 6A 6B 7 8 9 10 11 12 13 14 15 16 17 18
12Z AVG MX 2MIN
DY MAX MIN AVG DEP HDD CDD WTR SNW DPTH SPD SPD DIR MIN PSBL S-S WX SPD DR
================================================================================
1 36 9 23 M 42 0 0.00 0.0 0 14.4 28 160 M M 1 32 160
2 48 19 34 M 31 0 M M 0 17.9 32 300 M M 5 41 300
3 19 7 13 M 52 0 M M 0 15.9 28 310 M M 2 8 44 310
4 39 10 25 M 40 0 0.00 0.0 0 9.3 13 180 M M 0 12 210
5 37 25 31 M 34 0 0.00 0.0 0 7.6 14 360 M M 8 18 360
6 37 21 29 M 36 0 0.00 0.0 0 7.9 14 130 M M 3 1 18 70
7 34 16 25 M 40 0 M M M 5.8 10 30 M M 4 12 M M
8 36 14 25 M 40 0 0.00 0.0 M 9.5 17 100 M M 5 1 25 100
9 34 32 33 M 32 0 M M M 13.0 22 90 M M 10 1 30 100
10 36 32 34 M 31 0 M M M 7.3 10 110 M M 10 1 M M
11 34 30 32 M 33 0 0.00 0.0 M 5.6 10 120 M M 10 14 120
12 36 30 33 M 32 0 0.00 0.0 M 15.6 22 130 M M 10 28 140
13 36 32 34 M 31 0 M M M 23.5 30 110 M M 8 1 38 110
14 46 32 39 M 26 0 M M M 14.0 21 120 M M 9 12 29 120
15 32 21 27 M 38 0 M M M 15.7 24 220 M M 10 1 30 210
16 23 19 21 M 44 0 0.00 0.0 M 19.6 24 240 M M 9 33 240
17 21 10 16 M 49 0 0.00 0.0 M 17.3 21 280 M M 10 27 290
18 10 1 6 M 59 0 0.00 0.0 M 10.9 17 300 M M 2 22 290
19 25 0 13 M 52 0 M M M 10.4 16 140 M M 7 1 M M
20 27 -4 12 M 53 0 0.00 0.0 M 12.2 22 330 M M 3 21 330
21 16 -4 6 M 59 0 M M M 9.0 16 120 M M 7 1 16 110
22 16 -11 3 M 62 0 M M M 24.8 31 300 M M 8 189 39 300
23 -2 -11 -6 M 71 0 0.00 0.0 M 31.7 38 300 M M 9 8 47 300
24 5 -4 1 M 64 0 0.00 0.0 M 25.5 32 300 M M 3 18 39 300
25 12 -2 5 M 60 0 M M M 13.0 22 300 M M 3 18 27 300
26 12 -6 3 M 62 0 M M M 9.8 16 360 M M 5 1 18 350
27 25 -8 9 M 56 0 0.00 0.0 M 15.3 27 180 M M 2 30 180
28 39 25 32 M 33 0 0.00 0.0 M 16.8 24 180 M M 2 28 170
29 48 32 40 M 25 0 0.00 0.0 M 9.6 15 280 M M 5 12 24 160
30 30 18 24 M 41 0 0.00 0.0 0 9.5 21 280 M M 5 1 25 290
31 34 19 27 M 38 0 0.01 0.0 0 10.8 17 130 M M 5 1 24 130
================================================================================
SM 881 404 1366 0 0.01 0.0 429.2 M 180
================================================================================
AV 28.4 13.0 13.8 FASTST M M 6 MAX(MPH)
MISC ----> 38 300 47 300
================================================================================
NOTES:
# LAST OF SEVERAL OCCURRENCES
COLUMN 17 PEAK WIND IN M.P.H.
PRELIMINARY LOCAL CLIMATOLOGICAL DATA (WS FORM: F-6) , PAGE 2
STATION: OELWEIN IA
MONTH: DECEMBER
YEAR: 2022
LATITUDE: 42 40 N
LONGITUDE: 91 58 W
[TEMPERATURE DATA] [PRECIPITATION DATA] SYMBOLS USED IN COLUMN 16
AVERAGE MONTHLY: 20.7 TOTAL FOR MONTH: 0.01 1 = FOG OR MIST
DPTR FM NORMAL: 0.0 DPTR FM NORMAL: M 2 = FOG REDUCING VISIBILITY
HIGHEST: 48 ON 29, 2 GRTST 24HR 0.01 ON 31-31 TO 1/4 MILE OR LESS
LOWEST: -11 ON 23,22 3 = THUNDER
SNOW, ICE PELLETS, HAIL 4 = ICE PELLETS
TOTAL MONTH: 0.0 INCH 5 = HAIL
GRTST 24HR 0.0 6 = FREEZING RAIN OR DRIZZLE
GRTST DEPTH: 0 7 = DUSTSTORM OR SANDSTORM:
VSBY 1/2 MILE OR LESS
8 = SMOKE OR HAZE
[NO. OF DAYS WITH] [WEATHER - DAYS WITH] 9 = BLOWING SNOW
X = TORNADO
MAX 32 OR BELOW: 15 0.01 INCH OR MORE: 1
MAX 90 OR ABOVE: 0 0.10 INCH OR MORE: 0
MIN 32 OR BELOW: 31 0.50 INCH OR MORE: 0
MIN 0 OR BELOW: 9 1.00 INCH OR MORE: 0
[HDD (BASE 65) ]
TOTAL THIS MO. 1366 CLEAR (SCALE 0-3) 10
DPTR FM NORMAL M PTCLDY (SCALE 4-7) 10
TOTAL FM JUL 1 2869 CLOUDY (SCALE 8-10) 11
DPTR FM NORMAL M
[CDD (BASE 65) ]
TOTAL THIS MO. 0
DPTR FM NORMAL M [PRESSURE DATA]
TOTAL FM JAN 1 726 HIGHEST SLP M ON M
DPTR FM NORMAL M LOWEST SLP M ON M
[REMARKS]
#FINAL-12-22#