000
CXUS53 KOAX 011030
CF6OMA
PRELIMINARY LOCAL CLIMATOLOGICAL DATA (WS FORM: F-6)
STATION: OMAHA NE
MONTH: NOVEMBER
YEAR: 2021
LATITUDE: 41 17 N
LONGITUDE: 95 54 W
TEMPERATURE IN F: :PCPN: SNOW: WIND :SUNSHINE: SKY :PK WND
================================================================================
1 2 3 4 5 6A 6B 7 8 9 10 11 12 13 14 15 16 17 18
12Z AVG MX 2MIN
DY MAX MIN AVG DEP HDD CDD WTR SNW DPTH SPD SPD DIR MIN PSBL S-S WX SPD DR
================================================================================
1 46 32 39 -8 26 0 0.00 0.0 0 3.8 16 230 M M 8 22 270
2 51 27 39 -7 26 0 0.00 0.0 0 3.4 12 270 M M 3 1 17 260
3 50 36 43 -3 22 0 0.00 0.0 0 8.6 17 210 M M 10 23 210
4 59 36 48 3 17 0 0.00 0.0 0 11.5 20 180 M M 5 27 210
5 64 42 53 8 12 0 0.00 0.0 0 16.0 31 170 M M 3 43 170
6 69 40 55 11 10 0 0.00 0.0 0 9.7 16 170 M M 4 20 180
7 71 47 59 15 6 0 0.00 0.0 0 9.3 20 180 M M 5 27 180
8 65 38 52 8 13 0 0.00 0.0 0 9.7 25 20 M M 4 1 30 30
9 64 37 51 8 14 0 0.00 0.0 0 8.4 16 20 M M 5 21 30
10 58 47 53 10 12 0 0.34 0.0 0 11.9 28 330 M M 10 18 37 330
11 55 37 46 4 19 0 0.00 0.0 0 19.2 35 290 M M 6 53 280
12 37 31 34 -8 31 0 T T 0 24.0 39 310 M M 10 53 310
13 50 28 39 -2 26 0 T 0.0 0 9.6 23 310 M M 8 34 320
14 49 34 42 1 23 0 0.00 0.0 0 10.9 31 310 M M 8 42 310
15 59 39 49 9 16 0 0.00 0.0 0 6.7 16 140 M M 7 8 20 140
16 71 39 55 15 10 0 0.00 0.0 0 11.9 22 160 M M 8 29 350
17 50 36 43 3 22 0 0.00 0.0 0 14.7 30 330 M M 7 8 40 330
18 44 27 36 -3 29 0 0.00 0.0 0 10.9 21 300 M M 0 28 290
19 52 26 39 0 26 0 0.00 0.0 0 15.2 31 170 M M 8 43 170
20 61 34 48 10 17 0 0.00 0.0 0 6.7 16 40 M M 7 23 60
21 51 27 39 1 26 0 0.00 0.0 0 10.1 35 330 M M 4 44 330
22 48 28 38 1 27 0 0.00 0.0 0 6.6 15 180 M M 7 23 170
23 67 30 49 12 16 0 0.00 0.0 0 14.4 28 170 M M 3 36 180
24 53 31 42 6 23 0 0.00 0.0 0 16.4 32 350 M M 9 45 350
25 35 23 29 -7 36 0 0.00 0.0 0 12.0 30 330 M M 4 38 340
26 55 27 41 5 24 0 0.00 0.0 0 10.6 20 170 M M 5 26 170
27 62 33 48 13 17 0 0.00 0.0 0 9.6 32 300 M M 6 48 300
28 49 24 37 2 28 0 0.00 0.0 0 6.6 14 170 M M 6 17 170
29 67 33 50 16 15 0 0.00 0.0 0 7.6 13 330 M M 5 17 330
30 57 33 45 11 20 0 T 0.0 0 5.7 12 170 M M 6 15 170
================================================================================
SM 1669 1002 609 0 0.34 T 321.7 M 181
================================================================================
AV 55.6 33.4 10.7 FASTST M M 6 MAX(MPH)
MISC ----> 39 310 # 53 280
================================================================================
NOTES:
# LAST OF SEVERAL OCCURRENCES
COLUMN 17 PEAK WIND IN M.P.H.
PRELIMINARY LOCAL CLIMATOLOGICAL DATA (WS FORM: F-6) , PAGE 2
STATION: OMAHA NE
MONTH: NOVEMBER
YEAR: 2021
LATITUDE: 41 17 N
LONGITUDE: 95 54 W
[TEMPERATURE DATA] [PRECIPITATION DATA] SYMBOLS USED IN COLUMN 16
AVERAGE MONTHLY: 44.5 TOTAL FOR MONTH: 0.34 1 = FOG OR MIST
DPTR FM NORMAL: 4.3 DPTR FM NORMAL: -1.11 2 = FOG REDUCING VISIBILITY
HIGHEST: 71 ON 16, 7 GRTST 24HR 0.34 ON 10-10 TO 1/4 MILE OR LESS
LOWEST: 23 ON 25 3 = THUNDER
SNOW, ICE PELLETS, HAIL 4 = ICE PELLETS
TOTAL MONTH: T 5 = HAIL
GRTST 24HR T ON 12-12 6 = FREEZING RAIN OR DRIZZLE
GRTST DEPTH: 0 7 = DUSTSTORM OR SANDSTORM:
VSBY 1/2 MILE OR LESS
8 = SMOKE OR HAZE
[NO. OF DAYS WITH] [WEATHER - DAYS WITH] 9 = BLOWING SNOW
X = TORNADO
MAX 32 OR BELOW: 0 0.01 INCH OR MORE: 1
MAX 90 OR ABOVE: 0 0.10 INCH OR MORE: 1
MIN 32 OR BELOW: 13 0.50 INCH OR MORE: 0
MIN 0 OR BELOW: 0 1.00 INCH OR MORE: 0
[HDD (BASE 65) ]
TOTAL THIS MO. 609 CLEAR (SCALE 0-3) 4
DPTR FM NORMAL -134 PTCLDY (SCALE 4-7) 20
TOTAL FM JUL 1 865 CLOUDY (SCALE 8-10) 6
DPTR FM NORMAL -303
[CDD (BASE 65) ]
TOTAL THIS MO. 0
DPTR FM NORMAL 0 [PRESSURE DATA]
TOTAL FM JAN 1 1537 HIGHEST SLP 30.54 ON 25
DPTR FM NORMAL 244 LOWEST SLP 29.53 ON 16
[REMARKS]
#FINAL-11-21#