000
CXAK56 PAFG 012108
CF6OME
PRELIMINARY LOCAL CLIMATOLOGICAL DATA (WS FORM: F-6)
STATION: NOME AK
MONTH: MAY
YEAR: 2021
LATITUDE: 64 30 N
LONGITUDE: 165 26 W
TEMPERATURE IN F: :PCPN: SNOW: WIND :SUNSHINE: SKY :PK WND
================================================================================
1 2 3 4 5 6A 6B 7 8 9 10 11 12 13 14 15 16 17 18
12Z AVG MX 2MIN
DY MAX MIN AVG DEP HDD CDD WTR SNW DPTH SPD SPD DIR MIN PSBL S-S WX SPD DR
================================================================================
1 28 22 25 -7 40 0 0.00 M M 10.4 21 30 M M 8 23 40
2 41 25 33 1 32 0 0.00 M M 11.7 17 20 M M 7 20 70
3 44 29 37 4 28 0 0.00 M M 10.6 22 10 M M 4 27 10
4 38 23 31 -2 34 0 0.00 M M 4.3 15 350 M M 0 18 350
5 39 22 31 -3 34 0 0.00 M M 2.0 7 200 M M 0 9 210
6 52 25 39 5 26 0 0.00 M M 5.7 15 350 M M 2 18 350
7 51 36 44 10 21 0 0.00 M M 13.2 26 30 M M 0 31 30
8 51 35 43 8 22 0 0.00 M M 8.9 14 40 M M 0 16 360
9 46 38 42 7 23 0 0.01 M M 8.1 13 110 M M 5 16 90
10 55 37 46 11 19 0 0.00 M M 7.8 14 90 M M 8 18 80
11 48 33 41 5 24 0 0.00 M M 5.8 17 260 M M 4 21 260
12 50 30 40 4 25 0 0.00 M M 2.5 10 240 M M 4 14 240
13 57 34 46 10 19 0 0.00 M M 5.8 14 30 M M 3 18 30
14 62 44 53 16 12 0 0.00 M M 12.5 24 30 M M 1 29 30
15 57 36 47 10 18 0 0.00 M M 10.4 30 40 M M 0 38 30
16 38 31 35 -2 30 0 0.00 M M 6.8 13 160 M M 0 19 190
17 38 27 33 -5 32 0 0.01 M M 4.9 9 180 M M 3 1 16 180
18 39 30 35 -3 30 0 0.03 M M 10.9 24 260 M M 7 1 28 260
19 49 26 38 0 27 0 0.00 M M 5.9 12 350 M M 1 14 270
20 56 38 47 8 18 0 T M M 7.8 16 30 M M 2 8 20 30
21 42 33 38 -1 27 0 0.10 M M 11.1 22 250 M M 10 1 26 260
22 34 31 33 -6 32 0 0.00 M M 9.8 21 270 M M 10 18 25 270
23 51 32 42 2 23 0 0.00 M M 6.3 13 40 M M 5 22 170
24 66 42 54 14 11 0 0.00 M M 13.2 20 110 M M 0 25 70
25 71 50 61 21 4 0 0.00 M M 10.4 16 30 M M 0 8 20 30
26 68 41 55 14 10 0 0.00 M M 8.1 17 40 M M 0 20 30
27 63 37 50 9 15 0 0.00 M M 9.2 23 20 M M 0 8 31 30
28 59 43 51 10 14 0 0.00 M M 20.8 29 30 M M 0 37 40
29 56 41 49 7 16 0 0.00 M M 15.8 25 20 M M 0 32 40
30 55 44 50 8 15 0 0.00 M M 14.1 28 40 M M 2 36 60
31 64 40 52 10 13 0 0.00 M M 8.5 21 260 M M 1 26 280
================================================================================
SM 1568 1055 694 0 0.15 M 283.3 M 87
================================================================================
AV 50.6 34.0 9.1 FASTST M M 3 MAX(MPH)
MISC ----> 30 40 38 30
================================================================================
NOTES:
# LAST OF SEVERAL OCCURRENCES
COLUMN 17 PEAK WIND IN M.P.H.
PRELIMINARY LOCAL CLIMATOLOGICAL DATA (WS FORM: F-6) , PAGE 2
STATION: NOME AK
MONTH: MAY
YEAR: 2021
LATITUDE: 64 30 N
LONGITUDE: 165 26 W
[TEMPERATURE DATA] [PRECIPITATION DATA] SYMBOLS USED IN COLUMN 16
AVERAGE MONTHLY: 42.3 TOTAL FOR MONTH: 0.15 1 = FOG OR MIST
DPTR FM NORMAL: 5.0 DPTR FM NORMAL: -0.74 2 = FOG REDUCING VISIBILITY
HIGHEST: 71 ON 25 GRTST 24HR 0.10 ON 21-21 TO 1/4 MILE OR LESS
LOWEST: 22 ON 5, 1 3 = THUNDER
SNOW, ICE PELLETS, HAIL 4 = ICE PELLETS
TOTAL MONTH: M 5 = HAIL
GRTST 24HR M ON M 6 = FREEZING RAIN OR DRIZZLE
GRTST DEPTH: M ON M 7 = DUSTSTORM OR SANDSTORM:
VSBY 1/2 MILE OR LESS
8 = SMOKE OR HAZE
[NO. OF DAYS WITH] [WEATHER - DAYS WITH] 9 = BLOWING SNOW
X = TORNADO
MAX 32 OR BELOW: 1 0.01 INCH OR MORE: 4
MAX 90 OR ABOVE: 0 0.10 INCH OR MORE: 1
MIN 32 OR BELOW: 13 0.50 INCH OR MORE: 0
MIN 0 OR BELOW: 0 1.00 INCH OR MORE: 0
[HDD (BASE 65) ]
TOTAL THIS MO. 694 CLEAR (SCALE 0-3) 19
DPTR FM NORMAL -166 PTCLDY (SCALE 4-7) 10
TOTAL FM JUL 1 12445 CLOUDY (SCALE 8-10) 2
DPTR FM NORMAL -536
[CDD (BASE 65) ]
TOTAL THIS MO. 0
DPTR FM NORMAL 0 [PRESSURE DATA]
TOTAL FM JAN 1 0 HIGHEST SLP 30.29 ON 23
DPTR FM NORMAL 0 LOWEST SLP 29.46 ON 21
[REMARKS]
#FINAL-05-21#