000
CXUS53 KARX 011000
CF6ONA
PRELIMINARY LOCAL CLIMATOLOGICAL DATA (WS FORM: F-6)
STATION: WINONA_MUNI_(AWOS) MN
MONTH: FEBRUARY
YEAR: 2021
LATITUDE: 44 4 N
LONGITUDE: 91 42 W
TEMPERATURE IN F: :PCPN: SNOW: WIND :SUNSHINE: SKY :PK WND
================================================================================
1 2 3 4 5 6A 6B 7 8 9 10 11 12 13 14 15 16 17 18
12Z AVG MX 2MIN
DY MAX MIN AVG DEP HDD CDD WTR SNW DPTH SPD SPD DIR MIN PSBL S-S WX SPD DR
================================================================================
1 32 27 30 M 35 0 M M M 8.4 13 310 M M 9 17 330
2 30 14 22 M 43 0 M M M 1.4 6 320 M M 5 M M
3 36 10 23 M 42 0 M M M 5.7 12 140 M M 1 16 140
4 34 12 23 M 42 0 M M M 9.3 18 300 M M 10 27 300
5 12 5 9 M 56 0 0.00 0.0 M 12.9 17 280 M M 5 28 290
6 5 -8 -1 M 66 0 0.00 0.0 M 10.2 14 300 M M 2 20 290
7 0 -15 -7 M 72 0 0.00 0.0 M 4.9 7 310 M M 4 M M
8 7 -13 -3 M 68 0 M M M 2.5 8 300 M M 5 M M
9 12 -15 -1 M 66 0 0.00 0.0 M 2.7 10 280 M M 2 18 240
10 12 -6 3 M 62 0 0.00 0.0 M 3.3 8 290 M M 5 M M
11 3 -8 -2 M 67 0 M M M 4.7 8 320 M M 7 8 M M
12 0 -6 -3 M 68 0 M M M 7.8 16 320 M M 2 22 320
13 1 -13 -6 M 71 0 M M M 7.1 14 310 M M 7 8 18 350
14 -2 -15 -8 M 73 0 0.00 0.0 M 7.2 12 330 M M 0 18 330
15 3 -20 -8 M 73 0 0.00 0.0 M 3.8 8 340 M M 0 M M
16 14 -18 -2 M 67 0 0.00 0.0 M 1.7 4 310 M M 1 M M
17 16 -11 3 M 62 0 M M M 1.1 6 110 M M 6 M M
18 19 3 11 M 54 0 M M M 1.1 5 240 M M 9 M M
19 19 -2 9 M 56 0 T T M 2.0 7 280 M M 3 M M
20 25 -8 9 M 56 0 0.00 0.0 M 2.3 9 130 M M 2 M M
21 28 18 23 M 42 0 0.21 M M 3.1 10 120 M M 8 1 M M
22 41 21 31 M 34 0 M M M 4.5 9 300 M M 7 1 18 260
23 41 34 38 M 27 0 0.00 0.0 M 5.6 14 300 M M 4 22 290
24 39 28 34 M 31 0 M M M 8.2 18 320 M M 3 22 320
25 37 23 30 M 35 0 0.00 0.0 M 3.5 9 260 M M 2 M M
26 41 21 31 M 34 0 0.00 0.0 M 6.0 14 190 M M 3 1 22 210
27 48 23 36 M 29 0 0.00 0.0 M 1.0 5 230 M M 2 1 M M
28 36 23 30 M 35 0 M M M 8.7 24 320 M M 7 1 30 330
================================================================================
SM 589 104 1466 0 0.21 T 140.7 M 121
================================================================================
AV 21.0 3.7 5.0 FASTST M M 4 MAX(MPH)
MISC ----> 24 320 30 330
================================================================================
NOTES:
# LAST OF SEVERAL OCCURRENCES
COLUMN 17 PEAK WIND IN M.P.H.
PRELIMINARY LOCAL CLIMATOLOGICAL DATA (WS FORM: F-6) , PAGE 2
STATION: WINONA_MUNI_(AWOS) MN
MONTH: FEBRUARY
YEAR: 2021
LATITUDE: 44 4 N
LONGITUDE: 91 42 W
[TEMPERATURE DATA] [PRECIPITATION DATA] SYMBOLS USED IN COLUMN 16
AVERAGE MONTHLY: 12.4 TOTAL FOR MONTH: 0.21 1 = FOG OR MIST
DPTR FM NORMAL: 0.0 DPTR FM NORMAL: 0.21 2 = FOG REDUCING VISIBILITY
HIGHEST: 48 ON 27 GRTST 24HR 0.21 ON 21-21 TO 1/4 MILE OR LESS
LOWEST: -20 ON 15 3 = THUNDER
SNOW, ICE PELLETS, HAIL 4 = ICE PELLETS
TOTAL MONTH: T 5 = HAIL
GRTST 24HR T ON 19-19 6 = FREEZING RAIN OR DRIZZLE
GRTST DEPTH: M ON M 7 = DUSTSTORM OR SANDSTORM:
VSBY 1/2 MILE OR LESS
8 = SMOKE OR HAZE
[NO. OF DAYS WITH] [WEATHER - DAYS WITH] 9 = BLOWING SNOW
X = TORNADO
MAX 32 OR BELOW: 19 0.01 INCH OR MORE: 1
MAX 90 OR ABOVE: 0 0.10 INCH OR MORE: 1
MIN 32 OR BELOW: 27 0.50 INCH OR MORE: 0
MIN 0 OR BELOW: 14 1.00 INCH OR MORE: 0
[HDD (BASE 65) ]
TOTAL THIS MO. 1466 CLEAR (SCALE 0-3) 12
DPTR FM NORMAL M PTCLDY (SCALE 4-7) 13
TOTAL FM JUL 1 5372 CLOUDY (SCALE 8-10) 3
DPTR FM NORMAL M
[CDD (BASE 65) ]
TOTAL THIS MO. 0
DPTR FM NORMAL M [PRESSURE DATA]
TOTAL FM JAN 1 0 HIGHEST SLP M ON M
DPTR FM NORMAL M LOWEST SLP M ON M
[REMARKS]
#FINAL-02-21#