000
CXUS54 KMRX 011030
CF6OQT
PRELIMINARY LOCAL CLIMATOLOGICAL DATA (WS FORM: F-6)
STATION: OAK RIDGE
MONTH: MARCH
YEAR: 2022
LATITUDE: 36 1 N
LONGITUDE: 84 14 W
TEMPERATURE IN F: :PCPN: SNOW: WIND :SUNSHINE: SKY :PK WND
================================================================================
1 2 3 4 5 6A 6B 7 8 9 10 11 12 13 14 15 16 17 18
12Z AVG MX 2MIN
DY MAX MIN AVG DEP HDD CDD WTR SNW DPTH SPD SPD DIR MIN PSBL S-S WX SPD DR
================================================================================
1 65 30 48 1 17 0 0.00 M M 1.9 10 260 M M 0 17 230
2 75 40 58 11 7 0 0.00 M M 2.8 13 280 M M 0 24 280
3 77 42 60 13 5 0 0.00 M M 2.7 10 80 M M 0 16 200
4 77 44 61 13 4 0 0.00 M M 1.7 8 200 M M 0 14 40
5 77 52 65 17 0 0 0.00 M M 5.1 17 200 M M 0 31 230
6 78 53 66 18 0 1 0.00 M M 5.5 18 200 M M 4 31 200
7 71 45 58 10 7 0 0.54 M M 6.9 17 210 M M 9 1 33 200
8 57 40 49 0 16 0 0.30 M M 3.1 8 70 M M 9 1 16 330
9 55 44 50 1 15 0 0.87 M M 3.0 10 70 M M 7 1 17 300
10 63 44 54 5 11 0 0.00 M M 2.9 8 150 M M 5 13 80
11 67 36 52 2 13 0 0.01 M M 2.5 14 350 M M 3 28 340
12 44 21 33 -17 32 0 0.60 M M 6.2 17 350 M M 6 128 34 10
13 48 18 33 -17 32 0 0.00 M M 3.7 12 210 M M 1 20 200
14 66 30 48 -2 17 0 0.00 M M 1.2 8 150 M M 0 15 190
15 65 40 53 2 12 0 0.00 M M 0.7 8 190 M M 2 12 190
16 70 47 59 8 6 0 0.16 M M 1.7 8 50 M M 7 1 14 40
17 73 52 63 12 2 0 0.00 M M 2.0 9 200 M M 4 12 14 210
18 63 46 55 3 10 0 0.02 M M 3.2 17 90 M M 5 31 70
19 62 48 55 3 10 0 T M M 6.9 16 210 M M 9 32 210
20 67 37 52 0 13 0 0.00 M M 2.4 10 290 M M 1 19 260
21 71 35 53 0 12 0 0.00 M M 1.2 8 190 M M 0 13 70
22 77 47 62 9 3 0 0.00 M M 4.2 13 160 M M 1 22 190
23 77 52 65 12 0 0 0.73 M M 5.9 21 190 M M 6 1 43 220
24 65 43 54 1 11 0 0.00 M M 3.0 16 260 M M 1 28 220
25 51 38 45 -9 20 0 0.00 M M 3.7 12 270 M M 7 21 270
26 58 41 50 -4 15 0 T M M 6.6 20 300 M M 1 37 260
27 56 31 44 -10 21 0 0.00 M M 3.0 13 260 M M 0 21 260
28 59 33 46 -9 19 0 0.00 M M 2.2 8 310 M M 1 14 360
29 67 41 54 -1 11 0 0.00 M M 2.9 8 70 M M 4 12 100
30 82 43 63 8 2 0 0.00 M M 8.3 25 190 M M 0 45 200
31 75 46 61 5 4 0 0.07 M M 8.6 22 190 M M 8 43 210
================================================================================
SM 2058 1259 347 1 3.30 M 115.7 M 101
================================================================================
AV 66.4 40.6 3.7 FASTST M M 3 MAX(MPH)
MISC ----> 25 190 45 200
================================================================================
NOTES:
# LAST OF SEVERAL OCCURRENCES
COLUMN 17 PEAK WIND IN M.P.H.
PRELIMINARY LOCAL CLIMATOLOGICAL DATA (WS FORM: F-6) , PAGE 2
STATION: OAK RIDGE
MONTH: MARCH
YEAR: 2022
LATITUDE: 36 1 N
LONGITUDE: 84 14 W
[TEMPERATURE DATA] [PRECIPITATION DATA] SYMBOLS USED IN COLUMN 16
AVERAGE MONTHLY: 53.5 TOTAL FOR MONTH: 3.30 1 = FOG OR MIST
DPTR FM NORMAL: 2.4 DPTR FM NORMAL: -1.82 2 = FOG REDUCING VISIBILITY
HIGHEST: 82 ON 30 GRTST 24HR 1.17 ON 8- 9 TO 1/4 MILE OR LESS
LOWEST: 18 ON 13 3 = THUNDER
SNOW, ICE PELLETS, HAIL 4 = ICE PELLETS
TOTAL MONTH: M 5 = HAIL
GRTST 24HR M ON M 6 = FREEZING RAIN OR DRIZZLE
GRTST DEPTH: M ON M 7 = DUSTSTORM OR SANDSTORM:
VSBY 1/2 MILE OR LESS
8 = SMOKE OR HAZE
[NO. OF DAYS WITH] [WEATHER - DAYS WITH] 9 = BLOWING SNOW
X = TORNADO
MAX 32 OR BELOW: 0 0.01 INCH OR MORE: 9
MAX 90 OR ABOVE: 0 0.10 INCH OR MORE: 6
MIN 32 OR BELOW: 5 0.50 INCH OR MORE: 4
MIN 0 OR BELOW: 0 1.00 INCH OR MORE: 0
[HDD (BASE 65) ]
TOTAL THIS MO. 347 CLEAR (SCALE 0-3) 16
DPTR FM NORMAL -90 PTCLDY (SCALE 4-7) 12
TOTAL FM JUL 1 2935 CLOUDY (SCALE 8-10) 3
DPTR FM NORMAL -309
[CDD (BASE 65) ]
TOTAL THIS MO. 1
DPTR FM NORMAL -5 [PRESSURE DATA]
TOTAL FM JAN 1 4 HIGHEST SLP 30.51 ON 13
DPTR FM NORMAL -3 LOWEST SLP 29.52 ON 31
[REMARKS]
#FINAL-03-22#