000
CXUS54 KMRX 012248
CF6OQT
PRELIMINARY LOCAL CLIMATOLOGICAL DATA (WS FORM: F-6)
STATION: OAK RIDGE
MONTH: AUGUST
YEAR: 2023
LATITUDE: 36 1 N
LONGITUDE: 84 14 W
TEMPERATURE IN F: :PCPN: SNOW: WIND :SUNSHINE: SKY :PK WND
================================================================================
1 2 3 4 5 6A 6B 7 8 9 10 11 12 13 14 15 16 17 18
12Z AVG MX 2MIN
DY MAX MIN AVG DEP HDD CDD WTR SNW DPTH SPD SPD DIR MIN PSBL S-S WX SPD DR
================================================================================
1 88 67 78 -1 0 13 0.00 M M 1.4 8 80 M M 0 14 80
2 85 66 76 -3 0 11 T M M 0.8 7 260 M M 4 12 250
3 80 73 77 -2 0 12 0.38 M M 0.8 6 280 M M 10 1 14 200
4 87 71 79 0 0 14 0.00 M M 0.9 6 290 M M 5 1 9 290
5 90 68 79 0 0 14 0.00 M M 1.3 8 260 M M 1 1 14 260
6 84 74 79 0 0 14 T M M 1.3 9 280 M M 5 15 180
7 85 71 78 -1 0 13 0.99 M M 2.3 15 260 M M 6 12 34 260
8 82 67 75 -4 0 10 0.00 M M 1.4 10 270 M M 3 18 260
9 84 65 75 -4 0 10 0.03 M M 1.5 7 260 M M 4 12 13 130
10 84 69 77 -2 0 12 1.54 M M 3.0 12 270 M M 6 18 20 250
11 86 66 76 -3 0 11 0.00 M M 0.6 7 140 M M 5 12 10 140
12 87 69 78 -1 0 13 0.61 M M 1.2 14 320 M M 6 1 25 320
13 88 69 79 1 0 14 0.01 M M 1.1 5 260 M M 5 1 M M
14 90 73 82 4 0 17 0.65 M M 1.6 9 240 M M 6 1 26 230
15 85 67 76 -2 0 11 0.23 M M 2.7 12 270 M M 4 1 19 300
16 84 62 73 -5 0 8 0.00 M M 1.4 9 80 M M 2 14 90
17 85 64 75 -3 0 10 0.00 M M 0.8 5 99 M M 4 M M
18 86 66 76 -2 0 11 0.00 M M 1.0 9 290 M M 2 16 280
19 86 61 74 -4 0 9 0.00 M M 1.2 6 80 M M 0 M M
20 89 64 77 -1 0 12 0.00 M M 0.6 7 140 M M 1 1 11 150
21 90 69 80 2 0 15 0.00 M M 0.5 6 100 M M 0 10 60
22 92 72 82 4 0 17 0.00 M M 1.5 9 80 M M 2 12 16 80
23 93 72 83 5 0 18 0.00 M M 1.2 8 80 M M 0 1 13 80
24 92 74 83 6 0 18 0.01 M M 0.9 6 80 M M 1 18 14 230
25 98 75 87 10 0 22 0.03 M M 1.3 7 360 M M 4 128 19 40
26 93 71 82 5 0 17 0.00 M M 1.2 7 90 M M 0 11 40
27 89 72 81 4 0 16 0.02 M M 0.6 8 340 M M 0 14 320
28 81 72 77 0 0 12 0.12 M M 0.9 7 280 M M 7 1 11 240
29 85 72 79 3 0 14 0.03 M M 0.9 9 280 M M 9 1 15 300
30 82 69 76 0 0 11 0.00 M M 2.0 10 70 M M 0 20 80
31 85 61 73 -3 0 8 0.00 M M 2.6 9 70 M M 0 8 16 80
================================================================================
SM 2695 2131 0 407 4.65 M 40.5 M 102
================================================================================
AV 86.9 68.7 1.3 FASTST M M 3 MAX(MPH)
MISC ----> 15 260 34 260
================================================================================
NOTES:
# LAST OF SEVERAL OCCURRENCES
COLUMN 17 PEAK WIND IN M.P.H.
PRELIMINARY LOCAL CLIMATOLOGICAL DATA (WS FORM: F-6) , PAGE 2
STATION: OAK RIDGE
MONTH: AUGUST
YEAR: 2023
LATITUDE: 36 1 N
LONGITUDE: 84 14 W
[TEMPERATURE DATA] [PRECIPITATION DATA] SYMBOLS USED IN COLUMN 16
AVERAGE MONTHLY: 77.8 TOTAL FOR MONTH: 4.65 1 = FOG OR MIST
DPTR FM NORMAL: -0.3 DPTR FM NORMAL: 1.19 2 = FOG REDUCING VISIBILITY
HIGHEST: 98 ON 25 GRTST 24HR 1.57 ON 9-10 TO 1/4 MILE OR LESS
LOWEST: 61 ON 31,19 3 = THUNDER
SNOW, ICE PELLETS, HAIL 4 = ICE PELLETS
TOTAL MONTH: M 5 = HAIL
GRTST 24HR M ON M 6 = FREEZING RAIN OR DRIZZLE
GRTST DEPTH: M ON M 7 = DUSTSTORM OR SANDSTORM:
VSBY 1/2 MILE OR LESS
8 = SMOKE OR HAZE
[NO. OF DAYS WITH] [WEATHER - DAYS WITH] 9 = BLOWING SNOW
X = TORNADO
MAX 32 OR BELOW: 0 0.01 INCH OR MORE: 13
MAX 90 OR ABOVE: 8 0.10 INCH OR MORE: 7
MIN 32 OR BELOW: 0 0.50 INCH OR MORE: 4
MIN 0 OR BELOW: 0 1.00 INCH OR MORE: 1
[HDD (BASE 65) ]
TOTAL THIS MO. 0 CLEAR (SCALE 0-3) 15
DPTR FM NORMAL 0 PTCLDY (SCALE 4-7) 14
TOTAL FM JUL 1 0 CLOUDY (SCALE 8-10) 2
DPTR FM NORMAL 0
[CDD (BASE 65) ]
TOTAL THIS MO. 407
DPTR FM NORMAL 2 [PRESSURE DATA]
TOTAL FM JAN 1 1236 HIGHEST SLP 30.19 ON 21
DPTR FM NORMAL -122 LOWEST SLP 29.73 ON 10
[REMARKS]
#FINAL-08-23#