000
CXUS51 KAKQ 010710
CF6ORF
PRELIMINARY LOCAL CLIMATOLOGICAL DATA (WS FORM: F-6)
STATION: NORFOLK VA
MONTH: MARCH
YEAR: 2022
LATITUDE: 36 54 N
LONGITUDE: 76 12 W
TEMPERATURE IN F: :PCPN: SNOW: WIND :SUNSHINE: SKY :PK WND
================================================================================
1 2 3 4 5 6A 6B 7 8 9 10 11 12 13 14 15 16 17 18
12Z AVG MX 2MIN
DY MAX MIN AVG DEP HDD CDD WTR SNW DPTH SPD SPD DIR MIN PSBL S-S WX SPD DR
================================================================================
1 64 35 50 3 15 0 0.00 0.0 0 6.0 18 210 M M 1 22 220
2 57 44 51 4 14 0 0.00 0.0 0 8.2 14 40 M M 0 17 220
3 65 44 55 8 10 0 0.00 0.0 0 11.0 23 20 M M 1 29 10
4 45 36 41 -7 24 0 0.00 0.0 0 10.6 25 20 M M 3 33 20
5 61 41 51 3 14 0 0.00 0.0 0 7.5 20 210 M M 8 25 210
6 80 61 71 23 0 6 0.00 0.0 0 18.5 32 220 M M 2 41 240
7 81 63 72 24 0 7 0.01 0.0 0 21.8 38 210 M M 4 47 230
8 64 44 54 6 11 0 0.08 0.0 0 10.9 22 10 M M 3 1 27 10
9 52 43 48 -1 17 0 1.06 0.0 0 10.7 30 30 M M 9 1 33 30
10 46 42 44 -5 21 0 0.12 0.0 0 11.2 21 360 M M 9 1 26 20
11 56 40 48 -1 17 0 0.43 0.0 0 7.0 15 150 M M 5 1 19 170
12 65 28 47 -3 18 0 0.87 T 0 13.6 29 350 M M 8 138 40 360
13 44 26 35 -15 30 0 0.00 0.0 0 11.9 25 220 M M 0 30 200
14 58 31 45 -5 20 0 0.00 0.0 0 6.9 16 220 M M 0 22 230
15 69 36 53 3 12 0 0.00 0.0 0 8.0 18 210 M M 0 23 200
16 69 47 58 8 7 0 0.00 0.0 0 5.8 14 130 M M 2 17 110
17 66 53 60 9 5 0 0.85 0.0 0 5.5 15 70 M M 10 123 21 70
18 75 55 65 14 0 0 0.00 0.0 0 6.9 22 150 M M 5 1 28 140
19 79 60 70 19 0 5 0.00 0.0 0 17.6 31 200 M M 2 42 200
20 68 52 60 8 5 0 0.00 0.0 0 8.7 16 330 M M 3 28 300
21 66 49 58 6 7 0 0.00 0.0 0 7.7 16 220 M M 0 23 320
22 73 48 61 9 4 0 0.00 0.0 0 8.5 16 230 M M 0 24 250
23 69 49 59 7 6 0 0.08 0.0 0 9.2 21 180 M M 5 1 30 180
24 70 64 67 14 0 2 0.32 0.0 0 14.4 23 200 M M 9 1 31 220
25 67 51 59 6 6 0 0.00 0.0 0 6.4 20 230 M M 6 24 220
26 58 45 52 -1 13 0 T 0.0 0 9.8 28 250 M M 4 37 300
27 53 38 46 -8 19 0 0.00 0.0 0 8.5 18 360 M M 3 28 270
28 52 34 43 -11 22 0 0.00 0.0 0 10.2 31 20 M M 1 40 10
29 47 30 39 -15 26 0 0.00 0.0 0 7.2 21 350 M M 0 30 350
30 62 38 50 -5 15 0 0.00 0.0 0 10.2 24 200 M M 7 32 190
31 73 60 67 12 0 2 0.67 0.0 0 20.1 33 200 M M 5 1 41 200
================================================================================
SM 1954 1387 358 22 4.49 T 320.5 M 115
================================================================================
AV 63.0 44.7 10.3 FASTST M M 4 MAX(MPH)
MISC ----> 38 210 47 230
================================================================================
NOTES:
# LAST OF SEVERAL OCCURRENCES
COLUMN 17 PEAK WIND IN M.P.H.
PRELIMINARY LOCAL CLIMATOLOGICAL DATA (WS FORM: F-6) , PAGE 2
STATION: NORFOLK VA
MONTH: MARCH
YEAR: 2022
LATITUDE: 36 54 N
LONGITUDE: 76 12 W
[TEMPERATURE DATA] [PRECIPITATION DATA] SYMBOLS USED IN COLUMN 16
AVERAGE MONTHLY: 53.9 TOTAL FOR MONTH: 4.49 1 = FOG OR MIST
DPTR FM NORMAL: 3.2 DPTR FM NORMAL: 0.80 2 = FOG REDUCING VISIBILITY
HIGHEST: 81 ON 7 GRTST 24HR 1.30 ON 11-12 TO 1/4 MILE OR LESS
LOWEST: 26 ON 13 3 = THUNDER
SNOW, ICE PELLETS, HAIL 4 = ICE PELLETS
TOTAL MONTH: T 5 = HAIL
GRTST 24HR T ON 12-12 6 = FREEZING RAIN OR DRIZZLE
GRTST DEPTH: 0 7 = DUSTSTORM OR SANDSTORM:
VSBY 1/2 MILE OR LESS
8 = SMOKE OR HAZE
[NO. OF DAYS WITH] [WEATHER - DAYS WITH] 9 = BLOWING SNOW
X = TORNADO
MAX 32 OR BELOW: 0 0.01 INCH OR MORE: 10
MAX 90 OR ABOVE: 0 0.10 INCH OR MORE: 7
MIN 32 OR BELOW: 4 0.50 INCH OR MORE: 4
MIN 0 OR BELOW: 0 1.00 INCH OR MORE: 1
[HDD (BASE 65) ]
TOTAL THIS MO. 358 CLEAR (SCALE 0-3) 15
DPTR FM NORMAL -95 PTCLDY (SCALE 4-7) 11
TOTAL FM JUL 1 2679 CLOUDY (SCALE 8-10) 5
DPTR FM NORMAL -134
[CDD (BASE 65) ]
TOTAL THIS MO. 22
DPTR FM NORMAL 13 [PRESSURE DATA]
TOTAL FM JAN 1 24 HIGHEST SLP M ON M
DPTR FM NORMAL 13 LOWEST SLP 29.25 ON 12
[REMARKS]
#FINAL-03-22#