575
CXUS51 KAKQ 010833
CF6ORF
PRELIMINARY LOCAL CLIMATOLOGICAL DATA (WS FORM: F-6)
STATION: NORFOLK VA
MONTH: OCTOBER
YEAR: 2020
LATITUDE: 36 54 N
LONGITUDE: 76 12 W
TEMPERATURE IN F: :PCPN: SNOW: WIND :SUNSHINE: SKY :PK WND
================================================================================
1 2 3 4 5 6A 6B 7 8 9 10 11 12 13 14 15 16 17 18
12Z AVG MX 2MIN
DY MAX MIN AVG DEP HDD CDD WTR SNW DPTH SPD SPD DIR MIN PSBL S-S WX SPD DR
================================================================================
1 82 56 69 2 0 4 0.00 0.0 0 6.4 12 40 M M 0 15 210
2 70 63 67 0 0 2 0.00 0.0 0 11.8 23 30 M M 4 31 10
3 69 62 66 0 0 1 0.00 0.0 0 10.8 21 30 M M 0 24 40
4 69 62 66 0 0 1 T 0.0 0 11.7 20 30 M M 6 25 40
5 71 56 64 -2 1 0 0.00 0.0 0 4.5 14 10 M M 1 18 360
6 77 52 65 0 0 0 0.00 0.0 0 4.4 13 220 M M 1 21 220
7 84 59 72 7 0 7 0.00 0.0 0 12.1 22 230 M M 0 27 230
8 74 65 70 5 0 5 0.00 0.0 0 5.9 10 10 M M 0 M M
9 73 57 65 1 0 0 0.00 0.0 M 5.8 12 30 M M 1 16 60
10 75 65 70 6 0 5 0.29 0.0 0 5.0 14 230 M M 8 1 18 240
11 74 68 71 7 0 6 0.40 0.0 0 5.2 15 100 M M 6 12 20 100
12 80 68 74 11 0 9 0.62 0.0 0 6.0 13 100 M M 9 1 20 120
13 71 63 67 4 0 2 0.00 0.0 0 4.7 12 350 M M 7 1 15 360
14 74 55 65 2 0 0 0.00 0.0 0 6.3 15 360 M M 0 21 350
15 82 53 68 6 0 3 T 0.0 0 9.6 20 190 M M 1 25 210
16 74 57 66 4 0 1 0.21 0.0 0 14.0 25 10 M M 10 1 33 10
17 63 49 56 -6 9 0 0.00 0.0 0 10.1 23 30 M M 2 30 30
18 72 50 61 0 4 0 0.00 0.0 0 6.3 16 90 M M 2 22 110
19 76 61 69 8 0 4 0.00 0.0 0 5.6 13 40 M M 5 18 17 70
20 72 66 69 8 0 4 0.00 0.0 0 3.4 9 80 M M 9 12 17 100
21 81 64 73 13 0 8 0.00 0.0 0 2.9 10 120 M M 3 12 18 110
22 78 61 70 10 0 5 0.00 0.0 0 2.6 10 90 M M 1 1 16 100
23 72 60 66 6 0 1 0.00 0.0 0 3.9 12 60 M M 5 12 19 70
24 84 59 72 13 0 7 T 0.0 0 6.5 16 30 M M 3 1 22 350
25 70 60 65 6 0 0 0.64 0.0 0 13.3 21 30 M M 10 1 24 30
26 66 62 64 5 1 0 0.13 0.0 0 6.8 18 350 M M 10 1 23 350
27 65 59 62 4 3 0 0.00 0.0 0 3.5 10 190 M M 10 12 13 180
28 77 61 69 11 0 4 0.00 0.0 0 8.5 16 220 M M 5 1 20 220
29 84 68 76 18 0 11 T 0.0 0 15.4 37 200 M M 5 47 200
30 77 54 66 8 0 1 0.29 0.0 0 14.6 24 360 M M 7 1 31 350
31 59 47 53 -4 12 0 0.00 0.0 0 9.2 22 30 M M 6 26 40
================================================================================
SM 2295 1842 30 91 2.58 0.0 236.8 M 137
================================================================================
AV 74.0 59.4 7.6 FASTST M M 4 MAX(MPH)
MISC ----> # 37 200 # 47 200
================================================================================
NOTES:
# LAST OF SEVERAL OCCURRENCES
COLUMN 17 PEAK WIND IN M.P.H.
PRELIMINARY LOCAL CLIMATOLOGICAL DATA (WS FORM: F-6) , PAGE 2
STATION: NORFOLK VA
MONTH: OCTOBER
YEAR: 2020
LATITUDE: 36 54 N
LONGITUDE: 76 12 W
[TEMPERATURE DATA] [PRECIPITATION DATA] SYMBOLS USED IN COLUMN 16
AVERAGE MONTHLY: 66.7 TOTAL FOR MONTH: 2.58 1 = FOG OR MIST
DPTR FM NORMAL: 4.6 DPTR FM NORMAL: -0.84 2 = FOG REDUCING VISIBILITY
HIGHEST: 84 ON 29,24 GRTST 24HR 0.64 ON 25-25 TO 1/4 MILE OR LESS
LOWEST: 47 ON 31 3 = THUNDER
SNOW, ICE PELLETS, HAIL 4 = ICE PELLETS
TOTAL MONTH: 0.0 INCH 5 = HAIL
GRTST 24HR 0.0 6 = FREEZING RAIN OR DRIZZLE
GRTST DEPTH: 0 7 = DUSTSTORM OR SANDSTORM:
VSBY 1/2 MILE OR LESS
8 = SMOKE OR HAZE
[NO. OF DAYS WITH] [WEATHER - DAYS WITH] 9 = BLOWING SNOW
X = TORNADO
MAX 32 OR BELOW: 0 0.01 INCH OR MORE: 7
MAX 90 OR ABOVE: 0 0.10 INCH OR MORE: 7
MIN 32 OR BELOW: 0 0.50 INCH OR MORE: 2
MIN 0 OR BELOW: 0 1.00 INCH OR MORE: 0
[HDD (BASE 65) ]
TOTAL THIS MO. 30 CLEAR (SCALE 0-3) 13
DPTR FM NORMAL -116 PTCLDY (SCALE 4-7) 11
TOTAL FM JUL 1 30 CLOUDY (SCALE 8-10) 7
DPTR FM NORMAL -127
[CDD (BASE 65) ]
TOTAL THIS MO. 91
DPTR FM NORMAL 36 [PRESSURE DATA]
TOTAL FM JAN 1 2082 HIGHEST SLP 30.50 ON 31
DPTR FM NORMAL 462 LOWEST SLP 29.40 ON 29
[REMARKS]
#FINAL-10-20#