000
CXUS51 KAKQ 010833
CF6ORF
PRELIMINARY LOCAL CLIMATOLOGICAL DATA (WS FORM: F-6)
STATION: NORFOLK VA
MONTH: SEPTEMBER
YEAR: 2020
LATITUDE: 36 54 N
LONGITUDE: 76 12 W
TEMPERATURE IN F: :PCPN: SNOW: WIND :SUNSHINE: SKY :PK WND
================================================================================
1 2 3 4 5 6A 6B 7 8 9 10 11 12 13 14 15 16 17 18
12Z AVG MX 2MIN
DY MAX MIN AVG DEP HDD CDD WTR SNW DPTH SPD SPD DIR MIN PSBL S-S WX SPD DR
================================================================================
1 85 78 82 6 0 17 T 0.0 0 8.2 15 60 M M 7 19 60
2 93 76 85 9 0 20 0.04 0.0 0 5.8 16 200 M M 5 3 22 310
3 96 81 89 13 0 24 0.00 0.0 0 8.3 20 210 M M 2 1 24 220
4 92 80 86 11 0 21 0.00 0.0 0 5.8 14 230 M M 1 18 120
5 82 73 78 3 0 13 0.00 0.0 0 12.7 24 10 M M 4 30 10
6 82 67 75 0 0 10 0.00 0.0 0 7.2 16 30 M M 0 21 90
7 82 65 74 -1 0 9 0.00 0.0 0 6.7 15 30 M M 2 19 30
8 85 76 81 6 0 16 0.00 0.0 0 11.0 17 70 M M 8 22 60
9 83 77 80 6 0 15 0.28 0.0 0 10.5 18 80 M M 9 1 26 70
10 84 76 80 6 0 15 0.25 0.0 0 4.6 13 140 M M 5 13 18 140
11 85 76 81 7 0 16 0.13 0.0 0 9.1 21 30 M M 9 18 26 80
12 79 73 76 2 0 11 T 0.0 0 14.4 24 60 M M 8 29 80
13 83 73 78 5 0 13 0.00 0.0 0 7.1 15 30 M M 7 17 30
14 82 72 77 4 0 12 0.00 0.0 0 11.3 23 30 M M 4 28 30
15 74 67 71 -2 0 6 0.00 0.0 0 12.5 23 30 M M 5 29 30
16 79 60 70 -2 0 5 0.00 0.0 0 4.3 12 100 M M 4 17 140
17 75 69 72 0 0 7 1.70 0.0 0 6.8 16 80 M M 9 1 21 70
18 77 70 74 2 0 9 3.60 0.0 0 18.6 33 40 M M 9 1 40 40
19 70 62 66 -6 0 1 0.00 0.0 0 19.6 26 20 M M 5 35 30
20 71 62 67 -4 0 2 0.00 0.0 0 20.6 29 30 M M 3 38 40
21 69 62 66 -5 0 1 0.00 0.0 0 20.0 29 30 M M 8 34 40
22 71 58 65 -5 0 0 0.00 0.0 0 8.8 21 20 M M 1 26 20
23 78 56 67 -3 0 2 0.00 0.0 0 4.5 10 250 M M 0 14 250
24 74 60 67 -3 0 2 T 0.0 0 5.5 10 210 M M 4 1 13 210
25 71 64 68 -1 0 3 0.02 0.0 0 3.5 10 120 M M 8 17 130
26 83 71 77 8 0 12 0.20 0.0 0 4.7 13 160 M M 8 1 19 150
27 79 68 74 5 0 9 0.00 0.0 0 2.1 8 40 M M 9 1 9 40
28 86 66 76 8 0 11 0.02 0.0 0 7.3 15 140 M M 2 21 140
29 84 63 74 6 0 9 1.32 0.0 0 9.4 26 190 M M 7 1 35 180
30 73 59 66 -2 0 1 0.07 0.0 0 7.2 15 230 M M 3 1 23 260
================================================================================
SM 2407 2060 0 292 7.63 0.0 278.1 M 156
================================================================================
AV 80.2 68.7 9.3 FASTST M M 5 MAX(MPH)
MISC ----> # 33 40 # 40 40
================================================================================
NOTES:
# LAST OF SEVERAL OCCURRENCES
COLUMN 17 PEAK WIND IN M.P.H.
PRELIMINARY LOCAL CLIMATOLOGICAL DATA (WS FORM: F-6) , PAGE 2
STATION: NORFOLK VA
MONTH: SEPTEMBER
YEAR: 2020
LATITUDE: 36 54 N
LONGITUDE: 76 12 W
[TEMPERATURE DATA] [PRECIPITATION DATA] SYMBOLS USED IN COLUMN 16
AVERAGE MONTHLY: 74.5 TOTAL FOR MONTH: 7.63 1 = FOG OR MIST
DPTR FM NORMAL: 2.1 DPTR FM NORMAL: 2.87 2 = FOG REDUCING VISIBILITY
HIGHEST: 96 ON 3 GRTST 24HR 3.60 ON 18-18 TO 1/4 MILE OR LESS
LOWEST: 56 ON 23 3 = THUNDER
SNOW, ICE PELLETS, HAIL 4 = ICE PELLETS
TOTAL MONTH: 0.0 INCH 5 = HAIL
GRTST 24HR 0.0 6 = FREEZING RAIN OR DRIZZLE
GRTST DEPTH: 0 7 = DUSTSTORM OR SANDSTORM:
VSBY 1/2 MILE OR LESS
8 = SMOKE OR HAZE
[NO. OF DAYS WITH] [WEATHER - DAYS WITH] 9 = BLOWING SNOW
X = TORNADO
MAX 32 OR BELOW: 0 0.01 INCH OR MORE: 11
MAX 90 OR ABOVE: 3 0.10 INCH OR MORE: 7
MIN 32 OR BELOW: 0 0.50 INCH OR MORE: 3
MIN 0 OR BELOW: 0 1.00 INCH OR MORE: 3
[HDD (BASE 65) ]
TOTAL THIS MO. 0 CLEAR (SCALE 0-3) 8
DPTR FM NORMAL -11 PTCLDY (SCALE 4-7) 14
TOTAL FM JUL 1 0 CLOUDY (SCALE 8-10) 8
DPTR FM NORMAL -11
[CDD (BASE 65) ]
TOTAL THIS MO. 292
DPTR FM NORMAL 62 [PRESSURE DATA]
TOTAL FM JAN 1 1991 HIGHEST SLP 30.45 ON 21
DPTR FM NORMAL 426 LOWEST SLP 29.62 ON 29
[REMARKS]
#FINAL-09-20#