000
CXUS51 KAKQ 010810
CF6ORF
PRELIMINARY LOCAL CLIMATOLOGICAL DATA (WS FORM: F-6)
STATION: NORFOLK VA
MONTH: NOVEMBER
YEAR: 2023
LATITUDE: 36 54 N
LONGITUDE: 76 12 W
TEMPERATURE IN F: :PCPN: SNOW: WIND :SUNSHINE: SKY :PK WND
================================================================================
1 2 3 4 5 6A 6B 7 8 9 10 11 12 13 14 15 16 17 18
12Z AVG MX 2MIN
DY MAX MIN AVG DEP HDD CDD WTR SNW DPTH SPD SPD DIR MIN PSBL S-S WX SPD DR
================================================================================
1 52 45 49 -9 16 0 0.00 0.0 0 11.1 22 360 M M 4 36 360
2 53 39 46 -11 19 0 0.00 0.0 0 6.9 18 30 M M 1 25 350
3 59 36 48 -9 17 0 0.00 0.0 0 3.2 10 40 M M 0 18 80
4 65 44 55 -2 10 0 0.00 0.0 0 2.7 12 360 M M 0 12 14 360
5 68 43 56 0 9 0 0.00 0.0 0 1.7 10 360 M M 1 12 14 360
6 67 47 57 1 8 0 0.00 0.0 0 5.6 12 30 M M 0 1 17 170
7 78 51 65 9 0 0 0.00 0.0 0 9.9 18 220 M M 0 23 230
8 65 53 59 4 6 0 0.00 0.0 0 5.9 13 60 M M 0 17 70
9 81 56 69 14 0 4 0.00 0.0 0 9.4 18 220 M M 0 23 220
10 65 51 58 3 7 0 T 0.0 0 14.0 25 20 M M 7 34 10
11 58 48 53 -1 12 0 0.00 0.0 0 8.4 15 40 M M 1 20 40
12 59 49 54 0 11 0 0.00 0.0 0 13.9 21 40 M M 5 27 30
13 56 40 48 -6 17 0 0.00 0.0 0 7.6 17 30 M M 0 24 30
14 59 39 49 -5 16 0 0.00 0.0 0 6.8 22 360 M M 0 30 360
15 60 41 51 -2 14 0 0.00 0.0 0 2.8 9 40 M M 0 12 20
16 69 43 56 3 9 0 0.00 0.0 0 2.7 10 170 M M 0 1 13 170
17 76 48 62 9 3 0 T 0.0 0 4.3 17 170 M M 2 1 25 190
18 65 53 59 7 6 0 0.00 0.0 0 9.8 21 360 M M 2 12 30 10
19 58 41 50 -2 15 0 0.00 0.0 0 6.7 17 30 M M 0 23 20
20 58 36 47 -5 18 0 T 0.0 0 9.6 18 40 M M 1 25 40
21 65 53 59 7 6 0 0.15 0.0 0 14.7 24 170 M M 10 1 37 160
22 67 52 60 9 5 0 1.61 0.0 0 7.1 26 230 M M 10 1 40 190
23 57 42 50 -1 15 0 0.00 0.0 0 7.5 23 360 M M 0 35 360
24 56 40 48 -3 17 0 0.00 0.0 0 8.6 21 30 M M 0 27 40
25 51 40 46 -4 19 0 0.00 0.0 0 16.9 26 30 M M 3 37 40
26 54 47 51 1 14 0 0.66 0.0 0 10.7 18 350 M M 10 1 27 350
27 57 44 51 1 14 0 0.01 0.0 0 8.0 18 220 M M 4 22 220
28 48 32 40 -10 25 0 0.00 0.0 0 8.8 16 330 M M 1 28 350
29 42 30 36 -14 29 0 0.00 0.0 0 7.8 17 360 M M 0 25 360
30 57 29 43 -6 22 0 0.00 0.0 0 5.8 12 210 M M 0 15 160
================================================================================
SM 1825 1312 379 4 2.43 0.0 238.9 M 62
================================================================================
AV 60.8 43.7 8.0 FASTST M M 2 MAX(MPH)
MISC ----> # 26 230 40 190
================================================================================
NOTES:
# LAST OF SEVERAL OCCURRENCES
COLUMN 17 PEAK WIND IN M.P.H.
PRELIMINARY LOCAL CLIMATOLOGICAL DATA (WS FORM: F-6) , PAGE 2
STATION: NORFOLK VA
MONTH: NOVEMBER
YEAR: 2023
LATITUDE: 36 54 N
LONGITUDE: 76 12 W
[TEMPERATURE DATA] [PRECIPITATION DATA] SYMBOLS USED IN COLUMN 16
AVERAGE MONTHLY: 52.3 TOTAL FOR MONTH: 2.43 1 = FOG OR MIST
DPTR FM NORMAL: -1.0 DPTR FM NORMAL: -0.67 2 = FOG REDUCING VISIBILITY
HIGHEST: 81 ON 9 GRTST 24HR 1.75 ON 21-22 TO 1/4 MILE OR LESS
LOWEST: 29 ON 30 3 = THUNDER
SNOW, ICE PELLETS, HAIL 4 = ICE PELLETS
TOTAL MONTH: 0.0 INCH 5 = HAIL
GRTST 24HR 0.0 6 = FREEZING RAIN OR DRIZZLE
GRTST DEPTH: 0 7 = DUSTSTORM OR SANDSTORM:
VSBY 1/2 MILE OR LESS
8 = SMOKE OR HAZE
[NO. OF DAYS WITH] [WEATHER - DAYS WITH] 9 = BLOWING SNOW
X = TORNADO
MAX 32 OR BELOW: 0 0.01 INCH OR MORE: 4
MAX 90 OR ABOVE: 0 0.10 INCH OR MORE: 3
MIN 32 OR BELOW: 3 0.50 INCH OR MORE: 2
MIN 0 OR BELOW: 0 1.00 INCH OR MORE: 1
[HDD (BASE 65) ]
TOTAL THIS MO. 379 CLEAR (SCALE 0-3) 22
DPTR FM NORMAL 17 PTCLDY (SCALE 4-7) 5
TOTAL FM JUL 1 471 CLOUDY (SCALE 8-10) 3
DPTR FM NORMAL -13
[CDD (BASE 65) ]
TOTAL THIS MO. 4
DPTR FM NORMAL -6 [PRESSURE DATA]
TOTAL FM JAN 1 1747 HIGHEST SLP 30.52 ON 2
DPTR FM NORMAL -123 LOWEST SLP 29.65 ON 22
[REMARKS]
#FINAL-11-23#