000
CXUS51 KAKQ 010710
CF6ORF
PRELIMINARY LOCAL CLIMATOLOGICAL DATA (WS FORM: F-6)
STATION: NORFOLK VA
MONTH: SEPTEMBER
YEAR: 2023
LATITUDE: 36 54 N
LONGITUDE: 76 12 W
TEMPERATURE IN F: :PCPN: SNOW: WIND :SUNSHINE: SKY :PK WND
================================================================================
1 2 3 4 5 6A 6B 7 8 9 10 11 12 13 14 15 16 17 18
12Z AVG MX 2MIN
DY MAX MIN AVG DEP HDD CDD WTR SNW DPTH SPD SPD DIR MIN PSBL S-S WX SPD DR
================================================================================
1 77 65 71 -6 0 6 0.00 0.0 0 12.2 22 40 M M 1 27 20
2 79 60 70 -7 0 5 0.00 0.0 0 4.1 12 40 M M 0 15 30
3 89 62 76 -1 0 11 0.00 0.0 0 6.4 12 210 M M 0 14 210
4 92 73 83 6 0 18 0.00 0.0 0 5.3 12 360 M M 0 14 240
5 87 75 81 4 0 16 0.00 0.0 0 4.5 15 350 M M 0 18 20
6 93 76 85 9 0 20 0.00 0.0 0 5.5 9 190 M M 0 8 15 140
7 96 78 87 11 0 22 0.00 0.0 0 9.0 16 200 M M 1 18 23 200
8 93 75 84 8 0 19 0.00 0.0 0 9.5 17 210 M M 2 3 28 140
9 87 71 79 3 0 14 0.28 0.0 0 4.3 16 170 M M 2 13 22 160
10 85 75 80 4 0 15 T 0.0 0 4.4 14 40 M M 3 13 18 40
11 87 74 81 6 0 16 0.00 0.0 0 3.5 12 30 M M 2 3 15 80
12 88 73 81 6 0 16 0.00 0.0 0 6.2 17 220 M M 1 23 230
13 84 71 78 3 0 13 0.01 0.0 0 4.5 16 230 M M 1 22 240
14 83 73 78 3 0 13 0.00 0.0 0 14.7 24 20 M M 2 8 31 30
15 76 68 72 -2 0 7 0.00 0.0 0 14.4 26 30 M M 3 34 20
16 81 63 72 -2 0 7 0.00 0.0 0 4.7 12 270 M M 0 18 300
17 84 63 74 0 0 9 T 0.0 0 8.8 18 200 M M 3 23 200
18 79 68 74 0 0 9 0.05 0.0 0 4.4 10 340 M M 7 19 280
19 80 66 73 0 0 8 0.00 0.0 0 4.9 13 360 M M 1 19 360
20 83 63 73 0 0 8 0.00 0.0 0 4.4 13 130 M M 5 17 130
21 80 64 72 -1 0 7 0.00 0.0 0 6.7 16 60 M M 1 20 60
22 76 67 72 0 0 7 1.77 0.0 0 24.5 45 30 M M 9 55 30
23 77 64 71 -1 0 6 0.74 0.0 0 15.3 30 40 M M 10 1 40 40
24 75 62 69 -3 0 4 0.00 0.0 0 8.7 20 210 M M 10 26 220
25 75 69 72 1 0 7 0.00 0.0 0 7.2 13 30 M M 9 16 30
26 70 65 68 -3 0 3 0.01 0.0 0 12.5 23 30 M M 10 1 27 30
27 67 64 66 -5 0 1 T 0.0 0 17.3 23 30 M M 10 29 30
28 68 64 66 -4 0 1 T 0.0 0 14.1 21 360 M M 10 1 27 350
29 67 64 66 -4 0 1 0.01 0.0 0 11.0 18 350 M M 10 1 24 350
30 69 64 67 -3 0 2 0.02 0.0 0 11.6 20 20 M M 9 1 33 230
================================================================================
SM 2427 2039 0 291 2.89 0.0 264.6 M 122
================================================================================
AV 80.9 68.0 8.8 FASTST M M 4 MAX(MPH)
MISC ----> 45 30 55 30
================================================================================
NOTES:
# LAST OF SEVERAL OCCURRENCES
COLUMN 17 PEAK WIND IN M.P.H.
PRELIMINARY LOCAL CLIMATOLOGICAL DATA (WS FORM: F-6) , PAGE 2
STATION: NORFOLK VA
MONTH: SEPTEMBER
YEAR: 2023
LATITUDE: 36 54 N
LONGITUDE: 76 12 W
[TEMPERATURE DATA] [PRECIPITATION DATA] SYMBOLS USED IN COLUMN 16
AVERAGE MONTHLY: 74.4 TOTAL FOR MONTH: 2.89 1 = FOG OR MIST
DPTR FM NORMAL: 0.4 DPTR FM NORMAL: -2.51 2 = FOG REDUCING VISIBILITY
HIGHEST: 96 ON 7 GRTST 24HR 2.51 ON 22-23 TO 1/4 MILE OR LESS
LOWEST: 60 ON 2 3 = THUNDER
SNOW, ICE PELLETS, HAIL 4 = ICE PELLETS
TOTAL MONTH: 0.0 INCH 5 = HAIL
GRTST 24HR 0.0 6 = FREEZING RAIN OR DRIZZLE
GRTST DEPTH: 0 7 = DUSTSTORM OR SANDSTORM:
VSBY 1/2 MILE OR LESS
8 = SMOKE OR HAZE
[NO. OF DAYS WITH] [WEATHER - DAYS WITH] 9 = BLOWING SNOW
X = TORNADO
MAX 32 OR BELOW: 0 0.01 INCH OR MORE: 8
MAX 90 OR ABOVE: 4 0.10 INCH OR MORE: 3
MIN 32 OR BELOW: 0 0.50 INCH OR MORE: 2
MIN 0 OR BELOW: 0 1.00 INCH OR MORE: 1
[HDD (BASE 65) ]
TOTAL THIS MO. 0 CLEAR (SCALE 0-3) 17
DPTR FM NORMAL -5 PTCLDY (SCALE 4-7) 4
TOTAL FM JUL 1 0 CLOUDY (SCALE 8-10) 9
DPTR FM NORMAL -3
[CDD (BASE 65) ]
TOTAL THIS MO. 291
DPTR FM NORMAL 16 [PRESSURE DATA]
TOTAL FM JAN 1 1681 HIGHEST SLP M ON M
DPTR FM NORMAL -104 LOWEST SLP 29.59 ON 23
[REMARKS]
#FINAL-09-23#