800
CXUS53 KGRB 010708
CF6OSH
PRELIMINARY LOCAL CLIMATOLOGICAL DATA (WS FORM: F-6)
STATION: OSHKOSH WI
MONTH: SEPTEMBER
YEAR: 2020
LATITUDE: 44 0 N
LONGITUDE: 88 34 W
TEMPERATURE IN F: :PCPN: SNOW: WIND :SUNSHINE: SKY :PK WND
================================================================================
1 2 3 4 5 6A 6B 7 8 9 10 11 12 13 14 15 16 17 18
12Z AVG MX 2MIN
DY MAX MIN AVG DEP HDD CDD WTR SNW DPTH SPD SPD DIR MIN PSBL S-S WX SPD DR
================================================================================
1 73 50 62 -5 3 0 0.02 0.0 0 4.4 13 180 M M 5 16 200
2 78 57 68 2 0 3 0.00 0.0 0 7.2 20 290 M M 1 29 260
3 74 54 64 -2 1 0 0.00 0.0 0 10.8 28 290 M M 1 38 300
4 74 51 63 -3 2 0 T 0.0 0 6.7 22 290 M M 1 32 290
5 75 51 63 -2 2 0 T 0.0 0 4.5 18 330 M M 4 29 330
6 77 52 65 0 0 0 0.00 0.0 0 11.6 22 190 M M 4 30 180
7 69 53 61 -4 4 0 T 0.0 0 9.2 18 30 M M 1 31 300
8 59 50 55 -9 10 0 0.57 0.0 0 13.8 21 10 M M 10 1 27 40
9 53 47 50 -14 15 0 0.42 0.0 0 12.7 20 30 M M 10 18 26 40
10 58 46 52 -12 13 0 T 0.0 0 7.4 14 360 M M 9 18 360
11 62 51 57 -6 8 0 0.12 0.0 0 7.4 14 120 M M 8 20 80
12 70 58 64 1 1 0 0.24 0.0 0 7.9 17 190 M M 9 18 22 180
13 71 57 64 2 1 0 0.00 0.0 0 7.4 16 300 M M 4 24 290
14 66 53 60 -2 5 0 0.00 0.0 0 7.8 13 120 M M 6 18 120
15 77 54 66 5 0 1 0.00 0.0 0 12.3 21 210 M M 0 1 33 200
16 74 57 66 5 0 1 0.00 0.0 0 9.7 16 210 M M 4 25 210
17 66 50 58 -3 7 0 0.00 0.0 0 6.1 13 60 M M 4 17 100
18 59 41 50 -10 15 0 0.00 0.0 0 6.6 17 30 M M 3 24 30
19 65 38 52 -8 13 0 0.00 0.0 0 6.2 14 180 M M 0 20 210
20 70 43 57 -2 8 0 0.00 0.0 0 8.8 18 150 M M 0 27 140
21 73 47 60 1 5 0 0.01 0.0 0 8.6 18 180 M M 0 3 30 200
22 79 58 69 11 0 4 T 0.0 0 4.9 10 220 M M 1 15 210
23 81 56 69 11 0 4 0.00 0.0 0 3.6 13 220 M M 0 19 240
24 76 57 67 10 0 2 0.08 0.0 0 4.7 15 200 M M 5 1 22 200
25 78 58 68 11 0 3 0.00 0.0 0 12.0 24 180 M M 1 34 170
26 76 64 70 14 0 5 T 0.0 0 10.7 20 210 M M 2 33 210
27 74 54 64 8 1 0 0.12 0.0 0 8.3 14 210 M M 3 29 220
28 61 49 55 -1 10 0 0.34 0.0 0 6.5 16 330 M M 9 1 22 300
29 56 44 50 -5 15 0 T 0.0 0 6.5 13 260 M M 7 1 19 240
30 59 46 53 -2 12 0 0.11 0.0 0 9.2 25 300 M M 4 13 35 310
================================================================================
SM 2083 1546 151 23 2.03 0.0 243.5 M 116
================================================================================
AV 69.4 51.5 8.1 FASTST M M 4 MAX(MPH)
MISC ----> 28 290 38 300
================================================================================
NOTES:
# LAST OF SEVERAL OCCURRENCES
COLUMN 17 PEAK WIND IN M.P.H.
PRELIMINARY LOCAL CLIMATOLOGICAL DATA (WS FORM: F-6) , PAGE 2
STATION: OSHKOSH WI
MONTH: SEPTEMBER
YEAR: 2020
LATITUDE: 44 0 N
LONGITUDE: 88 34 W
[TEMPERATURE DATA] [PRECIPITATION DATA] SYMBOLS USED IN COLUMN 16
AVERAGE MONTHLY: 60.5 TOTAL FOR MONTH: 2.03 1 = FOG OR MIST
DPTR FM NORMAL: -0.5 DPTR FM NORMAL: -1.40 2 = FOG REDUCING VISIBILITY
HIGHEST: 81 ON 23 GRTST 24HR 0.66 ON 8- 9 TO 1/4 MILE OR LESS
LOWEST: 38 ON 19 3 = THUNDER
SNOW, ICE PELLETS, HAIL 4 = ICE PELLETS
TOTAL MONTH: 0.0 INCH 5 = HAIL
GRTST 24HR 0.0 6 = FREEZING RAIN OR DRIZZLE
GRTST DEPTH: 0 7 = DUSTSTORM OR SANDSTORM:
VSBY 1/2 MILE OR LESS
8 = SMOKE OR HAZE
[NO. OF DAYS WITH] [WEATHER - DAYS WITH] 9 = BLOWING SNOW
X = TORNADO
MAX 32 OR BELOW: 0 0.01 INCH OR MORE: 10
MAX 90 OR ABOVE: 0 0.10 INCH OR MORE: 7
MIN 32 OR BELOW: 0 0.50 INCH OR MORE: 1
MIN 0 OR BELOW: 0 1.00 INCH OR MORE: 0
[HDD (BASE 65) ]
TOTAL THIS MO. 151 CLEAR (SCALE 0-3) 14
DPTR FM NORMAL -12 PTCLDY (SCALE 4-7) 10
TOTAL FM JUL 1 161 CLOUDY (SCALE 8-10) 6
DPTR FM NORMAL -34
[CDD (BASE 65) ]
TOTAL THIS MO. 23
DPTR FM NORMAL -21 [PRESSURE DATA]
TOTAL FM JAN 1 681 HIGHEST SLP M ON M
DPTR FM NORMAL 145 LOWEST SLP 29.44 ON 26
[REMARKS]
#FINAL-09-20#