000
CXUS56 KMFR 010930
CF6OTH
PRELIMINARY LOCAL CLIMATOLOGICAL DATA (WS FORM: F-6)
STATION: NORTH BEND OR
MONTH: OCTOBER
YEAR: 2022
LATITUDE: 43 25 N
LONGITUDE: 124 15 W
TEMPERATURE IN F: :PCPN: SNOW: WIND :SUNSHINE: SKY :PK WND
================================================================================
1 2 3 4 5 6A 6B 7 8 9 10 11 12 13 14 15 16 17 18
12Z AVG MX 2MIN
DY MAX MIN AVG DEP HDD CDD WTR SNW DPTH SPD SPD DIR MIN PSBL S-S WX SPD DR
================================================================================
1 87 53 70 13 0 5 0.00 M M 6.7 21 260 M M 1 1 24 90
2 60 54 57 0 8 0 0.00 M M 3.5 10 250 M M 10 1 13 240
3 59 55 57 0 8 0 T M M 3.8 10 280 M M 10 1 12 280
4 60 55 58 1 7 0 T M M 3.1 9 290 M M 10 10 310
5 65 54 60 4 5 0 T M M 9.0 22 340 M M 8 1 25 340
6 58 52 55 -1 10 0 T M M 5.7 12 350 M M 10 12 14 350
7 59 54 57 1 8 0 T M M 8.9 18 360 M M 10 1 22 350
8 59 51 55 -1 10 0 T M M 7.5 17 350 M M 10 12 21 340
9 58 50 54 -2 11 0 T M M 5.2 14 10 M M 9 12 16 360
10 61 51 56 0 9 0 T M M 9.6 26 350 M M 10 12 30 350
11 63 48 56 0 9 0 T M M 10.4 25 360 M M 4 1 31 350
12 67 45 56 0 9 0 0.00 M M 3.5 14 270 M M 0 18 16 270
13 66 45 56 1 9 0 T M M 4.9 13 350 M M 5 12 16 360
14 67 45 56 1 9 0 T M M 5.0 24 340 M M 5 12 28 340
15 60 46 53 -2 12 0 T M M 4.8 13 290 M M 6 12 14 280
16 71 54 63 8 2 0 0.00 M M 7.1 20 250 M M 8 26 240
17 70 51 61 6 4 0 0.00 M M 5.8 12 280 M M 3 13 280
18 67 47 57 2 8 0 0.00 M M 6.9 17 350 M M 0 18 M M
19 63 50 57 3 8 0 T M M 8.5 18 350 M M 8 128 22 350
20 65 48 57 3 8 0 T M M 8.7 24 350 M M 7 128 29 350
21 61 49 55 1 10 0 0.07 M M 7.5 18 290 M M 10 128 23 240
22 58 45 52 -2 13 0 0.26 M M 6.0 17 300 M M 7 1 26 300
23 58 43 51 -3 14 0 0.04 M M 6.3 9 150 M M 4 1 M M
24 57 48 53 -1 12 0 0.15 M M 9.3 20 240 M M 10 12 31 230
25 61 47 54 0 11 0 0.18 M M 8.6 18 240 M M 7 12 27 240
26 59 45 52 -1 13 0 0.04 M M 6.1 10 30 M M 5 1 M M
27 65 40 53 0 12 0 0.00 M M 5.9 9 140 M M 1 M M
28 63 48 56 3 9 0 0.03 M M 7.3 10 160 M M 8 18 M M
29 63 53 58 5 7 0 0.04 M M 5.1 12 330 M M 10 18 M M
30 63 48 56 3 9 0 0.01 M M 3.6 9 130 M M 4 1 M M
31 60 49 55 2 10 0 0.71 M M 7.7 13 320 M M 10 1 M M
================================================================================
SM 1953 1523 274 5 1.53 M 202.1 M 210
================================================================================
AV 63.0 49.1 6.5 FASTST M M 7 MAX(MPH)
MISC ----> 26 350 31 230
================================================================================
NOTES:
# LAST OF SEVERAL OCCURRENCES
COLUMN 17 PEAK WIND IN M.P.H.
PRELIMINARY LOCAL CLIMATOLOGICAL DATA (WS FORM: F-6) , PAGE 2
STATION: NORTH BEND OR
MONTH: OCTOBER
YEAR: 2022
LATITUDE: 43 25 N
LONGITUDE: 124 15 W
[TEMPERATURE DATA] [PRECIPITATION DATA] SYMBOLS USED IN COLUMN 16
AVERAGE MONTHLY: 56.1 TOTAL FOR MONTH: 1.53 1 = FOG OR MIST
DPTR FM NORMAL: 1.2 DPTR FM NORMAL: -2.71 2 = FOG REDUCING VISIBILITY
HIGHEST: 87 ON 1 GRTST 24HR 0.71 ON 31-31 TO 1/4 MILE OR LESS
LOWEST: 40 ON 27 3 = THUNDER
SNOW, ICE PELLETS, HAIL 4 = ICE PELLETS
TOTAL MONTH: M 5 = HAIL
GRTST 24HR M ON M 6 = FREEZING RAIN OR DRIZZLE
GRTST DEPTH: M ON M 7 = DUSTSTORM OR SANDSTORM:
VSBY 1/2 MILE OR LESS
8 = SMOKE OR HAZE
[NO. OF DAYS WITH] [WEATHER - DAYS WITH] 9 = BLOWING SNOW
X = TORNADO
MAX 32 OR BELOW: 0 0.01 INCH OR MORE: 10
MAX 90 OR ABOVE: 0 0.10 INCH OR MORE: 4
MIN 32 OR BELOW: 0 0.50 INCH OR MORE: 1
MIN 0 OR BELOW: 0 1.00 INCH OR MORE: 0
[HDD (BASE 65) ]
TOTAL THIS MO. 274 CLEAR (SCALE 0-3) 4
DPTR FM NORMAL -40 PTCLDY (SCALE 4-7) 13
TOTAL FM JUL 1 623 CLOUDY (SCALE 8-10) 14
DPTR FM NORMAL -177
[CDD (BASE 65) ]
TOTAL THIS MO. 5
DPTR FM NORMAL 4 [PRESSURE DATA]
TOTAL FM JAN 1 14 HIGHEST SLP 30.34 ON 25
DPTR FM NORMAL 7 LOWEST SLP 29.78 ON 1
[REMARKS]
#FINAL-10-22#