969
CXUS53 KDMX 040040
CF6OTM
PRELIMINARY LOCAL CLIMATOLOGICAL DATA (WS FORM: F-6)
STATION: OTTUMWA IA
MONTH: OCTOBER
YEAR: 2020
LATITUDE: 41 6 N
LONGITUDE: 92 27 W
TEMPERATURE IN F: :PCPN: SNOW: WIND :SUNSHINE: SKY :PK WND
================================================================================
1 2 3 4 5 6A 6B 7 8 9 10 11 12 13 14 15 16 17 18
12Z AVG MX 2MIN
DY MAX MIN AVG DEP HDD CDD WTR SNW DPTH SPD SPD DIR MIN PSBL S-S WX SPD DR
================================================================================
1 58 37 48 -10 17 0 T 0.0 0 11.6 26 330 M M 4 35 320
2 56 34 45 -12 20 0 0.00 0.0 0 4.9 12 320 M M 0 18 290
3 48 41 45 -12 20 0 0.22 0.0 0 5.2 10 60 M M 9 1 14 50
4 58 34 46 -11 19 0 0.00 0.0 0 5.7 12 360 M M 1 17 350
5 68 39 54 -2 11 0 0.00 0.0 0 13.1 25 180 M M 0 36 160
6 79 48 64 8 1 0 0.00 0.0 0 8.6 16 290 M M 0 22 290
7 81 55 68 12 0 3 0.00 0.0 0 6.2 14 240 M M 0 21 240
8 74 49 62 7 3 0 0.00 0.0 0 9.5 15 90 M M 0 8 20 100
9 83 57 70 15 0 5 0.00 0.0 0 12.3 23 200 M M 0 8 32 170
10 81 58 70 16 0 5 0.00 0.0 0 7.2 13 200 M M 0 1 16 210
11 80 53 67 13 0 2 0.00 0.0 0 12.9 22 150 M M 1 36 150
12 71 43 57 3 8 0 T 0.0 0 14.5 28 300 M M 3 39 310
13 71 43 57 4 8 0 0.00 0.0 0 9.8 21 250 M M 0 27 250
14 78 45 62 9 3 0 0.00 0.0 0 16.6 31 330 M M 2 44 320
15 54 29 42 -11 23 0 0.00 0.0 0 13.2 29 320 M M 0 38 340
16 56 29 43 -9 22 0 T 0.0 0 10.6 29 300 M M 3 44 250
17 69 46 58 6 7 0 T 0.0 0 14.4 28 180 M M 6 39 180
18 48 35 42 -10 23 0 0.08 T 0 11.2 28 340 M M 6 1 35 340
19 37 33 35 -16 30 0 T 0.0 0 9.0 15 60 M M 10 1 19 70
20 45 32 39 -12 26 0 0.01 0.0 0 8.6 15 130 M M 10 1 20 100
21 53 32 43 -8 22 0 0.88 0.0 0 7.7 16 90 M M 7 123 20 90
22 79 40 60 10 5 0 0.32 0.0 0 14.4 28 310 M M 8 123 35 310
23 42 36 39 -11 26 0 0.57 0.0 0 17.2 28 330 M M 10 13 36 330
24 39 31 35 -15 30 0 0.00 0.0 0 7.5 13 350 M M 9 16 130
25 38 31 35 -14 30 0 0.00 0.0 0 11.3 18 350 M M 10 26 360
26 33 27 30 -19 35 0 0.03 0.4 T 11.7 22 350 M M 10 1 28 350
27 35 25 30 -18 35 0 0.00 0.0 0 5.9 10 340 M M 7 14 10
28 53 25 39 -9 26 0 0.00 0.0 0 7.0 15 210 M M 0 8 20 210
29 44 29 37 -11 28 0 0.00 0.0 0 12.9 22 350 M M 5 29 360
30 50 24 37 -10 28 0 0.00 0.0 0 6.1 13 120 M M 2 16 100
31 68 33 51 4 14 0 0.00 0.0 0 16.9 29 200 M M 0 40 210
================================================================================
SM 1829 1173 520 15 2.11 0.4 323.7 M 123
================================================================================
AV 59.0 37.8 10.4 FASTST M M 4 MAX(MPH)
MISC ----> 31 330 # 44 250
================================================================================
NOTES:
# LAST OF SEVERAL OCCURRENCES
COLUMN 17 PEAK WIND IN M.P.H.
PRELIMINARY LOCAL CLIMATOLOGICAL DATA (WS FORM: F-6) , PAGE 2
STATION: OTTUMWA IA
MONTH: OCTOBER
YEAR: 2020
LATITUDE: 41 6 N
LONGITUDE: 92 27 W
[TEMPERATURE DATA] [PRECIPITATION DATA] SYMBOLS USED IN COLUMN 16
AVERAGE MONTHLY: 48.4 TOTAL FOR MONTH: 2.11 1 = FOG OR MIST
DPTR FM NORMAL: -4.0 DPTR FM NORMAL: -0.72 2 = FOG REDUCING VISIBILITY
HIGHEST: 83 ON 9 GRTST 24HR 1.06 ON 21-22 TO 1/4 MILE OR LESS
LOWEST: 24 ON 30 3 = THUNDER
SNOW, ICE PELLETS, HAIL 4 = ICE PELLETS
TOTAL MONTH: 0.4 INCH 5 = HAIL
GRTST 24HR 0.4 ON 26-26 6 = FREEZING RAIN OR DRIZZLE
GRTST DEPTH: T 7 = DUSTSTORM OR SANDSTORM:
VSBY 1/2 MILE OR LESS
8 = SMOKE OR HAZE
[NO. OF DAYS WITH] [WEATHER - DAYS WITH] 9 = BLOWING SNOW
X = TORNADO
MAX 32 OR BELOW: 0 0.01 INCH OR MORE: 7
MAX 90 OR ABOVE: 0 0.10 INCH OR MORE: 4
MIN 32 OR BELOW: 11 0.50 INCH OR MORE: 2
MIN 0 OR BELOW: 0 1.00 INCH OR MORE: 0
[HDD (BASE 65) ]
TOTAL THIS MO. 520 CLEAR (SCALE 0-3) 16
DPTR FM NORMAL 117 PTCLDY (SCALE 4-7) 8
TOTAL FM JUL 1 636 CLOUDY (SCALE 8-10) 7
DPTR FM NORMAL 113
[CDD (BASE 65) ]
TOTAL THIS MO. 15
DPTR FM NORMAL 4 [PRESSURE DATA]
TOTAL FM JAN 1 960 HIGHEST SLP 30.42 ON 27
DPTR FM NORMAL 22 LOWEST SLP 29.56 ON 14
[REMARKS]
#FINAL-10-20#