000
CXUS53 KDDC 011519
CF6P28
PRELIMINARY LOCAL CLIMATOLOGICAL DATA (WS FORM: F-6)
STATION: MEDICINE LODGE KS
MONTH: JANUARY
YEAR: 2024
LATITUDE: 37 17 N
LONGITUDE: 98 35 W
TEMPERATURE IN F: :PCPN: SNOW: WIND :SUNSHINE: SKY :PK WND
================================================================================
1 2 3 4 5 6A 6B 7 8 9 10 11 12 13 14 15 16 17 18
12Z AVG MX 2MIN
DY MAX MIN AVG DEP HDD CDD WTR SNW DPTH SPD SPD DIR MIN PSBL S-S WX SPD DR
================================================================================
1 35 27 31 -2 34 0 0.00 0.0 0 5.4 10 170 M M 0 14 180
2 50 27 39 6 26 0 0.00 0.0 0 3.9 9 360 M M 0 14 10
3 53 22 38 5 27 0 0.00 0.0 0 3.8 8 180 M M 0 12 170
4 46 24 35 2 30 0 0.00 0.0 0 7.5 16 90 M M 0 24 90
5 38 33 36 3 29 0 0.59 4.0 4 7.1 14 80 M M 0 21 80
6 46 27 37 4 28 0 0.00 0.0 1 7.5 18 320 M M 0 26 290
7 47 21 34 0 31 0 0.00 0.0 0 7.4 18 160 M M 0 27 180
8 43 24 34 0 31 0 0.40 0.4 0 14.0 35 350 M M 0 53 340
9 34 21 28 -6 37 0 0.05 0.6 1 15.6 33 330 M M 0 54 340
10 52 21 37 3 28 0 0.00 0.0 0 7.2 23 310 M M 0 33 300
11 54 17 36 2 29 0 0.00 0.0 0 11.1 31 350 M M 0 45 340
12 31 13 22 -12 43 0 0.00 0.0 0 15.7 32 330 M M 0 45 330
13 15 1 8 -26 57 0 0.00 0.0 0 15.0 26 360 M M 0 37 360
14 12 0 6 -28 59 0 0.00 0.0 0 7.3 15 360 M M 0 20 10
15 13 2 8 -26 57 0 0.01 T 0 12.1 24 10 M M 0 35 360
16 30 -3 14 -20 51 0 0.00 0.0 0 7.0 14 210 M M 0 20 210
17 50 16 33 -1 32 0 0.00 0.0 0 10.4 22 180 M M 0 30 190
18 53 15 34 0 31 0 0.00 0.0 0 12.2 36 10 M M 0 53 360
19 25 10 18 -16 47 0 0.00 0.0 0 9.9 26 350 M M 0 39 350
20 27 7 17 -17 48 0 0.00 0.0 0 6.5 13 130 M M 0 20 140
21 38 19 29 -5 36 0 0.00 0.0 0 14.4 26 170 M M 0 38 190
22 38 32 35 1 30 0 0.00 0.0 0 8.3 15 170 M M 0 24 170
23 40 34 37 3 28 0 0.01 0.0 0 3.5 13 20 M M 0 15 20
24 45 35 40 5 25 0 0.07 0.0 0 3.7 10 340 M M 0 12 350
25 48 37 43 8 22 0 0.00 0.0 0 2.9 9 30 M M 0 13 240
26 47 33 40 5 25 0 0.01 0.0 0 7.2 15 350 M M 0 19 360
27 56 30 43 8 22 0 0.00 0.0 0 9.3 16 340 M M 0 22 320
28 63 26 45 10 20 0 0.00 0.0 0 4.1 12 110 M M 0 16 140
29 74 29 52 17 13 0 0.00 0.0 0 5.8 15 330 M M 0 22 310
30 72 31 52 17 13 0 0.00 0.0 0 4.9 14 310 M M 0 19 310
31 71 31 51 16 14 0 0.00 0.0 0 5.9 15 170 M M 0 22 180
================================================================================
SM 1346 662 1003 0 1.14 5.0 256.6 M 0
================================================================================
AV 43.4 21.4 8.3 FASTST M M 0 MAX(MPH)
MISC ----> 36 10 54 340
================================================================================
NOTES:
# LAST OF SEVERAL OCCURRENCES
COLUMN 17 PEAK WIND IN M.P.H.
PRELIMINARY LOCAL CLIMATOLOGICAL DATA (WS FORM: F-6) , PAGE 2
STATION: MEDICINE LODGE KS
MONTH: JANUARY
YEAR: 2024
LATITUDE: 37 17 N
LONGITUDE: 98 35 W
[TEMPERATURE DATA] [PRECIPITATION DATA] SYMBOLS USED IN COLUMN 16
AVERAGE MONTHLY: 32.4 TOTAL FOR MONTH: 1.14 1 = FOG OR MIST
DPTR FM NORMAL: -1.7 DPTR FM NORMAL: 0.34 2 = FOG REDUCING VISIBILITY
HIGHEST: 74 ON 29 GRTST 24HR 0.59 ON 5- 5 TO 1/4 MILE OR LESS
LOWEST: -3 ON 16 3 = THUNDER
SNOW, ICE PELLETS, HAIL 4 = ICE PELLETS
TOTAL MONTH: 5.0 INCHES 5 = HAIL
GRTST 24HR 4.0 ON 5- 5 6 = FREEZING RAIN OR DRIZZLE
GRTST DEPTH: 4 ON 5 7 = DUSTSTORM OR SANDSTORM:
VSBY 1/2 MILE OR LESS
8 = SMOKE OR HAZE
[NO. OF DAYS WITH] [WEATHER - DAYS WITH] 9 = BLOWING SNOW
X = TORNADO
MAX 32 OR BELOW: 7 0.01 INCH OR MORE: 7
MAX 90 OR ABOVE: 0 0.10 INCH OR MORE: 2
MIN 32 OR BELOW: 26 0.50 INCH OR MORE: 1
MIN 0 OR BELOW: 2 1.00 INCH OR MORE: 0
[HDD (BASE 65) ]
TOTAL THIS MO. 1003
DPTR FM NORMAL 45
TOTAL FM JUL 1 2365
DPTR FM NORMAL -364
[CDD (BASE 65) ]
TOTAL THIS MO. 0
DPTR FM NORMAL 0 [PRESSURE DATA]
TOTAL FM JAN 1 0 HIGHEST SLP 30.73 ON 19
DPTR FM NORMAL 0 LOWEST SLP 29.37 ON 8
[REMARKS]
#FINAL-01-24#