000
CXUS54 KLZK 011130
CF6PBF
PRELIMINARY LOCAL CLIMATOLOGICAL DATA (WS FORM: F-6)
STATION: Pine Bluff
MONTH: APRIL
YEAR: 2020
LATITUDE: 34 10 N
LONGITUDE: 91 56 W
TEMPERATURE IN F: :PCPN: SNOW: WIND :SUNSHINE: SKY :PK WND
================================================================================
1 2 3 4 5 6A 6B 7 8 9 10 11 12 13 14 15 16 17 18
12Z AVG MX 2MIN
DY MAX MIN AVG DEP HDD CDD WTR SNW DPTH SPD SPD DIR MIN PSBL S-S WX SPD DR
================================================================================
1 72 45 59 0 6 0 0.00 0.0 0 4.4 10 20 M M 0 13 20
2 74 51 63 4 2 0 0.00 0.0 0 8.2 18 110 M M 0 22 120
3 68 55 62 2 3 0 0.08 0.0 0 3.1 13 180 M M 5 1 19 160
4 60 54 57 -3 8 0 0.09 0.0 0 6.9 15 120 M M 8 12 19 10
5 74 49 62 2 3 0 0.00 0.0 0 3.6 10 50 M M 2 8 13 50
6 80 54 67 7 0 2 0.00 0.0 0 4.6 15 190 M M 2 1 19 310
7 80 65 73 12 0 8 0.35 0.0 0 6.0 14 180 M M 5 18 17 170
8 84 69 77 16 0 12 0.00 0.0 0 8.7 16 180 M M 3 18 20 200
9 75 59 67 6 0 2 0.00 0.0 0 10.6 26 10 M M 0 18 34 340
10 60 44 52 -9 13 0 0.00 0.0 0 8.5 21 10 M M 0 26 20
11 71 42 57 -5 8 0 0.27 0.0 0 4.7 24 300 M M 3 13 30 310
12 72 55 64 2 1 0 3.17 0.0 0 5.0 18 30 M M 7 13 38 300
13 55 43 49 -13 16 0 0.00 0.0 0 M M M M M M M M
14 49 38 44 -18 21 0 0.00 0.0 M M M M M M M M M
15 62 34 48 -15 17 0 0.00 0.0 0 M M M M M M M M
16 70 36 53 -10 12 0 0.00 0.0 0 M M M M M M M M
17 72 48 60 -3 5 0 0.03 0.0 M 7.6 22 330 M M 10 1 26 330
18 63 42 53 -11 12 0 0.06 0.0 0 7.9 18 20 M M 2 13 25 50
19 59 52 56 -8 9 0 0.64 0.0 M 4.3 8 40 M M 8 13 M M
20 74 48 61 -3 4 0 0.00 0.0 M 3.9 12 210 M M 0 2 14 210
21 82 54 68 4 0 3 0.00 0.0 0 5.0 13 360 M M 0 17 320
22 69 59 64 -1 1 0 0.84 0.0 0 10.9 24 160 M M 7 13 34 140
23 72 56 64 -1 1 0 0.00 0.0 0 7.3 22 270 M M 6 1 33 280
24 76 51 64 -1 1 0 0.09 0.0 0 6.6 24 310 M M 3 12 33 310
25 73 55 64 -2 1 0 0.05 0.0 0 9.5 28 280 M M 3 1 36 320
26 75 48 62 -4 3 0 0.00 0.0 0 4.2 12 30 M M 0 14 30
27 76 51 64 -2 1 0 0.00 0.0 0 7.7 17 130 M M 1 22 130
28 76 59 68 2 0 3 0.46 0.0 0 10.1 25 320 M M 7 13 38 320
29 73 58 66 -1 0 1 0.27 0.0 0 13.0 26 310 M M 3 13 37 310
30 77 51 64 -3 1 0 0.00 0.0 0 7.5 21 320 M M 0 28 330
================================================================================
SM 2123 1525 149 31 6.40 0.0 179.8 M 85
================================================================================
AV 70.8 50.8 6.9 FASTST M M 3 MAX(MPH)
MISC ----> # 28 280 # 38 300
================================================================================
NOTES:
# LAST OF SEVERAL OCCURRENCES
COLUMN 17 PEAK WIND IN M.P.H.
PRELIMINARY LOCAL CLIMATOLOGICAL DATA (WS FORM: F-6) , PAGE 2
STATION: Pine Bluff
MONTH: APRIL
YEAR: 2020
LATITUDE: 34 10 N
LONGITUDE: 91 56 W
[TEMPERATURE DATA] [PRECIPITATION DATA] SYMBOLS USED IN COLUMN 16
AVERAGE MONTHLY: 60.8 TOTAL FOR MONTH: 6.40 1 = FOG OR MIST
DPTR FM NORMAL: -2.1 DPTR FM NORMAL: 1.47 2 = FOG REDUCING VISIBILITY
HIGHEST: 84 ON 8 GRTST 24HR 3.17 ON 12-12 TO 1/4 MILE OR LESS
LOWEST: 34 ON 15 3 = THUNDER
SNOW, ICE PELLETS, HAIL 4 = ICE PELLETS
TOTAL MONTH: 0.0 INCH 5 = HAIL
GRTST 24HR 0.0 6 = FREEZING RAIN OR DRIZZLE
GRTST DEPTH: 0 7 = DUSTSTORM OR SANDSTORM:
VSBY 1/2 MILE OR LESS
8 = SMOKE OR HAZE
[NO. OF DAYS WITH] [WEATHER - DAYS WITH] 9 = BLOWING SNOW
X = TORNADO
MAX 32 OR BELOW: 0 0.01 INCH OR MORE: 13
MAX 90 OR ABOVE: 0 0.10 INCH OR MORE: 7
MIN 32 OR BELOW: 0 0.50 INCH OR MORE: 3
MIN 0 OR BELOW: 0 1.00 INCH OR MORE: 1
[HDD (BASE 65) ]
TOTAL THIS MO. 149 CLEAR (SCALE 0-3) 16
DPTR FM NORMAL 20 PTCLDY (SCALE 4-7) 8
TOTAL FM JUL 1 2685 CLOUDY (SCALE 8-10) 2
DPTR FM NORMAL -179
[CDD (BASE 65) ]
TOTAL THIS MO. 31
DPTR FM NORMAL -36 [PRESSURE DATA]
TOTAL FM JAN 1 65 HIGHEST SLP 30.22 ON 27
DPTR FM NORMAL -22 LOWEST SLP 29.42 ON 12
[REMARKS]
ALL SNOWFALL DATA IS FROM THE PINE BLUFF WATER PLANT SITE
#FINAL-04-20#