000
CXUS51 KBTV 010700
CF6PBG
PRELIMINARY LOCAL CLIMATOLOGICAL DATA (WS FORM: F-6)
STATION: PLATTSBURGH NY
MONTH: JULY
YEAR: 2023
LATITUDE: 44 39 N
LONGITUDE: 73 28 W
TEMPERATURE IN F: :PCPN: SNOW: WIND :SUNSHINE: SKY :PK WND
================================================================================
1 2 3 4 5 6A 6B 7 8 9 10 11 12 13 14 15 16 17 18
12Z AVG MX 2MIN
DY MAX MIN AVG DEP HDD CDD WTR SNW DPTH SPD SPD DIR MIN PSBL S-S WX SPD DR
================================================================================
1 84 59 72 4 0 7 0.54 M M 7.3 20 150 M M 3 138 28 160
2 71 65 68 -1 0 3 0.14 M M 6.1 15 150 M M 8 138 20 140
3 80 66 73 4 0 8 0.00 M M 1.6 8 40 M M 6 1 23 330
4 84 62 73 4 0 8 0.12 M M 2.9 21 360 M M 1 13 28 350
5 88 63 76 7 0 11 0.00 M M 3.8 13 130 M M 1 13 15 140
6 89 68 79 10 0 14 0.03 M M 4.7 13 140 M M 2 1 16 140
7 82 65 74 5 0 9 0.27 M M 2.3 12 30 M M 3 123 16 40
8 85 64 75 5 0 10 0.57 M M 4.3 14 310 M M 5 123 19 320
9 79 63 71 1 0 6 0.54 M M 3.8 33 150 M M 4 13 42 150
10 71 66 69 -1 0 4 0.67 M M 3.7 10 350 M M 9 1 13 350
11 67 66 67 -3 0 2 0.42 M M 2.1 9 290 M M 10 1 16 290
12 84 62 73 3 0 8 0.00 M M 3.0 12 320 M M 1 1 16 320
13 86 60 73 3 0 8 0.13 M M 6.4 24 160 M M 3 13 34 150
14 80 59 70 0 0 5 0.00 M M 3.8 10 350 M M 5 1 14 80
15 84 60 72 2 0 7 0.00 M M 4.4 12 130 M M 0 1 16 130
16 80 67 74 4 0 9 0.59 M M 2.9 12 350 M M 7 13 16 120
17 87 64 76 6 0 11 T M M 4.6 20 140 M M 1 18 24 140
18 79 65 72 2 0 7 0.39 M M 3.6 16 140 M M 4 138 19 130
19 82 60 71 1 0 6 0.00 M M 3.7 13 340 M M 2 1 21 320
20 80 56 68 -2 0 3 0.00 M M 4.3 12 150 M M 0 15 110
21 78 60 69 -1 0 4 0.82 M M 5.9 20 150 M M 7 13 26 150
22 80 60 70 0 0 5 T M M 3.6 13 310 M M 8 19 330
23 80 54 67 -3 0 2 0.01 M M 4.3 14 130 M M 1 3 18 140
24 81 59 70 0 0 5 0.01 M M 5.0 23 330 M M 1 3 31 340
25 82 60 71 1 0 6 T M M 5.3 16 40 M M 2 3 20 40
26 86 62 74 4 0 9 0.00 M M 4.5 18 140 M M 1 1 24 140
27 78 64 71 1 0 6 1.15 M M 3.2 15 350 M M 6 1 18 350
28 88 63 76 6 0 11 T M M 3.9 20 360 M M 2 1 24 360
29 72 56 64 -6 1 0 0.29 M M 7.8 17 350 M M 8 1 22 350
30 75 53 64 -6 1 0 0.00 M M 4.6 15 360 M M 4 17 360
31 75 57 66 -4 0 1 T M M 3.9 18 330 M M 7 23 320
================================================================================
SM 2497 1908 2 195 6.69 M 131.3 M 122
================================================================================
AV 80.5 61.5 4.2 FASTST M M 4 MAX(MPH)
MISC ----> 33 150 42 150
================================================================================
NOTES:
# LAST OF SEVERAL OCCURRENCES
COLUMN 17 PEAK WIND IN M.P.H.
PRELIMINARY LOCAL CLIMATOLOGICAL DATA (WS FORM: F-6) , PAGE 2
STATION: PLATTSBURGH NY
MONTH: JULY
YEAR: 2023
LATITUDE: 44 39 N
LONGITUDE: 73 28 W
[TEMPERATURE DATA] [PRECIPITATION DATA] SYMBOLS USED IN COLUMN 16
AVERAGE MONTHLY: 71.0 TOTAL FOR MONTH: 6.69 1 = FOG OR MIST
DPTR FM NORMAL: 1.1 DPTR FM NORMAL: 3.08 2 = FOG REDUCING VISIBILITY
HIGHEST: 89 ON 6 GRTST 24HR 1.15 ON 27-27 TO 1/4 MILE OR LESS
LOWEST: 53 ON 30 3 = THUNDER
SNOW, ICE PELLETS, HAIL 4 = ICE PELLETS
TOTAL MONTH: M 5 = HAIL
GRTST 24HR M ON M 6 = FREEZING RAIN OR DRIZZLE
GRTST DEPTH: M ON M 7 = DUSTSTORM OR SANDSTORM:
VSBY 1/2 MILE OR LESS
8 = SMOKE OR HAZE
[NO. OF DAYS WITH] [WEATHER - DAYS WITH] 9 = BLOWING SNOW
X = TORNADO
MAX 32 OR BELOW: 0 0.01 INCH OR MORE: 17
MAX 90 OR ABOVE: 0 0.10 INCH OR MORE: 14
MIN 32 OR BELOW: 0 0.50 INCH OR MORE: 7
MIN 0 OR BELOW: 0 1.00 INCH OR MORE: 1
[HDD (BASE 65) ]
TOTAL THIS MO. 2 CLEAR (SCALE 0-3) 14
DPTR FM NORMAL -10 PTCLDY (SCALE 4-7) 14
TOTAL FM JUL 1 2 CLOUDY (SCALE 8-10) 3
DPTR FM NORMAL -4
[CDD (BASE 65) ]
TOTAL THIS MO. 195
DPTR FM NORMAL 31 [PRESSURE DATA]
TOTAL FM JAN 1 272 HIGHEST SLP M ON M
DPTR FM NORMAL 28 LOWEST SLP 29.63 ON 13
[REMARKS]
#FINAL-07-23#