000
CXUS51 KBTV 010800
CF6PBG
PRELIMINARY LOCAL CLIMATOLOGICAL DATA (WS FORM: F-6)
STATION: PLATTSBURGH NY
MONTH: FEBRUARY
YEAR: 2023
LATITUDE: 44 39 N
LONGITUDE: 73 28 W
TEMPERATURE IN F: :PCPN: SNOW: WIND :SUNSHINE: SKY :PK WND
================================================================================
1 2 3 4 5 6A 6B 7 8 9 10 11 12 13 14 15 16 17 18
12Z AVG MX 2MIN
DY MAX MIN AVG DEP HDD CDD WTR SNW DPTH SPD SPD DIR MIN PSBL S-S WX SPD DR
================================================================================
1 23 -10 7 -11 58 0 0.00 M M 2.3 10 240 M M 4 18 230
2 34 19 27 9 38 0 T M M 8.6 25 320 M M 10 1 33 340
3 21 -17 2 -17 63 0 T M M 13.4 22 310 M M 6 8 33 320
4 6 -22 -8 -27 73 0 T M M 5.7 14 300 M M 3 22 310
5 36 5 21 2 44 0 0.00 M M 4.8 14 160 M M 7 18 160
6 42 12 27 8 38 0 0.00 M M 9.2 25 360 M M 5 30 360
7 38 1 20 1 45 0 0.03 M M 8.5 33 150 M M 3 18 40 150
8 44 28 36 17 29 0 0.00 M M 3.4 12 250 M M 7 20 230
9 40 19 30 10 35 0 0.48 M M 8.1 21 160 M M 5 1 29 150
10 47 35 41 21 24 0 0.08 M M 6.6 18 220 M M 9 1 29 210
11 36 23 30 10 35 0 T M M 6.5 17 320 M M 4 1 28 320
12 39 23 31 11 34 0 0.00 M M 5.2 14 140 M M 2 16 140
13 41 18 30 10 35 0 0.00 M M 3.0 13 140 M M 3 16 140
14 45 24 35 14 30 0 0.00 M M 5.1 17 340 M M 3 21 350
15 56 24 40 19 25 0 T M M 6.6 22 150 M M 4 30 280
16 51 34 43 22 22 0 T M M 6.4 17 260 M M 5 29 270
17 35 17 26 5 39 0 0.06 M M 12.9 25 330 M M 10 16 30 330
18 34 9 22 0 43 0 0.00 M M 5.0 15 150 M M 6 21 250
19 44 31 38 16 27 0 0.00 M M 10.0 24 140 M M 6 31 150
20 47 27 37 15 28 0 T M M 6.0 20 340 M M 8 24 340
21 41 14 28 6 37 0 0.04 M M 6.9 20 160 M M 4 18 28 230
22 36 18 27 4 38 0 0.01 M M 10.0 20 340 M M 6 25 330
23 18 13 16 -7 49 0 0.13 M M 10.7 21 350 M M 10 18 25 350
24 18 -5 7 -16 58 0 T M M 9.5 22 330 M M 6 18 29 330
25 12 -12 0 -24 65 0 T M M 1.3 12 140 M M 4 8 14 140
26 29 -6 12 -12 53 0 0.01 M M 2.4 15 150 M M 8 18 17 150
27 24 12 18 -6 47 0 T M M 3.9 13 320 M M 3 1 16 320
28 36 20 28 3 37 0 0.05 M M 9.0 22 160 M M 10 1 26 150
================================================================================
SM 973 354 1149 0 0.89 M 191.0 M 161
================================================================================
AV 34.8 12.6 6.8 FASTST M M 6 MAX(MPH)
MISC ----> 33 150 40 150
================================================================================
NOTES:
# LAST OF SEVERAL OCCURRENCES
COLUMN 17 PEAK WIND IN M.P.H.
PRELIMINARY LOCAL CLIMATOLOGICAL DATA (WS FORM: F-6) , PAGE 2
STATION: PLATTSBURGH NY
MONTH: FEBRUARY
YEAR: 2023
LATITUDE: 44 39 N
LONGITUDE: 73 28 W
[TEMPERATURE DATA] [PRECIPITATION DATA] SYMBOLS USED IN COLUMN 16
AVERAGE MONTHLY: 23.7 TOTAL FOR MONTH: 0.89 1 = FOG OR MIST
DPTR FM NORMAL: 2.7 DPTR FM NORMAL: -0.33 2 = FOG REDUCING VISIBILITY
HIGHEST: 56 ON 15 GRTST 24HR 0.56 ON 9-10 TO 1/4 MILE OR LESS
LOWEST: -22 ON 4 3 = THUNDER
SNOW, ICE PELLETS, HAIL 4 = ICE PELLETS
TOTAL MONTH: M 5 = HAIL
GRTST 24HR M ON M 6 = FREEZING RAIN OR DRIZZLE
GRTST DEPTH: M ON M 7 = DUSTSTORM OR SANDSTORM:
VSBY 1/2 MILE OR LESS
8 = SMOKE OR HAZE
[NO. OF DAYS WITH] [WEATHER - DAYS WITH] 9 = BLOWING SNOW
X = TORNADO
MAX 32 OR BELOW: 8 0.01 INCH OR MORE: 9
MAX 90 OR ABOVE: 0 0.10 INCH OR MORE: 2
MIN 32 OR BELOW: 26 0.50 INCH OR MORE: 0
MIN 0 OR BELOW: 6 1.00 INCH OR MORE: 0
[HDD (BASE 65) ]
TOTAL THIS MO. 1149 CLEAR (SCALE 0-3) 5
DPTR FM NORMAL -83 PTCLDY (SCALE 4-7) 17
TOTAL FM JUL 1 4860 CLOUDY (SCALE 8-10) 6
DPTR FM NORMAL -587
[CDD (BASE 65) ]
TOTAL THIS MO. 0
DPTR FM NORMAL 0 [PRESSURE DATA]
TOTAL FM JAN 1 0 HIGHEST SLP 30.62 ON 25
DPTR FM NORMAL 0 LOWEST SLP 29.45 ON 21
[REMARKS]
#FINAL-02-23#