000
CXUS51 KBTV 010800
CF6PBG
PRELIMINARY LOCAL CLIMATOLOGICAL DATA (WS FORM: F-6)
STATION: PLATTSBURGH NY
MONTH: NOVEMBER
YEAR: 2021
LATITUDE: 44 39 N
LONGITUDE: 73 28 W
TEMPERATURE IN F: :PCPN: SNOW: WIND :SUNSHINE: SKY :PK WND
================================================================================
1 2 3 4 5 6A 6B 7 8 9 10 11 12 13 14 15 16 17 18
12Z AVG MX 2MIN
DY MAX MIN AVG DEP HDD CDD WTR SNW DPTH SPD SPD DIR MIN PSBL S-S WX SPD DR
================================================================================
1 55 37 46 4 19 0 0.00 M M 5.8 17 280 M M 2 27 250
2 49 34 42 0 23 0 T M M 2.7 15 220 M M 5 22 230
3 43 27 35 -7 30 0 0.05 M M 3.0 18 350 M M 6 1 22 360
4 43 23 33 -8 32 0 T M M 2.2 13 130 M M 4 16 140
5 48 22 35 -6 30 0 0.00 M M 3.0 15 140 M M 3 18 140
6 49 25 37 -4 28 0 0.00 M M 4.7 17 150 M M 0 20 140
7 52 24 38 -2 27 0 0.00 M M 4.1 17 150 M M 1 22 140
8 55 33 44 4 21 0 0.00 M M 3.3 12 130 M M 4 15 120
9 57 34 46 6 19 0 0.00 M M 2.1 10 130 M M 5 13 140
10 57 33 45 6 20 0 0.06 M M 4.4 16 330 M M 4 1 24 300
11 52 27 40 1 25 0 0.00 M M 3.7 22 160 M M 2 36 160
12 53 32 43 4 22 0 0.36 M M 8.1 24 160 M M 7 1 35 180
13 50 30 40 2 25 0 0.25 M M 2.2 17 150 M M 6 1 22 150
14 48 31 40 2 25 0 0.07 M M 4.0 15 150 M M 4 20 130
15 42 33 38 0 27 0 0.05 M M 4.6 15 330 M M 9 1 22 330
16 42 23 33 -4 32 0 T M M 5.2 15 310 M M 8 22 310
17 46 20 33 -4 32 0 0.02 M M 5.1 17 160 M M 7 26 160
18 58 41 50 14 15 0 0.18 M M 5.6 15 270 M M 7 1 25 270
19 42 29 36 0 29 0 T M M 5.7 23 310 M M 6 8 33 300
20 42 21 32 -4 33 0 0.00 M M 5.5 18 160 M M 0 27 170
21 47 32 40 5 25 0 0.02 M M 7.4 21 160 M M 7 27 160
22 46 26 36 1 29 0 0.01 M M 6.2 18 170 M M 6 27 160
23 31 21 26 -8 39 0 0.00 M M 6.7 17 340 M M 8 24 320
24 37 16 27 -7 38 0 0.00 M M 2.7 13 130 M M 0 17 130
25 41 21 31 -3 34 0 0.11 M M 0.9 10 140 M M 7 1 12 140
26 41 31 36 3 29 0 0.21 M M 3.6 16 290 M M 10 1 25 280
27 31 23 27 -6 38 0 T M M 9.7 22 310 M M 6 35 290
28 31 16 24 -9 41 0 0.00 M M 3.2 13 130 M M 4 15 130
29 29 19 24 -8 41 0 T M M 5.5 15 340 M M 4 18 30
30 36 24 30 -2 35 0 0.01 M M 1.9 9 10 M M 10 1 13 210
================================================================================
SM 1353 808 863 0 1.40 M 132.8 M 152
================================================================================
AV 45.1 26.9 4.4 FASTST M M 5 MAX(MPH)
MISC ----> 24 160 36 160
================================================================================
NOTES:
# LAST OF SEVERAL OCCURRENCES
COLUMN 17 PEAK WIND IN M.P.H.
PRELIMINARY LOCAL CLIMATOLOGICAL DATA (WS FORM: F-6) , PAGE 2
STATION: PLATTSBURGH NY
MONTH: NOVEMBER
YEAR: 2021
LATITUDE: 44 39 N
LONGITUDE: 73 28 W
[TEMPERATURE DATA] [PRECIPITATION DATA] SYMBOLS USED IN COLUMN 16
AVERAGE MONTHLY: 36.0 TOTAL FOR MONTH: 1.40 1 = FOG OR MIST
DPTR FM NORMAL: -1.2 DPTR FM NORMAL: -0.93 2 = FOG REDUCING VISIBILITY
HIGHEST: 58 ON 18 GRTST 24HR 0.36 ON 12-12 TO 1/4 MILE OR LESS
LOWEST: 16 ON 28,24 3 = THUNDER
SNOW, ICE PELLETS, HAIL 4 = ICE PELLETS
TOTAL MONTH: M 5 = HAIL
GRTST 24HR M ON M 6 = FREEZING RAIN OR DRIZZLE
GRTST DEPTH: M ON M 7 = DUSTSTORM OR SANDSTORM:
VSBY 1/2 MILE OR LESS
8 = SMOKE OR HAZE
[NO. OF DAYS WITH] [WEATHER - DAYS WITH] 9 = BLOWING SNOW
X = TORNADO
MAX 32 OR BELOW: 4 0.01 INCH OR MORE: 13
MAX 90 OR ABOVE: 0 0.10 INCH OR MORE: 5
MIN 32 OR BELOW: 23 0.50 INCH OR MORE: 0
MIN 0 OR BELOW: 0 1.00 INCH OR MORE: 0
[HDD (BASE 65) ]
TOTAL THIS MO. 863 CLEAR (SCALE 0-3) 7
DPTR FM NORMAL 30 PTCLDY (SCALE 4-7) 19
TOTAL FM JUL 1 1400 CLOUDY (SCALE 8-10) 4
DPTR FM NORMAL -196
[CDD (BASE 65) ]
TOTAL THIS MO. 0
DPTR FM NORMAL 0 [PRESSURE DATA]
TOTAL FM JAN 1 527 HIGHEST SLP 30.52 ON 20
DPTR FM NORMAL 134 LOWEST SLP 29.47 ON 26
[REMARKS]
#FINAL-11-21#