000
CXUS52 KMFL 011510
CLMPBI
CLIMATE REPORT
NATIONAL WEATHER SERVICE MIAMI, FL
1010 AM EST FRI DEC 01 2023
...................................
...THE WEST PALM BEACH CLIMATE SUMMARY FOR THE MONTH OF NOVEMBER 2023...
CLIMATE NORMAL PERIOD: 1991 TO 2020
CLIMATE RECORD PERIOD: 1888 TO 2023
WEATHER OBSERVED NORMAL DEPART LAST YEAR`S
VALUE DATE(S) VALUE FROM VALUE
NORMAL
..............................................................
TEMPERATURE (F)
RECORD
HIGH 92 11/03/1919
11/02/1919
LOW 36 11/26/1950
11/25/1917
11/28/1903
HIGHEST 87 11/11 89
11/12
11/22
LOWEST 55 11/29 63
AVG. MAXIMUM 82.1 80.0 2.1 84.2
AVG. MINIMUM 68.4 66.1 2.3 70.7
MEAN 75.2 73.0 2.2 77.4
DAYS MAX >= 90 0 0
DAYS MAX <= 32 0 0
DAYS MIN <= 32 0 0
DAYS MIN <= 0 0 0
PRECIPITATION (INCHES)
RECORD
MAXIMUM 14.63 1982
MINIMUM 0.10 1892
TOTALS 4.46 3.62 0.84 6.10
DAILY AVG. 0.15 0.12 0.03 0.20
DAYS >= .01 10 11
DAYS >= .10 5 8
DAYS >= .50 3 4
DAYS >= 1.00 2 2
GREATEST
24 HR. TOTAL 1.55 11/15 TO 11/16 2.48
DEGREE DAYS
HEATING TOTAL 0 10 -10 0
SINCE 7/1 0 6 -6 MM
COOLING TOTAL 316 252 64 380
SINCE 1/1 4752 3994 758 MM
..............................................................
WIND (MPH)
AVERAGE WIND SPEED 10.5
HIGHEST WIND SPEED/DIRECTION 46/090 DATE 11/16
HIGHEST GUST SPEED/DIRECTION 57/100 DATE 11/16
SKY COVER
POSSIBLE SUNSHINE (PERCENT) MM
AVERAGE SKY COVER 0.60
NUMBER OF DAYS FAIR 2
NUMBER OF DAYS PC 22
NUMBER OF DAYS CLOUDY 6
AVERAGE RH (PERCENT) 75
WEATHER CONDITIONS. NUMBER OF DAYS WITH
THUNDERSTORM 0 MIXED PRECIP 0
HEAVY RAIN 2 RAIN 7
LIGHT RAIN 14 FREEZING RAIN 0
LT FREEZING RAIN 0 HAIL 0
HEAVY SNOW 0 SNOW 0
LIGHT SNOW 0 SLEET 0
FOG 11 FOG W/VIS <= 1/4 MILE 0
HAZE 1
- INDICATES NEGATIVE NUMBERS.
R INDICATES RECORD WAS SET OR TIED.
MM INDICATES DATA IS MISSING.
T INDICATES TRACE AMOUNT.
$$