000
CXUS53 KARX 012112
CF6PDC
PRELIMINARY LOCAL CLIMATOLOGICAL DATA (WS FORM: F-6)
STATION: PRAIRIE_DU_CHIEN_MUN
MONTH: AUGUST
YEAR: 2022
LATITUDE: 43 1 N
LONGITUDE: 91 7 W
TEMPERATURE IN F: :PCPN: SNOW: WIND :SUNSHINE: SKY :PK WND
================================================================================
1 2 3 4 5 6A 6B 7 8 9 10 11 12 13 14 15 16 17 18
12Z AVG MX 2MIN
DY MAX MIN AVG DEP HDD CDD WTR SNW DPTH SPD SPD DIR MIN PSBL S-S WX SPD DR
================================================================================
1 83 64 74 M 0 9 0.00 0.0 0 5.8 13 280 M M 2 20 300
2 89 60 75 M 0 10 0.00 0.0 0 5.8 13 180 M M 1 2 18 170
3 89 67 78 M 0 13 0.28 0.0 0 1.2 9 50 M M 3 M M
4 82 62 72 M 0 7 0.00 0.0 0 0.8 7 40 M M 1 M M
5 86 62 74 M 0 9 0.00 0.0 0 1.7 8 110 M M 2 1 M M
6 88 72 80 M 0 15 0.91 0.0 0 2.7 25 260 M M 3 37 260
7 82 71 77 M 0 12 1.75 0.0 0 2.0 9 200 M M 9 M M
8 76 60 68 M 0 3 0.05 0.0 0 6.5 14 320 M M 6 20 300
9 79 58 69 M 0 4 0.00 0.0 0 0.0 M M M M 2 12 M M
10 83 60 72 M 0 7 0.00 0.0 0 1.7 6 270 M M 2 2 M M
11 79 61 70 M 0 5 0.00 0.0 0 1.9 8 90 M M 2 M M
12 67 60 64 M 1 0 0.06 0.0 0 4.6 8 90 M M 3 M M
13 75 64 70 M 0 5 0.26 0.0 0 5.2 9 330 M M 7 1 17 160
14 71 62 67 M 0 2 0.00 0.0 0 4.5 9 340 M M 10 M M
15 74 59 67 M 0 2 0.00 0.0 0 1.0 6 100 M M 5 12 M M
16 79 60 70 M 0 5 0.00 0.0 0 1.1 7 100 M M 4 12 M M
17 80 55 68 M 0 3 0.00 0.0 0 0.9 4 280 M M 3 12 M M
18 82 57 70 M 0 5 0.02 0.0 0 3.4 18 290 M M 2 1 30 290
19 78 62 70 M 0 5 0.49 0.0 0 3.1 7 190 M M 8 M M
20 75 63 69 M 0 4 0.26 0.0 0 3.2 9 320 M M 7 M M
21 78 60 69 M 0 4 0.00 0.0 0 2.3 7 40 M M 7 12 M M
22 72 59 66 M 0 1 0.00 0.0 0 0.0 M M M M 8 12 M M
23 M M M M M M 0.00 0.0 0 M M M M M M M M
24 M M M M M M M 0.0 0 M M M M M M M M
25 M M M M M M M 0.0 0 M M M M M M M M
26 78 M M M M M 0.00 0.0 0 0.0 M M M M 3 M M
27 80 63 72 M 0 7 0.03 0.0 0 5.2 12 90 M M 5 21 150
28 82 67 75 M 0 10 0.30 0.0 0 3.5 8 170 M M 3 16 170
29 82 63 73 M 0 8 0.00 0.0 0 5.3 16 270 M M 2 27 260
30 79 58 69 M 0 4 0.00 0.0 0 5.5 18 300 M M 0 27 300
31 86 57 72 M 0 7 0.00 0.0 0 2.6 10 260 M M 0 16 250
================================================================================
SM 2234 1666 1 166 4.41 0.0 81.5 M 110
================================================================================
AV 79.8 61.7 2.9 FASTST M M 4 MAX(MPH)
MISC ----> 25 260 37 260
================================================================================
NOTES:
# LAST OF SEVERAL OCCURRENCES
COLUMN 17 PEAK WIND IN M.P.H.
PRELIMINARY LOCAL CLIMATOLOGICAL DATA (WS FORM: F-6) , PAGE 2
STATION: PRAIRIE_DU_CHIEN_MUN
MONTH: AUGUST
YEAR: 2022
LATITUDE: 43 1 N
LONGITUDE: 91 7 W
[TEMPERATURE DATA] [PRECIPITATION DATA] SYMBOLS USED IN COLUMN 16
AVERAGE MONTHLY: 70.7 TOTAL FOR MONTH: 4.41 1 = FOG OR MIST
DPTR FM NORMAL: 0.0 DPTR FM NORMAL: M 2 = FOG REDUCING VISIBILITY
HIGHEST: 89 ON 2, 3 GRTST 24HR 1.75 ON 7- 7 TO 1/4 MILE OR LESS
LOWEST: 55 ON 17 3 = THUNDER
SNOW, ICE PELLETS, HAIL 4 = ICE PELLETS
TOTAL MONTH: 0.0 INCH 5 = HAIL
GRTST 24HR 0.0 6 = FREEZING RAIN OR DRIZZLE
GRTST DEPTH: 0 7 = DUSTSTORM OR SANDSTORM:
VSBY 1/2 MILE OR LESS
8 = SMOKE OR HAZE
[NO. OF DAYS WITH] [WEATHER - DAYS WITH] 9 = BLOWING SNOW
X = TORNADO
MAX 32 OR BELOW: 0 0.01 INCH OR MORE: 11
MAX 90 OR ABOVE: 0 0.10 INCH OR MORE: 7
MIN 32 OR BELOW: 0 0.50 INCH OR MORE: 2
MIN 0 OR BELOW: 0 1.00 INCH OR MORE: 1
[HDD (BASE 65) ]
TOTAL THIS MO. 1 CLEAR (SCALE 0-3) 14
DPTR FM NORMAL M PTCLDY (SCALE 4-7) 12
TOTAL FM JUL 1 1 CLOUDY (SCALE 8-10) 5
DPTR FM NORMAL M
[CDD (BASE 65) ]
TOTAL THIS MO. 166
DPTR FM NORMAL M [PRESSURE DATA]
TOTAL FM JAN 1 694 HIGHEST SLP M ON M
DPTR FM NORMAL M LOWEST SLP M ON M
[REMARKS]
#FINAL-08-22#