000
CXUS56 KPDT 011810
CF6PDT
PRELIMINARY LOCAL CLIMATOLOGICAL DATA (WS FORM: F-6)
STATION: PENDLETON OR
MONTH: MAY
YEAR: 2021
LATITUDE: 45 40 N
LONGITUDE: 118 51 W
TEMPERATURE IN F: :PCPN: SNOW: WIND :SUNSHINE: SKY :PK WND
================================================================================
1 2 3 4 5 6A 6B 7 8 9 10 11 12 13 14 15 16 17 18
12Z AVG MX 2MIN
DY MAX MIN AVG DEP HDD CDD WTR SNW DPTH SPD SPD DIR MIN PSBL S-S WX SPD DR
================================================================================
1 70 50 60 6 5 0 0.25 0.0 0 13.1 37 270 M M 7 1 50 270
2 65 41 53 -1 12 0 0.00 0.0 0 9.3 23 270 M M 2 8 31 250
3 70 40 55 1 10 0 0.00 0.0 0 11.6 29 260 M M 2 39 260
4 70 47 59 4 6 0 0.01 0.0 0 8.1 16 280 M M 5 20 280
5 78 39 59 4 6 0 0.00 0.0 0 8.6 23 40 M M 0 31 90
6 80 50 65 10 0 0 0.00 0.0 0 15.8 33 280 M M 2 46 280
7 61 39 50 -6 15 0 T 0.0 0 20.5 36 260 M M 3 48 280
8 61 40 51 -5 14 0 0.00 0.0 0 14.0 25 260 M M 1 35 260
9 65 39 52 -4 13 0 0.00 0.0 0 7.0 15 250 M M 2 20 240
10 71 38 55 -2 10 0 0.00 0.0 0 6.9 13 260 M M 0 21 320
11 75 39 57 0 8 0 0.00 0.0 0 6.2 13 320 M M 0 17 360
12 81 45 63 6 2 0 0.00 0.0 0 7.4 14 40 M M 0 19 320
13 78 45 62 5 3 0 0.00 0.0 0 6.1 15 40 M M 0 22 30
14 81 48 65 7 0 0 0.00 0.0 0 6.0 16 320 M M 0 28 320
15 82 44 63 5 2 0 0.00 0.0 0 7.9 18 30 M M 0 25 40
16 87 47 67 9 0 2 0.00 0.0 0 5.0 13 320 M M 0 17 270
17 81 53 67 9 0 2 0.00 0.0 0 16.6 28 280 M M 1 37 270
18 65 47 56 -3 9 0 0.00 0.0 0 14.9 28 280 M M 2 36 280
19 62 41 52 -7 13 0 0.00 0.0 0 11.3 24 300 M M 6 34 300
20 61 44 53 -6 12 0 0.01 0.0 0 11.6 20 360 M M 9 21 270
21 64 39 52 -7 13 0 T 0.0 0 9.8 21 30 M M 9 28 360
22 57 38 48 -12 17 0 0.19 0.0 0 4.9 14 300 M M 6 1 16 300
23 73 40 57 -3 8 0 T 0.0 0 16.0 41 270 M M 4 56 280
24 72 44 58 -2 7 0 T 0.0 0 13.5 26 250 M M 5 34 260
25 70 50 60 0 5 0 T 0.0 0 9.4 30 250 M M 6 39 260
26 77 48 63 3 2 0 0.01 0.0 0 7.5 25 260 M M 2 33 260
27 75 50 63 2 2 0 T 0.0 0 12.2 33 280 M M 3 44 280
28 70 43 57 -4 8 0 0.00 0.0 0 10.9 22 270 M M 1 30 290
29 79 38 59 -2 6 0 0.00 0.0 0 6.2 13 30 M M 0 21 60
30 83 45 64 3 1 0 0.00 0.0 0 6.2 13 150 M M 0 16 10
31 88 48 68 7 0 3 0.00 0.0 0 6.5 12 150 M M 0 18 330
================================================================================
SM 2252 1359 209 7 0.47 0.0 311.0 M 78
================================================================================
AV 72.6 43.8 10.0 FASTST M M 3 MAX(MPH)
MISC ----> 41 270 56 280
================================================================================
NOTES:
# LAST OF SEVERAL OCCURRENCES
COLUMN 17 PEAK WIND IN M.P.H.
PRELIMINARY LOCAL CLIMATOLOGICAL DATA (WS FORM: F-6) , PAGE 2
STATION: PENDLETON OR
MONTH: MAY
YEAR: 2021
LATITUDE: 45 40 N
LONGITUDE: 118 51 W
[TEMPERATURE DATA] [PRECIPITATION DATA] SYMBOLS USED IN COLUMN 16
AVERAGE MONTHLY: 58.2 TOTAL FOR MONTH: 0.47 1 = FOG OR MIST
DPTR FM NORMAL: 0.3 DPTR FM NORMAL: -0.98 2 = FOG REDUCING VISIBILITY
HIGHEST: 88 ON 31 GRTST 24HR 0.25 ON 1- 1 TO 1/4 MILE OR LESS
LOWEST: 38 ON 29,22 3 = THUNDER
SNOW, ICE PELLETS, HAIL 4 = ICE PELLETS
TOTAL MONTH: 0.0 INCH 5 = HAIL
GRTST 24HR 0.0 6 = FREEZING RAIN OR DRIZZLE
GRTST DEPTH: 0 7 = DUSTSTORM OR SANDSTORM:
VSBY 1/2 MILE OR LESS
8 = SMOKE OR HAZE
[NO. OF DAYS WITH] [WEATHER - DAYS WITH] 9 = BLOWING SNOW
X = TORNADO
MAX 32 OR BELOW: 0 0.01 INCH OR MORE: 5
MAX 90 OR ABOVE: 0 0.10 INCH OR MORE: 2
MIN 32 OR BELOW: 0 0.50 INCH OR MORE: 0
MIN 0 OR BELOW: 0 1.00 INCH OR MORE: 0
[HDD (BASE 65) ]
TOTAL THIS MO. 209 CLEAR (SCALE 0-3) 22
DPTR FM NORMAL -29 PTCLDY (SCALE 4-7) 7
TOTAL FM JUL 1 4799 CLOUDY (SCALE 8-10) 2
DPTR FM NORMAL -455
[CDD (BASE 65) ]
TOTAL THIS MO. 7
DPTR FM NORMAL -13 [PRESSURE DATA]
TOTAL FM JAN 1 7 HIGHEST SLP 30.31 ON 8
DPTR FM NORMAL -14 LOWEST SLP 29.73 ON 17
[REMARKS]
#FINAL-05-21#