000
CXUS52 KTBW 011245
CF6PGD
PRELIMINARY LOCAL CLIMATOLOGICAL DATA (WS FORM: F-6)
STATION: PUNTA GORDA
MONTH: FEBRUARY
YEAR: 2022
LATITUDE: 26 55 N
LONGITUDE: 82 0 W
TEMPERATURE IN F: :PCPN: SNOW: WIND :SUNSHINE: SKY :PK WND
================================================================================
1 2 3 4 5 6A 6B 7 8 9 10 11 12 13 14 15 16 17 18
12Z AVG MX 2MIN
DY MAX MIN AVG DEP HDD CDD WTR SNW DPTH SPD SPD DIR MIN PSBL S-S WX SPD DR
================================================================================
1 76 38 57 -7 8 0 0.00 0.0 0 9.2 22 110 M M 0 28 140
2 83 48 66 2 0 1 0.00 0.0 0 10.9 23 140 M M 2 28 140
3 85 57 71 7 0 6 0.00 0.0 0 8.7 22 130 M M 0 27 130
4 85 60 73 9 0 8 0.00 0.0 0 7.4 20 160 M M 2 1 27 230
5 71 59 65 1 0 0 0.01 0.0 0 7.8 18 50 M M 9 18 22 50
6 76 57 67 3 0 2 T 0.0 0 7.4 13 330 M M 6 1 15 320
7 73 56 65 0 0 0 0.00 0.0 0 5.8 10 310 M M 6 1 13 300
8 62 55 59 -6 6 0 0.51 0.0 0 9.3 17 360 M M 8 1 21 10
9 72 48 60 -5 5 0 0.12 0.0 0 9.3 14 350 M M 5 1 18 360
10 75 41 58 -7 7 0 0.00 0.0 0 6.7 16 40 M M 0 1 22 60
11 79 49 64 -1 1 0 0.00 0.0 0 6.7 14 230 M M 2 17 230
12 83 49 66 1 0 1 0.00 0.0 0 4.1 10 290 M M 1 12 13 250
13 74 54 64 -2 1 0 0.14 0.0 0 8.5 18 330 M M 5 1 23 310
14 68 44 56 -10 9 0 0.00 0.0 0 11.4 22 10 M M 0 30 20
15 76 44 60 -6 5 0 0.00 0.0 0 12.0 22 110 M M 0 30 90
16 83 54 69 3 0 4 0.00 0.0 0 11.3 23 100 M M 1 29 110
17 87 65 76 10 0 11 0.00 0.0 0 8.6 20 130 M M 7 12 26 140
18 82 62 72 6 0 7 0.00 0.0 0 7.9 17 260 M M 6 12 21 260
19 81 60 71 5 0 6 T 0.0 0 6.8 16 330 M M 6 12 21 310
20 82 49 66 0 0 1 0.00 0.0 0 9.5 20 80 M M 0 24 70
21 84 57 71 5 0 6 0.00 0.0 0 7.5 15 100 M M 2 19 110
22 85 58 72 6 0 7 0.00 0.0 0 7.8 18 110 M M 3 18 23 120
23 86 62 74 8 0 9 0.00 0.0 0 5.5 15 130 M M 5 12 20 130
24 M 59 M M M M 0.00 0.0 0 5.8 14 130 M M 3 1 18 150
25 87 58 73 6 0 8 0.00 0.0 0 5.2 14 330 M M 1 18 17 330
26 88 60 74 7 0 9 0.00 0.0 0 6.5 14 90 M M 2 12 18 110
27 83 56 70 3 0 5 0.00 0.0 0 6.1 15 230 M M 1 12 19 270
28 80 59 70 3 0 5 0.00 0.0 0 7.2 17 260 M M 6 12 21 250
================================================================================
SM 2146 1518 42 96 0.78 0.0 220.9 M 89
================================================================================
AV 79.5 54.2 7.9 FASTST M M 3 MAX(MPH)
MISC ----> # 23 140 # 30 20
================================================================================
NOTES:
# LAST OF SEVERAL OCCURRENCES
COLUMN 17 PEAK WIND IN M.P.H.
PRELIMINARY LOCAL CLIMATOLOGICAL DATA (WS FORM: F-6) , PAGE 2
STATION: PUNTA GORDA
MONTH: FEBRUARY
YEAR: 2022
LATITUDE: 26 55 N
LONGITUDE: 82 0 W
[TEMPERATURE DATA] [PRECIPITATION DATA] SYMBOLS USED IN COLUMN 16
AVERAGE MONTHLY: 66.8 TOTAL FOR MONTH: 0.78 1 = FOG OR MIST
DPTR FM NORMAL: 1.3 DPTR FM NORMAL: -1.69 2 = FOG REDUCING VISIBILITY
HIGHEST: 88 ON 26 GRTST 24HR 0.63 ON 8- 9 TO 1/4 MILE OR LESS
LOWEST: 38 ON 1 3 = THUNDER
SNOW, ICE PELLETS, HAIL 4 = ICE PELLETS
TOTAL MONTH: 0.0 INCH 5 = HAIL
GRTST 24HR 0.0 6 = FREEZING RAIN OR DRIZZLE
GRTST DEPTH: 0 7 = DUSTSTORM OR SANDSTORM:
VSBY 1/2 MILE OR LESS
8 = SMOKE OR HAZE
[NO. OF DAYS WITH] [WEATHER - DAYS WITH] 9 = BLOWING SNOW
X = TORNADO
MAX 32 OR BELOW: 0 0.01 INCH OR MORE: 4
MAX 90 OR ABOVE: 0 0.10 INCH OR MORE: 3
MIN 32 OR BELOW: 0 0.50 INCH OR MORE: 1
MIN 0 OR BELOW: 0 1.00 INCH OR MORE: 0
[HDD (BASE 65) ]
TOTAL THIS MO. 42 CLEAR (SCALE 0-3) 16
DPTR FM NORMAL -31 PTCLDY (SCALE 4-7) 11
TOTAL FM JUL 1 201 CLOUDY (SCALE 8-10) 1
DPTR FM NORMAL -109
[CDD (BASE 65) ]
TOTAL THIS MO. 96
DPTR FM NORMAL 8 [PRESSURE DATA]
TOTAL FM JAN 1 155 HIGHEST SLP 30.43 ON 15
DPTR FM NORMAL 1 LOWEST SLP 29.98 ON 28
[REMARKS]
#FINAL-02-22#