000
CXUS51 KPBZ 010730
CF6PHD
PRELIMINARY LOCAL CLIMATOLOGICAL DATA (WS FORM: F-6)
STATION: NEW PHILADELPHIA OH
MONTH: MARCH
YEAR: 2023
LATITUDE: 40 28 N
LONGITUDE: 81 25 W
TEMPERATURE IN F: :PCPN: SNOW: WIND :SUNSHINE: SKY :PK WND
================================================================================
1 2 3 4 5 6A 6B 7 8 9 10 11 12 13 14 15 16 17 18
12Z AVG MX 2MIN
DY MAX MIN AVG DEP HDD CDD WTR SNW DPTH SPD SPD DIR MIN PSBL S-S WX SPD DR
================================================================================
1 72 27 50 15 15 0 T M M 4.4 14 320 M M 2 128 21 230
2 55 32 44 9 21 0 0.00 M M 5.6 16 320 M M 1 18 21 310
3 56 31 44 8 21 0 1.13 M M 10.0 23 120 M M 6 18 37 230
4 52 36 44 8 21 0 0.04 M M 9.2 26 290 M M 6 18 36 300
5 53 31 42 6 23 0 0.00 M M 4.5 14 320 M M 1 18 300
6 68 31 50 14 15 0 0.07 M M 4.9 22 340 M M 4 31 330
7 45 30 38 1 27 0 0.00 M M 11.5 24 330 M M 4 18 33 310
8 47 27 37 0 28 0 0.00 M M 6.9 15 340 M M 0 22 340
9 51 24 38 1 27 0 0.00 M M 3.2 12 20 M M 1 15 70
10 42 33 38 0 27 0 0.15 M M 8.7 20 300 M M 10 18 32 270
11 37 31 34 -4 31 0 0.00 M M 7.0 18 320 M M 8 27 320
12 39 30 35 -3 30 0 0.00 M M 4.1 13 110 M M 8 17 120
13 36 30 33 -6 32 0 0.02 M M 5.5 15 270 M M 10 18 21 270
14 30 25 28 -11 37 0 0.01 M M 10.3 18 320 M M 9 26 300
15 47 19 33 -7 32 0 0.00 M M 3.1 12 300 M M 0 16 310
16 60 26 43 3 22 0 T M M 6.8 15 180 M M 2 21 200
17 56 33 45 5 20 0 0.32 M M 8.8 17 280 M M 10 18 26 290
18 37 20 29 -12 36 0 T M M 11.0 25 280 M M 7 8 37 270
19 35 18 27 -14 38 0 0.00 M M 6.9 16 270 M M 4 24 280
20 48 25 37 -4 28 0 0.00 M M 6.0 17 200 M M 0 24 190
21 58 23 41 -1 24 0 0.00 M M 4.1 13 180 M M 1 18 140
22 53 42 48 6 17 0 0.34 M M 5.8 12 200 M M 10 1 21 210
23 67 44 56 14 9 0 0.79 M M 6.8 26 320 M M 10 1 37 310
24 45 37 41 -2 24 0 0.18 M M 5.5 12 110 M M 10 18 16 100
25 69 42 56 13 9 0 0.65 M M 14.4 38 240 M M 9 1 60 220
26 60 30 45 1 20 0 0.00 M M 3.5 22 290 M M 1 28 290
27 58 37 48 4 17 0 0.01 M M 6.8 20 330 M M 7 24 330
28 52 31 42 -2 23 0 0.00 M M 6.0 17 340 M M 5 18 21 330
29 54 26 40 -5 25 0 0.04 M M 7.5 28 290 M M 4 18 44 290
30 53 24 39 -6 26 0 0.00 M M 3.4 9 240 M M 0 18 14 260
31 59 36 48 2 17 0 0.25 M M 9.1 17 180 M M 9 18 28 180
================================================================================
SM 1594 931 742 0 4.00 M 211.3 M 159
================================================================================
AV 51.4 30.0 6.8 FASTST M M 5 MAX(MPH)
MISC ----> 38 240 60 220
================================================================================
NOTES:
# LAST OF SEVERAL OCCURRENCES
COLUMN 17 PEAK WIND IN M.P.H.
PRELIMINARY LOCAL CLIMATOLOGICAL DATA (WS FORM: F-6) , PAGE 2
STATION: NEW PHILADELPHIA OH
MONTH: MARCH
YEAR: 2023
LATITUDE: 40 28 N
LONGITUDE: 81 25 W
[TEMPERATURE DATA] [PRECIPITATION DATA] SYMBOLS USED IN COLUMN 16
AVERAGE MONTHLY: 40.7 TOTAL FOR MONTH: 4.00 1 = FOG OR MIST
DPTR FM NORMAL: 0.7 DPTR FM NORMAL: 0.95 2 = FOG REDUCING VISIBILITY
HIGHEST: 72 ON 1 GRTST 24HR 1.17 ON 3- 4 TO 1/4 MILE OR LESS
LOWEST: 18 ON 19 3 = THUNDER
SNOW, ICE PELLETS, HAIL 4 = ICE PELLETS
TOTAL MONTH: M 5 = HAIL
GRTST 24HR M ON M 6 = FREEZING RAIN OR DRIZZLE
GRTST DEPTH: M ON M 7 = DUSTSTORM OR SANDSTORM:
VSBY 1/2 MILE OR LESS
8 = SMOKE OR HAZE
[NO. OF DAYS WITH] [WEATHER - DAYS WITH] 9 = BLOWING SNOW
X = TORNADO
MAX 32 OR BELOW: 1 0.01 INCH OR MORE: 14
MAX 90 OR ABOVE: 0 0.10 INCH OR MORE: 8
MIN 32 OR BELOW: 22 0.50 INCH OR MORE: 3
MIN 0 OR BELOW: 0 1.00 INCH OR MORE: 1
[HDD (BASE 65) ]
TOTAL THIS MO. 742 CLEAR (SCALE 0-3) 11
DPTR FM NORMAL -34 PTCLDY (SCALE 4-7) 10
TOTAL FM JUL 1 4340 CLOUDY (SCALE 8-10) 10
DPTR FM NORMAL -610
[CDD (BASE 65) ]
TOTAL THIS MO. 0
DPTR FM NORMAL -1 [PRESSURE DATA]
TOTAL FM JAN 1 0 HIGHEST SLP M ON M
DPTR FM NORMAL -1 LOWEST SLP 29.02 ON 3
[REMARKS]
#FINAL-03-23#