000
CXUS51 KPHI 010815
CF6PHL
PRELIMINARY LOCAL CLIMATOLOGICAL DATA (WS FORM: F-6)
STATION: PHILADELPHIA PA
MONTH: APRIL
YEAR: 2020
LATITUDE: 39 52 N
LONGITUDE: 75 15 W
TEMPERATURE IN F: :PCPN: SNOW: WIND :SUNSHINE: SKY :PK WND
================================================================================
1 2 3 4 5 6A 6B 7 8 9 10 11 12 13 14 15 16 17 18
12Z AVG MX 2MIN
DY MAX MIN AVG DEP HDD CDD WTR SNW DPTH SPD SPD DIR MIN PSBL S-S WX SPD DR
================================================================================
1 56 40 48 -1 17 0 0.00 0.0 0 12.8 25 330 M M 6 30 330
2 58 40 49 0 16 0 0.00 0.0 0 19.6 33 320 M M 2 41 300
3 58 48 53 3 12 0 T 0.0 0 18.7 30 320 M M 8 42 320
4 57 48 53 3 12 0 T 0.0 0 7.5 18 340 M M 8 24 350
5 67 43 55 5 10 0 0.00 0.0 0 7.6 15 220 M M 7 20 220
6 66 49 58 7 7 0 T 0.0 0 8.7 16 320 M M 5 22 330
7 66 44 55 4 10 0 0.00 0.0 0 6.2 14 230 M M 8 18 180
8 75 48 62 11 3 0 0.27 0.0 0 9.8 21 310 M M 6 13 27 290
9 67 45 56 4 9 0 0.05 0.0 0 14.3 43 290 M M 7 13 59 290
10 50 40 45 -7 20 0 0.00 0.0 0 23.0 38 270 M M 6 53 300
11 57 36 47 -5 18 0 0.00 0.0 0 12.1 25 280 M M 3 32 290
12 69 39 54 1 11 0 0.07 0.0 0 8.7 25 180 M M 7 38 180
13 72 53 63 10 2 0 1.62 0.0 0 17.5 37 180 M M 8 138 49 170
14 58 45 52 -2 13 0 T 0.0 0 9.5 21 320 M M 7 27 320
15 52 40 46 -8 19 0 0.03 0.0 0 11.2 21 330 M M 5 27 300
16 50 40 45 -9 20 0 0.00 0.0 0 13.2 23 310 M M 5 30 280
17 53 34 44 -11 21 0 T 0.0 0 7.0 16 240 M M 6 22 240
18 49 37 43 -12 22 0 0.06 0.0 0 9.9 28 330 M M 7 1 33 320
19 62 35 49 -6 16 0 0.00 0.0 0 10.9 25 210 M M 4 31 210
20 58 46 52 -4 13 0 0.00 0.0 0 8.1 20 40 M M 8 26 50
21 64 41 53 -3 12 0 0.10 0.0 0 14.1 45 290 M M 4 3 58 290
22 54 35 45 -11 20 0 0.00 0.0 0 15.6 31 270 M M 1 37 260
23 59 41 50 -7 15 0 0.46 0.0 0 7.3 16 70 M M 9 1 20 70
24 51 45 48 -9 17 0 0.59 0.0 0 9.2 16 40 M M 10 18 21 40
25 68 43 56 -1 9 0 0.02 0.0 0 5.0 17 130 M M 7 1 21 130
26 51 45 48 -10 17 0 0.13 0.0 0 10.4 16 20 M M 10 1 23 70
27 55 42 49 -9 16 0 0.01 0.0 0 13.2 28 320 M M 8 18 33 320
28 64 42 53 -5 12 0 0.00 0.0 0 9.0 17 230 M M 6 21 180
29 68 50 59 0 6 0 0.00 0.0 0 12.7 25 100 M M 8 32 110
30 69 57 63 4 2 0 0.34 0.0 0 15.0 35 150 M M 10 18 48 140
================================================================================
SM 1803 1291 397 0 3.75 0.0 347.8 M 196
================================================================================
AV 60.1 43.0 11.6 FASTST M M 7 MAX(MPH)
MISC ----> 45 290 59 290
================================================================================
NOTES:
# LAST OF SEVERAL OCCURRENCES
COLUMN 17 PEAK WIND IN M.P.H.
PRELIMINARY LOCAL CLIMATOLOGICAL DATA (WS FORM: F-6) , PAGE 2
STATION: PHILADELPHIA PA
MONTH: APRIL
YEAR: 2020
LATITUDE: 39 52 N
LONGITUDE: 75 15 W
[TEMPERATURE DATA] [PRECIPITATION DATA] SYMBOLS USED IN COLUMN 16
AVERAGE MONTHLY: 51.6 TOTAL FOR MONTH: 3.75 1 = FOG OR MIST
DPTR FM NORMAL: -2.4 DPTR FM NORMAL: 0.19 2 = FOG REDUCING VISIBILITY
HIGHEST: 75 ON 8 GRTST 24HR 1.69 ON 12-13 TO 1/4 MILE OR LESS
LOWEST: 34 ON 17 3 = THUNDER
SNOW, ICE PELLETS, HAIL 4 = ICE PELLETS
TOTAL MONTH: 0.0 INCH 5 = HAIL
GRTST 24HR 0.0 6 = FREEZING RAIN OR DRIZZLE
GRTST DEPTH: 0 7 = DUSTSTORM OR SANDSTORM:
VSBY 1/2 MILE OR LESS
8 = SMOKE OR HAZE
[NO. OF DAYS WITH] [WEATHER - DAYS WITH] 9 = BLOWING SNOW
X = TORNADO
MAX 32 OR BELOW: 0 0.01 INCH OR MORE: 13
MAX 90 OR ABOVE: 0 0.10 INCH OR MORE: 7
MIN 32 OR BELOW: 0 0.50 INCH OR MORE: 2
MIN 0 OR BELOW: 0 1.00 INCH OR MORE: 1
[HDD (BASE 65) ]
TOTAL THIS MO. 397 CLEAR (SCALE 0-3) 3
DPTR FM NORMAL 54 PTCLDY (SCALE 4-7) 20
TOTAL FM JUL 1 3991 CLOUDY (SCALE 8-10) 7
DPTR FM NORMAL -499
[CDD (BASE 65) ]
TOTAL THIS MO. 0
DPTR FM NORMAL -12 [PRESSURE DATA]
TOTAL FM JAN 1 0 HIGHEST SLP 30.37 ON 17
DPTR FM NORMAL -13 LOWEST SLP 29.21 ON 9
[REMARKS]
#FINAL-04-20#