000
CXUS53 KUNR 011526
CLMPHP
CLIMATE REPORT
NATIONAL WEATHER SERVICE RAPID CITY SD
926 AM MDT SAT APR 01 2023
...................................
...THE PHILIP SD CLIMATE SUMMARY FOR THE MONTH OF MARCH 2023...
CLIMATE NORMAL PERIOD 1991 TO 2020
CLIMATE RECORD PERIOD 9999 TO 9999
WEATHER OBSERVED NORMAL DEPART LAST YEAR`S
VALUE DATE(S) VALUE FROM VALUE DATE(S)
NORMAL
................................................................
TEMPERATURE (F)
HIGHEST 55 03/24 77 03/20
LOWEST 2 03/09 1 03/10
AVG. MAXIMUM 35.7 48.9 -13.2 51.0
AVG. MINIMUM 16.1 22.1 -6.0 19.1
MEAN 25.9 35.5 -9.6 35.0
DAYS MAX >= 90 0 0
DAYS MAX <= 32 8 8
DAYS MIN <= 32 24 30
DAYS MIN <= 0 0 0
PRECIPITATION (INCHES)
TOTALS MM 0.89 MM 0.02
DAILY AVG. MM 0.03 MM 0.00
DAYS >= .01 MM 2
DAYS >= .10 MM 0
DAYS >= .50 MM 0
DAYS >= 1.00 MM 0
GREATEST
24 HR. TOTAL MM 2.13
DEGREE DAYS
HEATING TOTAL 890 915 -25 921
SINCE 7/1 6176 6204 -28 MM
COOLING TOTAL 0 0 0 0
SINCE 1/1 0 0 0 MM
................................................................
WIND (MPH)
AVERAGE WIND SPEED 9.1
HIGHEST WIND SPEED/DIRECTION MM DATE MM
HIGHEST GUST SPEED/DIRECTION MM DATE MM
AVERAGE RH (PERCENT) 79
WEATHER CONDITIONS. NUMBER OF DAYS WITH
THUNDERSTORM 0 MIXED PRECIP 0
HEAVY RAIN 0 RAIN 0
LIGHT RAIN 0 FREEZING RAIN 0
LT FREEZING RAIN 1 HAIL 0
HEAVY SNOW 1 SNOW 2
LIGHT SNOW 10 SLEET 0
FOG 14 FOG W/VIS <= 1/4 MILE 4
HAZE 0
- INDICATES NEGATIVE NUMBERS.
R INDICATES RECORD WAS SET OR TIED.
MM INDICATES DATA IS MISSING.
T INDICATES TRACE AMOUNT.
$$