000
CXUS55 KPIH 020705 CCA
CF6PIH
PRELIMINARY LOCAL CLIMATOLOGICAL DATA (WS FORM: F-6)
STATION: POCATELLO
MONTH: JULY
YEAR: 2021
LATITUDE: 42 55 N
LONGITUDE: 112 36 W
TEMPERATURE IN F: :PCPN: SNOW: WIND :SUNSHINE: SKY :PK WND
================================================================================
1 2 3 4 5 6A 6B 7 8 9 10 11 12 13 14 15 16 17 18
12Z AVG MX 2MIN
DY MAX MIN AVG DEP HDD CDD WTR SNW DPTH SPD SPD DIR MIN PSBL S-S WX SPD DR
================================================================================
1 93 59 76 9 0 11 T 0.0 0 7.8 22 270 M M 2 3 27 270
2 94 53 74 7 0 9 0.00 0.0 0 5.8 18 330 M M 1 28 340
3 98 56 77 9 0 12 0.00 0.0 0 6.5 23 270 M M 1 31 270
4 96 54 75 7 0 10 T 0.0 0 8.4 28 250 M M 2 35 260
5 90 62 76 8 0 11 T 0.0 0 6.0 16 350 M M 3 21 120
6 97 53 75 6 0 10 0.00 0.0 0 4.3 17 260 M M 1 8 21 250
7 102 56 79 10 0 14 0.00 0.0 0 8.4 40 230 M M 1 78 53 230
8 95 59 77 8 0 12 0.00 0.0 0 10.1 21 230 M M 0 8 26 230
9 92 49 71 1 0 6 0.00 0.0 0 16.3 32 240 M M 0 8 40 250
10 93 48 71 1 0 6 0.00 0.0 0 4.7 15 210 M M 1 8 19 50
11 99 50 75 5 0 10 0.00 0.0 0 8.1 21 260 M M 0 27 250
12 97 57 77 7 0 12 0.00 0.0 0 6.3 14 220 M M 0 8 19 10
13 96 54 75 4 0 10 0.00 0.0 0 13.0 26 240 M M 0 8 33 250
14 92 51 72 1 0 7 0.00 0.0 0 4.7 13 30 M M 0 8 17 310
15 97 57 77 6 0 12 0.00 0.0 0 11.5 31 190 M M 0 40 180
16 95 60 78 7 0 13 0.00 0.0 0 10.9 32 180 M M 0 8 43 160
17 94 54 74 2 0 9 T 0.0 0 7.0 41 170 M M 2 65 190
18 100 50 75 3 0 10 0.00 0.0 0 4.6 12 320 M M 1 20 330
19 92 61 77 5 0 12 0.00 0.0 0 7.2 21 250 M M 1 25 250
20 90 65 78 6 0 13 T 0.0 0 9.3 23 230 M M 4 29 250
21 93 54 74 2 0 9 T 0.0 0 5.4 28 270 M M 1 3 35 260
22 94 62 78 6 0 13 T 0.0 0 8.9 25 160 M M 2 3 32 150
23 92 56 74 2 0 9 0.00 0.0 0 10.3 22 230 M M 0 26 230
24 92 54 73 1 0 8 0.00 0.0 0 8.0 15 220 M M 0 21 210
25 94 48 71 -1 0 6 0.00 0.0 0 5.8 13 300 M M 1 19 310
26 99 51 75 2 0 10 0.00 0.0 0 5.9 15 220 M M 0 8 21 240
27 95 64 80 7 0 15 0.00 0.0 0 8.3 26 230 M M 1 33 240
28 94 68 81 8 0 16 0.00 0.0 0 10.5 22 230 M M 1 3 27 240
29 93 61 77 5 0 12 0.00 0.0 0 6.2 24 350 M M 1 34 10
30 89 57 73 1 0 8 0.01 0.0 0 6.9 24 130 M M 1 3 34 130
31 80 60 70 -2 0 5 0.06 0.0 0 5.4 12 020 M M 3 12 020
================================================================================
SM 2917 1743 0 320 0.07 0.0 242.5 M 29
================================================================================
AV 94.1 56.2 7.8 FASTST M M 1 MAX(MPH)
MISC ----> 41 170 65 190
================================================================================
NOTES:
# LAST OF SEVERAL OCCURRENCES
COLUMN 17 PEAK WIND IN M.P.H.
31ST: LOSS OF DATA FROM 1238 PM MDT ON THE 31ST TO 153 PM MDT THEN
AGAIN AFTER 853 PM MDT. TEMPERATURES AND PRECIPITATION AUGMENTED BY
POCATELLO WFO.
PRELIMINARY LOCAL CLIMATOLOGICAL DATA (WS FORM: F-6) , PAGE 2
STATION: POCATELLO
MONTH: JULY
YEAR: 2021
LATITUDE: 42 55 N
LONGITUDE: 112 36 W
[TEMPERATURE DATA] [PRECIPITATION DATA] SYMBOLS USED IN COLUMN 16
AVERAGE MONTHLY: 75.2 TOTAL FOR MONTH: 0.07 1 = FOG OR MIST
DPTR FM NORMAL: 4.4 DPTR FM NORMAL: -0.44 2 = FOG REDUCING
VISIBILITY
HIGHEST: 102 ON 7 GRTST 24HR 0.06 ON 31-31 TO 1/4 MILE OR LESS
LOWEST: 48 ON 25,10 3 = THUNDER
SNOW, ICE PELLETS, HAIL 4 = ICE PELLETS
TOTAL MONTH: 0.0 INCH 5 = HAIL
GRTST 24HR 0.0 6 = FREEZING RAIN OR DRIZZLE
GRTST DEPTH: 0 7 = DUSTSTORM OR SANDSTORM:
VSBY 1/2 MILE OR LESS
8 = SMOKE OR HAZE
[NO. OF DAYS WITH] [WEATHER - DAYS WITH] 9 = BLOWING SNOW
X = TORNADO
MAX 32 OR BELOW: 0 0.01 INCH OR MORE: 2
MAX 90 OR ABOVE: 29 0.10 INCH OR MORE: 0
MIN 32 OR BELOW: 0 0.50 INCH OR MORE: 0
MIN 0 OR BELOW: 0 1.00 INCH OR MORE: 0
[HDD (BASE 65) ]
TOTAL THIS MO. 0 CLEAR (SCALE 0-3) 30
DPTR FM NORMAL -12 PTCLDY (SCALE 4-7) 1
TOTAL FM JUL 1 0 CLOUDY (SCALE 8-10) 0
DPTR FM NORMAL -12
[CDD (BASE 65) ]
TOTAL THIS MO. 320
DPTR FM NORMAL 125 [PRESSURE DATA]
TOTAL FM JAN 1 501 HIGHEST SLP M ON M
DPTR FM NORMAL 255 LOWEST SLP 29.69 ON 7
[REMARKS]
7TH: HIGH OF 102 BREAKS PREVIOUS RECORD OF 98 SET IN 2002.
#FINAL-07-21#