000
CXUS54 KBRO 020710
CF6PIL
PRELIMINARY LOCAL CLIMATOLOGICAL DATA (WS FORM: F-6)
STATION: BAYVIEW
MONTH: NOVEMBER
YEAR: 2022
LATITUDE: 26 10 N
LONGITUDE: 97 20 W
TEMPERATURE IN F: :PCPN: SNOW: WIND :SUNSHINE: SKY :PK WND
================================================================================
1 2 3 4 5 6A 6B 7 8 9 10 11 12 13 14 15 16 17 18
12Z AVG MX 2MIN
DY MAX MIN AVG DEP HDD CDD WTR SNW DPTH SPD SPD DIR MIN PSBL S-S WX SPD DR
================================================================================
1 84 71 78 5 0 13 0.06 0.0 0 10.5 25 30 M M 9 1 33 40
2 81 70 76 3 0 11 0.00 0.0 0 5.3 10 310 M M 6 12 13 80
3 87 69 78 6 0 13 0.00 0.0 0 11.1 23 130 M M 5 12 29 120
4 90 78 84 12 0 19 T 0.0 0 16.5 30 160 M M 3 38 160
5 81 74 78 6 0 13 0.04 0.0 0 9.0 22 10 M M 7 18 29 10
6 88 70 79 7 0 14 0.00 0.0 0 9.7 20 130 M M 7 25 120
7 86 77 82 11 0 17 T 0.0 0 11.8 18 110 M M 4 25 130
8 85 70 78 7 0 13 0.16 0.0 0 8.3 18 60 M M 3 1 25 60
9 85 70 78 7 0 13 T 0.0 0 9.1 17 120 M M 1 23 110
10 87 70 79 8 0 14 T 0.0 0 8.6 20 120 M M 1 27 130
11 87 67 77 7 0 12 0.16 0.0 0 10.0 30 360 M M 3 1 40 360
12 67 50 59 -11 6 0 0.34 0.0 0 18.3 29 350 M M 9 13 38 350
13 69 55 62 -8 3 0 T 0.0 0 10.4 16 360 M M 10 21 330
14 85 64 75 5 0 10 0.02 0.0 0 9.7 22 360 M M 8 1 32 360
15 65 54 60 -9 5 0 T 0.0 0 15.6 26 360 M M 9 36 360
16 58 49 54 -15 11 0 0.01 0.0 0 17.2 23 330 M M 10 1 28 330
17 62 49 56 -13 9 0 M 0.0 0 14.2 21 320 M M 10 1 28 330
18 66 55 61 -8 4 0 M 0.0 0 10.1 15 60 M M 10 1 22 50
19 67 48 58 -10 7 0 M 0.0 0 24.0 36 330 M M 10 1 49 330
20 49 44 47 -21 18 0 M 0.0 0 20.5 29 340 M M 10 1 40 330
21 51 47 49 -19 16 0 M 0.0 0 20.3 24 330 M M 10 1 34 340
22 55 49 52 -16 13 0 M 0.0 0 16.0 22 340 M M 10 1 30 340
23 72 55 64 -4 1 0 M 0.0 0 6.9 13 300 M M 10 1 16 310
24 82 62 72 5 0 7 M 0.0 0 5.1 15 160 M M 8 12 22 160
25 70 62 66 -1 0 1 M 0.0 0 11.7 20 330 M M 10 1 25 330
26 70 55 63 -4 2 0 M 0.0 0 12.0 28 300 M M 5 1 38 300
27 81 54 68 1 0 3 M 0.0 0 7.8 17 170 M M 1 24 180
28 80 66 73 7 0 8 M 0.0 0 6.5 13 160 M M 8 1 17 160
29 86 73 80 14 0 15 0.00 0.0 0 13.0 24 190 M M 6 1 37 210
30 76 62 69 3 0 4 T 0.0 0 14.4 31 10 M M 10 12 39 360
================================================================================
SM 2252 1839 95 200 0.79 0.0 363.6 M 213
================================================================================
AV 75.1 61.3 12.1 FASTST M M 7 MAX(MPH)
MISC ----> 36 330 49 330
================================================================================
NOTES:
# LAST OF SEVERAL OCCURRENCES
COLUMN 17 PEAK WIND IN M.P.H.
PRELIMINARY LOCAL CLIMATOLOGICAL DATA (WS FORM: F-6) , PAGE 2
STATION: BAYVIEW
MONTH: NOVEMBER
YEAR: 2022
LATITUDE: 26 10 N
LONGITUDE: 97 20 W
[TEMPERATURE DATA] [PRECIPITATION DATA] SYMBOLS USED IN COLUMN 16
AVERAGE MONTHLY: 68.2 TOTAL FOR MONTH: 0.79 1 = FOG OR MIST
DPTR FM NORMAL: -1.2 DPTR FM NORMAL: -1.12 2 = FOG REDUCING VISIBILITY
HIGHEST: 90 ON 4 GRTST 24HR 0.55 ON 21-22 TO 1/4 MILE OR LESS
LOWEST: 44 ON 20 3 = THUNDER
SNOW, ICE PELLETS, HAIL 4 = ICE PELLETS
TOTAL MONTH: 0.0 INCH 5 = HAIL
GRTST 24HR 0.0 6 = FREEZING RAIN OR DRIZZLE
GRTST DEPTH: 0 7 = DUSTSTORM OR SANDSTORM:
VSBY 1/2 MILE OR LESS
8 = SMOKE OR HAZE
[NO. OF DAYS WITH] [WEATHER - DAYS WITH] 9 = BLOWING SNOW
X = TORNADO
MAX 32 OR BELOW: 0 0.01 INCH OR MORE: 7
MAX 90 OR ABOVE: 1 0.10 INCH OR MORE: 3
MIN 32 OR BELOW: 0 0.50 INCH OR MORE: 0
MIN 0 OR BELOW: 0 1.00 INCH OR MORE: 0
[HDD (BASE 65) ]
TOTAL THIS MO. 95 CLEAR (SCALE 0-3) 5
DPTR FM NORMAL 45 PTCLDY (SCALE 4-7) 11
TOTAL FM JUL 1 95 CLOUDY (SCALE 8-10) 14
DPTR FM NORMAL 43
[CDD (BASE 65) ]
TOTAL THIS MO. 200
DPTR FM NORMAL 20 [PRESSURE DATA]
TOTAL FM JAN 1 4171 HIGHEST SLP 30.39 ON 17
DPTR FM NORMAL 118 LOWEST SLP 29.71 ON 11
[REMARKS]
#FINAL-11-22#