000
CXUS53 KABR 011200
CF6PIR
PRELIMINARY LOCAL CLIMATOLOGICAL DATA (WS FORM: F-6)
STATION: PIERRE SD
MONTH: FEBRUARY
YEAR: 2024
LATITUDE: 44 22 N
LONGITUDE: 100 17 W
TEMPERATURE IN F: :PCPN: SNOW: WIND :SUNSHINE: SKY :PK WND
================================================================================
1 2 3 4 5 6A 6B 7 8 9 10 11 12 13 14 15 16 17 18
12Z AVG MX 2MIN
DY MAX MIN AVG DEP HDD CDD WTR SNW DPTH SPD SPD DIR MIN PSBL S-S WX SPD DR
================================================================================
1 39 24 32 12 33 0 0.00 0.0 4 3.3 9 10 M M 4 12 10 20
2 34 26 30 10 35 0 0.00 0.0 4 12.5 18 120 M M 9 12 25 120
3 35 33 34 14 31 0 0.02 0.0 3 12.5 21 120 M M 10 12 26 120
4 36 33 35 15 30 0 0.00 0.0 3 4.6 9 130 M M 10 12 11 120
5 48 32 40 19 25 0 0.00 0.0 2 11.4 21 220 M M 6 12 28 220
6 51 30 41 20 24 0 0.00 0.0 1 8.4 17 80 M M 3 12 23 240
7 43 35 39 18 26 0 T 0.0 1 7.5 14 130 M M 10 12 18 50
8 39 32 36 15 29 0 0.10 T T 18.0 30 310 M M 10 1 43 310
9 34 28 31 10 34 0 T T T 14.4 26 310 M M 10 1 34 310
10 36 21 29 7 36 0 0.00 0.0 T 6.5 14 340 M M 9 18 340
11 49 21 35 13 30 0 0.00 0.0 0 9.5 23 290 M M 2 31 310
12 43 28 36 14 29 0 0.00 0.0 0 4.9 13 340 M M 9 16 340
13 47 28 38 16 27 0 T T 0 5.9 16 290 M M 7 20 310
14 31 24 28 5 37 0 0.40 4.0 1 9.8 21 50 M M 9 12 26 50
15 24 5 15 -8 50 0 0.05 0.5 4 3.2 13 330 M M 7 1 17 330
16 20 5 13 -10 52 0 0.02 0.2 4 15.8 25 360 M M 5 1 31 360
17 32 6 19 -5 46 0 0.00 0.0 4 17.3 25 260 M M 0 33 280
18 31 15 23 -1 42 0 0.00 0.0 4 9.1 18 280 M M 0 22 280
19 42 24 33 9 32 0 0.00 0.0 3 9.3 18 310 M M 0 21 310
20 45 19 32 8 33 0 0.00 0.0 2 3.6 12 300 M M 0 13 310
21 52 25 39 14 26 0 0.00 0.0 1 3.0 15 310 M M 0 17 310
22 54 32 43 18 22 0 0.00 0.0 1 13.1 21 310 M M 0 25 310
23 52 26 39 13 26 0 0.00 0.0 T 13.9 26 320 M M 0 1 33 360
24 62 24 43 17 22 0 0.00 0.0 T 11.1 31 290 M M 2 1 41 300
25 53 31 42 16 23 0 0.00 0.0 0 7.9 20 140 M M 4 26 150
26 71 29 50 23 15 0 0.00 0.0 0 7.7 20 150 M M 0 26 140
27 45 5 25 -2 40 0 0.02 T T 24.2 47 340 M M 7 61 340
28 41 3 22 -6 43 0 0.00 0.0 T 7.8 15 130 M M 0 20 130
29 63 19 41 13 24 0 0.00 0.0 0 5.8 14 170 M M 0 18 210
================================================================================
SM 1252 663 922 0 0.61 4.7 282.0 M 133
================================================================================
AV 43.2 22.9 9.7 FASTST M M 5 MAX(MPH)
MISC ----> 47 340 61 340
================================================================================
NOTES:
# LAST OF SEVERAL OCCURRENCES
COLUMN 17 PEAK WIND IN M.P.H.
PRELIMINARY LOCAL CLIMATOLOGICAL DATA (WS FORM: F-6) , PAGE 2
STATION: PIERRE SD
MONTH: FEBRUARY
YEAR: 2024
LATITUDE: 44 22 N
LONGITUDE: 100 17 W
[TEMPERATURE DATA] [PRECIPITATION DATA] SYMBOLS USED IN COLUMN 16
AVERAGE MONTHLY: 33.0 TOTAL FOR MONTH: 0.61 1 = FOG OR MIST
DPTR FM NORMAL: 9.8 DPTR FM NORMAL: -0.13 2 = FOG REDUCING VISIBILITY
HIGHEST: 71 ON 26 GRTST 24HR 0.40 ON 14-14 TO 1/4 MILE OR LESS
LOWEST: 3 ON 28 3 = THUNDER
SNOW, ICE PELLETS, HAIL 4 = ICE PELLETS
TOTAL MONTH: 4.7 INCHES 5 = HAIL
GRTST 24HR 4.0 ON 14-14 6 = FREEZING RAIN OR DRIZZLE
GRTST DEPTH: 5 ON M 7 = DUSTSTORM OR SANDSTORM:
VSBY 1/2 MILE OR LESS
8 = SMOKE OR HAZE
[NO. OF DAYS WITH] [WEATHER - DAYS WITH] 9 = BLOWING SNOW
X = TORNADO
MAX 32 OR BELOW: 5 0.01 INCH OR MORE: 6
MAX 90 OR ABOVE: 0 0.10 INCH OR MORE: 2
MIN 32 OR BELOW: 26 0.50 INCH OR MORE: 0
MIN 0 OR BELOW: 0 1.00 INCH OR MORE: 0
[HDD (BASE 65) ]
TOTAL THIS MO. 922 CLEAR (SCALE 0-3) 13
DPTR FM NORMAL -250 PTCLDY (SCALE 4-7) 7
TOTAL FM JUL 1 4881 CLOUDY (SCALE 8-10) 9
DPTR FM NORMAL -697
[CDD (BASE 65) ]
TOTAL THIS MO. 0
DPTR FM NORMAL 0 [PRESSURE DATA]
TOTAL FM JAN 1 0 HIGHEST SLP 30.56 ON 16
DPTR FM NORMAL 0 LOWEST SLP 29.21 ON 26
[REMARKS]
#FINAL-02-24#