000
CXUS53 KABR 011100
CF6PIR
PRELIMINARY LOCAL CLIMATOLOGICAL DATA (WS FORM: F-6)
STATION: PIERRE SD
MONTH: OCTOBER
YEAR: 2023
LATITUDE: 44 22 N
LONGITUDE: 100 17 W
TEMPERATURE IN F: :PCPN: SNOW: WIND :SUNSHINE: SKY :PK WND
================================================================================
1 2 3 4 5 6A 6B 7 8 9 10 11 12 13 14 15 16 17 18
12Z AVG MX 2MIN
DY MAX MIN AVG DEP HDD CDD WTR SNW DPTH SPD SPD DIR MIN PSBL S-S WX SPD DR
================================================================================
1 90 64 77 21 0 12 T 0.0 0 12.9 31 160 M M 0 3 42 190
2 78 55 67 11 0 2 0.00 0.0 0 7.5 21 300 M M 0 27 260
3 78 56 67 12 0 2 T 0.0 0 12.5 26 300 M M 3 35 220
4 69 50 60 5 5 0 0.07 0.0 0 10.0 26 320 M M 5 1 33 300
5 63 47 55 1 10 0 T 0.0 0 20.3 35 310 M M 2 46 300
6 53 35 44 -10 21 0 T 0.0 0 18.6 38 320 M M 5 54 340
7 69 28 49 -4 16 0 0.00 0.0 0 5.6 13 290 M M 0 16 280
8 69 42 56 3 9 0 0.00 0.0 0 8.0 15 360 M M 0 20 340
9 67 33 50 -2 15 0 0.00 0.0 0 4.0 9 90 M M 0 15 160
10 66 35 51 -1 14 0 0.00 0.0 0 12.1 20 130 M M 0 26 130
11 69 39 54 3 11 0 0.00 0.0 0 14.9 23 110 M M 1 33 80
12 52 44 48 -2 17 0 1.48 0.0 0 26.2 41 50 M M 10 1 59 60
13 46 43 45 -5 20 0 0.59 0.0 0 20.5 32 30 M M 10 1 44 30
14 52 35 44 -5 21 0 0.02 0.0 0 6.4 15 10 M M 9 1 21 350
15 55 35 45 -4 20 0 0.00 0.0 0 3.6 9 320 M M 5 12 340
16 64 30 47 -1 18 0 0.00 0.0 0 3.9 10 160 M M 0 15 170
17 79 40 60 12 5 0 T 0.0 0 8.8 37 340 M M 0 55 340
18 63 48 56 9 9 0 0.01 0.0 0 20.4 38 320 M M 6 50 330
19 76 45 61 14 4 0 0.00 0.0 0 9.3 24 330 M M 0 31 360
20 80 38 59 13 6 0 0.00 0.0 0 9.3 23 320 M M 0 30 310
21 65 39 52 6 13 0 0.00 0.0 0 7.0 13 350 M M 0 18 350
22 60 38 49 4 16 0 0.00 0.0 0 12.7 22 130 M M 1 28 140
23 70 38 54 9 11 0 0.00 0.0 0 8.4 20 20 M M 0 26 20
24 53 36 45 1 20 0 0.02 0.0 0 9.1 20 10 M M 8 1 24 360
25 49 34 42 -2 23 0 0.02 0.0 0 9.0 21 130 M M 8 12 28 120
26 47 25 36 -7 29 0 0.26 1.7 0 17.2 31 330 M M 10 16 40 320
27 27 16 22 -21 43 0 0.00 0.0 2 15.5 30 320 M M 4 42 330
28 27 16 22 -20 43 0 0.09 1.0 1 7.3 13 330 M M 8 1 18 310
29 32 16 24 -18 41 0 T T 2 13.7 29 330 M M 5 1 38 310
30 44 18 31 -10 34 0 T T 1 17.9 35 320 M M 3 49 330
31 30 14 22 -19 43 0 0.00 0.0 0 10.2 25 340 M M 3 35 350
================================================================================
SM 1842 1132 537 16 2.56 2.7 362.8 M 106
================================================================================
AV 59.4 36.5 11.7 FASTST M M 3 MAX(MPH)
MISC ----> 41 50 59 60
================================================================================
NOTES:
# LAST OF SEVERAL OCCURRENCES
COLUMN 17 PEAK WIND IN M.P.H.
PRELIMINARY LOCAL CLIMATOLOGICAL DATA (WS FORM: F-6) , PAGE 2
STATION: PIERRE SD
MONTH: OCTOBER
YEAR: 2023
LATITUDE: 44 22 N
LONGITUDE: 100 17 W
[TEMPERATURE DATA] [PRECIPITATION DATA] SYMBOLS USED IN COLUMN 16
AVERAGE MONTHLY: 48.0 TOTAL FOR MONTH: 2.56 1 = FOG OR MIST
DPTR FM NORMAL: -0.5 DPTR FM NORMAL: 0.87 2 = FOG REDUCING VISIBILITY
HIGHEST: 90 ON 1 GRTST 24HR 1.97 ON 12-13 TO 1/4 MILE OR LESS
LOWEST: 14 ON 31 3 = THUNDER
SNOW, ICE PELLETS, HAIL 4 = ICE PELLETS
TOTAL MONTH: 2.7 INCHES 5 = HAIL
GRTST 24HR 1.7 ON 26-26 6 = FREEZING RAIN OR DRIZZLE
GRTST DEPTH: 2 ON 29,27 7 = DUSTSTORM OR SANDSTORM:
VSBY 1/2 MILE OR LESS
8 = SMOKE OR HAZE
[NO. OF DAYS WITH] [WEATHER - DAYS WITH] 9 = BLOWING SNOW
X = TORNADO
MAX 32 OR BELOW: 4 0.01 INCH OR MORE: 9
MAX 90 OR ABOVE: 1 0.10 INCH OR MORE: 3
MIN 32 OR BELOW: 8 0.50 INCH OR MORE: 2
MIN 0 OR BELOW: 0 1.00 INCH OR MORE: 1
[HDD (BASE 65) ]
TOTAL THIS MO. 537 CLEAR (SCALE 0-3) 18
DPTR FM NORMAL 18 PTCLDY (SCALE 4-7) 7
TOTAL FM JUL 1 599 CLOUDY (SCALE 8-10) 6
DPTR FM NORMAL -75
[CDD (BASE 65) ]
TOTAL THIS MO. 16
DPTR FM NORMAL 10 [PRESSURE DATA]
TOTAL FM JAN 1 988 HIGHEST SLP 30.59 ON 31
DPTR FM NORMAL 152 LOWEST SLP 29.50 ON 11
[REMARKS]
#FINAL-10-23#