000
CXUS51 KRLX 012127
CLMPKB
CLIMATE REPORT
NATIONAL WEATHER SERVICE CHARLESTON WV
427 PM EST FRI MAR 01 2024
...................................
...THE PARKERSBURG WV CLIMATE SUMMARY FOR THE MONTH OF FEBRUARY 2024...
CLIMATE NORMAL PERIOD: 1991 TO 2020
CLIMATE RECORD PERIOD: 1926 TO 2024
WEATHER OBSERVED NORMAL DEPART LAST YEAR`S
VALUE DATE(S) VALUE FROM VALUE
NORMAL
..............................................................
TEMPERATURE (F)
RECORD
HIGH 79 02/20/2018
02/24/2017
LOW -10 02/04/1996
HIGHEST 69 02/28 74
LOWEST 17 02/18 10
AVG. MAXIMUM 54.0 44.4 9.6 55.4
AVG. MINIMUM 30.3 25.7 4.6 31.7
MEAN 42.1 35.0 7.1 43.5
DAYS MAX <= 32 1 5.4 -4.4 2
DAYS MAX >= 80 0 0
DAYS MIN <= 32 20 21.8 -1.8 16
DAYS MIN <= 0 0 0.7 -0.7 0
DAYS MIN <= 10 0 1
PRECIPITATION (INCHES)
RECORD
MAXIMUM 7.42 1887
MINIMUM 0.47 1978
TOTALS 1.44 3.11 -1.67 2.61
DAILY AVG. 0.05 0.09
DAYS >= .01 9 12.2 -3.2 11
DAYS >= .10 3 6.2 -3.2 6
DAYS >= .50 1 1.9 -0.9 2
DAYS >= 1.00 0 0.4 -0.4 0
GREATEST
24 HR. TOTAL 0.77 02/22 TO 02/22 1.23
DEGREE DAYS
HEATING TOTAL 657 839 -182 594
SINCE 7/1 3233 3796 -563 MM
COOLING TOTAL 0 0 0 0
SINCE 1/1 0 0 0 MM
..............................................................
WIND (MPH)
AVERAGE WIND SPEED 5.6
HIGHEST WIND SPEED/DIRECTION 31/210 DATE 02/28
HIGHEST GUST SPEED/DIRECTION 45/270 DATE 02/28
SKY COVER
AVERAGE SKY COVER 0.35
NUMBER OF DAYS FAIR 14
NUMBER OF DAYS PC 10
NUMBER OF DAYS CLOUDY 5
AVERAGE RH (PERCENT) 60
WEATHER CONDITIONS. NUMBER OF DAYS WITH
THUNDERSTORM 4 MIXED PRECIP 0
HEAVY RAIN 1 RAIN 1
LIGHT RAIN 8 FREEZING RAIN 0
LT FREEZING RAIN 0 HAIL 0
HEAVY SNOW 0 SNOW 1
LIGHT SNOW 3 SLEET 0
FOG 7 FOG W/VIS <= 1/4 MILE 0
HAZE 1
- INDICATES NEGATIVE NUMBERS.
R INDICATES RECORD WAS SET OR TIED.
MM INDICATES DATA IS MISSING.
T INDICATES TRACE AMOUNT.
$$