000
CXUS53 KAPX 271518
CF6PLN
PRELIMINARY LOCAL CLIMATOLOGICAL DATA (WS FORM: F-6)
STATION: PELLSTON
MONTH: JANUARY
YEAR: 2023
LATITUDE: 45 34 N
LONGITUDE: 84 48 W
TEMPERATURE IN F: :PCPN: SNOW: WIND :SUNSHINE: SKY :PK WND
================================================================================
1 2 3 4 5 6A 6B 7 8 9 10 11 12 13 14 15 16 17 18
12Z AVG MX 2MIN
DY MAX MIN AVG DEP HDD CDD WTR SNW DPTH SPD SPD DIR MIN PSBL S-S WX SPD DR
================================================================================
1 37 31 34 13 31 0 0.01 M M 5.6 13 280 M M 10 1 17 290
2 37 33 35 15 30 0 0.00 M M 2.4 7 330 M M 10 10 340
3 38 32 35 15 30 0 0.21 M M 6.9 16 100 M M 10 1 23 80
4 36 30 33 13 32 0 0.15 M M 12.1 20 90 M M 10 1 30 80
5 33 29 31 11 34 0 0.05 M M 3.7 12 90 M M 10 1 16 90
6 33 18 26 7 39 0 T M M 4.6 12 310 M M 10 1 16 320
7 27 17 22 3 43 0 T M M 4.5 15 10 M M 9 18 19 10
8 32 22 27 8 38 0 0.00 M M 7.4 15 240 M M 8 25 240
9 33 29 31 12 34 0 0.00 M M 9.1 16 250 M M 10 1 30 280
10 30 27 29 11 36 0 T M M 9.8 16 110 M M 10 1 27 110
11 35 28 32 14 33 0 0.13 M M 6.0 15 150 M M 10 1 21 140
12 36 28 32 14 33 0 0.02 M M 9.5 21 30 M M 10 1 28 40
13 28 8 18 0 47 0 0.00 M M 11.1 20 20 M M 6 26 10
14 30 1 16 -2 49 0 0.00 M M 1.6 8 230 M M 2 12 220
15 41 22 32 14 33 0 0.00 M M 7.1 15 150 M M 4 22 140
16 38 29 34 16 31 0 0.22 M M 8.9 15 140 M M 8 1 21 150
17 37 34 36 19 29 0 0.22 M M 4.6 13 290 M M 10 1 18 290
18 35 31 33 16 32 0 T M M 8.8 16 300 M M 10 1 23 300
19 32 25 29 12 36 0 0.26 M M 14.3 24 70 M M 10 128 38 100
20 25 20 23 6 42 0 0.01 M M 7.8 14 320 M M 10 1 18 330
21 29 24 27 10 38 0 0.00 M M 4.5 15 240 M M 10 23 240
22 32 26 29 12 36 0 T M M 4.4 10 320 M M 10 16 14 210
23 31 17 24 7 41 0 0.06 M M 7.4 18 220 M M 10 128 29 250
24 32 29 31 15 34 0 0.01 M M 5.2 20 300 M M 10 18 27 310
25 33 23 28 12 37 0 0.03 M M 5.8 14 40 M M 10 1 19 50
26 29 2 16 0 49 0 T M M 7.1 17 320 M M 9 18 21 320
27 31 0 16 0 49 0 0.01 M M 11.3 24 290 M M 8 18 36 310
28 25 16 21 5 44 0 T M M 10.7 25 300 M M 10 8 40 300
29 23 8 16 0 49 0 T M M 5.1 16 330 M M 10 18 20 320
30 18 9 14 -2 51 0 0.01 M M 8.3 20 310 M M 9 18 29 250
31 17 -1 8 -8 57 0 T M M 6.9 17 210 M M 9 18 25 210
================================================================================
SM 973 647 1197 0 1.40 M 222.5 M 282
================================================================================
AV 31.4 20.9 7.2 FASTST M M 9 MAX(MPH)
MISC ----> 25 300 40 300
================================================================================
NOTES:
# LAST OF SEVERAL OCCURRENCES
COLUMN 17 PEAK WIND IN M.P.H.
PRELIMINARY LOCAL CLIMATOLOGICAL DATA (WS FORM: F-6) , PAGE 2
STATION: PELLSTON
MONTH: JANUARY
YEAR: 2023
LATITUDE: 45 34 N
LONGITUDE: 84 48 W
[TEMPERATURE DATA] [PRECIPITATION DATA] SYMBOLS USED IN COLUMN 16
AVERAGE MONTHLY: 26.1 TOTAL FOR MONTH: 1.40 1 = FOG OR MIST
DPTR FM NORMAL: 8.3 DPTR FM NORMAL: -0.21 2 = FOG REDUCING VISIBILITY
HIGHEST: 41 ON 15 GRTST 24HR 0.50 ON 19-20 TO 1/4 MILE OR LESS
LOWEST: -1 ON 31 3 = THUNDER
SNOW, ICE PELLETS, HAIL 4 = ICE PELLETS
TOTAL MONTH: M 5 = HAIL
GRTST 24HR M ON M 6 = FREEZING RAIN OR DRIZZLE
GRTST DEPTH: M ON M 7 = DUSTSTORM OR SANDSTORM:
VSBY 1/2 MILE OR LESS
8 = SMOKE OR HAZE
[NO. OF DAYS WITH] [WEATHER - DAYS WITH] 9 = BLOWING SNOW
X = TORNADO
MAX 32 OR BELOW: 17 0.01 INCH OR MORE: 15
MAX 90 OR ABOVE: 0 0.10 INCH OR MORE: 6
MIN 32 OR BELOW: 29 0.50 INCH OR MORE: 0
MIN 0 OR BELOW: 2 1.00 INCH OR MORE: 0
[HDD (BASE 65) ]
TOTAL THIS MO. 1197 CLEAR (SCALE 0-3) 1
DPTR FM NORMAL -266 PTCLDY (SCALE 4-7) 3
TOTAL FM JUL 1 3931 CLOUDY (SCALE 8-10) 27
DPTR FM NORMAL -647
[CDD (BASE 65) ]
TOTAL THIS MO. 0
DPTR FM NORMAL 0 [PRESSURE DATA]
TOTAL FM JAN 1 0 HIGHEST SLP 30.45 ON 7
DPTR FM NORMAL 0 LOWEST SLP 29.40 ON 17
[REMARKS]
#FINAL-01-23#