000
CXUS53 KAPX 010830
CF6PLN
PRELIMINARY LOCAL CLIMATOLOGICAL DATA (WS FORM: F-6)
STATION: PELLSTON
MONTH: FEBRUARY
YEAR: 2024
LATITUDE: 45 34 N
LONGITUDE: 84 48 W
TEMPERATURE IN F: :PCPN: SNOW: WIND :SUNSHINE: SKY :PK WND
================================================================================
1 2 3 4 5 6A 6B 7 8 9 10 11 12 13 14 15 16 17 18
12Z AVG MX 2MIN
DY MAX MIN AVG DEP HDD CDD WTR SNW DPTH SPD SPD DIR MIN PSBL S-S WX SPD DR
================================================================================
1 39 27 33 17 32 0 0.00 M M 7.5 14 240 M M 6 22 260
2 36 19 28 12 37 0 0.00 M M 3.5 10 30 M M 3 14 20
3 43 13 28 12 37 0 0.00 M M 1.6 10 280 M M 1 12 13 280
4 38 28 33 17 32 0 0.00 M M 5.8 13 340 M M 9 12 16 340
5 43 23 33 17 32 0 0.00 M M 3.3 10 340 M M 5 1 12 340
6 34 20 27 11 38 0 0.00 M M 3.2 12 150 M M 7 12 13 150
7 46 29 38 21 27 0 0.00 M M 1.6 7 40 M M 2 11 270
8 55 25 40 23 25 0 0.01 M M 5.6 16 140 M M 1 1 22 140
9 51 37 44 27 21 0 0.01 M M 13.7 22 230 M M 10 39 270
10 37 30 34 17 31 0 T M M 9.0 16 290 M M 10 18 23 270
11 31 21 26 9 39 0 0.01 M M 6.0 15 290 M M 9 8 20 310
12 39 19 29 12 36 0 0.01 M M 6.6 18 230 M M 8 1 28 230
13 31 22 27 10 38 0 T M M 11.3 14 330 M M 8 33 360
14 33 10 22 4 43 0 0.00 M M 3.6 10 210 M M 7 16 210
15 33 24 29 11 36 0 0.13 M M 11.7 30 310 M M 9 18 42 310
16 25 4 15 -3 50 0 0.04 M M 9.8 25 320 M M 10 18 32 320
17 29 1 15 -3 50 0 0.08 M M 9.5 18 260 M M 9 128 36 250
18 30 20 25 7 40 0 T M M 15.0 29 330 M M 10 8 37 320
19 36 10 23 4 42 0 0.00 M M 3.4 15 250 M M 7 18 23 280
20 44 6 25 6 40 0 0.00 M M 2.2 9 140 M M 4 128 11 150
21 47 24 36 17 29 0 0.00 M M 6.0 15 270 M M 4 22 240
22 49 20 35 16 30 0 0.00 M M 3.1 14 320 M M 4 1 18 280
23 36 14 25 5 40 0 0.00 M M 12.1 22 330 M M 2 30 320
24 28 4 16 -4 49 0 0.00 M M 5.1 17 220 M M 3 25 230
25 42 25 34 14 31 0 0.01 M M 7.7 21 260 M M 8 18 37 290
26 48 17 33 13 32 0 0.00 M M 6.1 17 130 M M 0 24 120
27 68 28 48 27 17 0 0.00 M M 4.2 10 240 M M 0 1 M M
28 42 14 28 7 37 0 0.17 M M 21.2 33 310 M M 10 12689 47 330
29 22 15 19 -2 46 0 T M M 10.5 23 300 M M 9 38 300
================================================================================
SM 1135 549 1037 0 0.47 M 209.9 M 175
================================================================================
AV 39.1 18.9 7.2 FASTST M M 6 MAX(MPH)
MISC ----> 33 310 47 330
================================================================================
NOTES:
# LAST OF SEVERAL OCCURRENCES
COLUMN 17 PEAK WIND IN M.P.H.
PRELIMINARY LOCAL CLIMATOLOGICAL DATA (WS FORM: F-6) , PAGE 2
STATION: PELLSTON
MONTH: FEBRUARY
YEAR: 2024
LATITUDE: 45 34 N
LONGITUDE: 84 48 W
[TEMPERATURE DATA] [PRECIPITATION DATA] SYMBOLS USED IN COLUMN 16
AVERAGE MONTHLY: 29.0 TOTAL FOR MONTH: 0.47 1 = FOG OR MIST
DPTR FM NORMAL: 11.0 DPTR FM NORMAL: -0.67 2 = FOG REDUCING VISIBILITY
HIGHEST: 68 ON 27 GRTST 24HR 0.17 ON 28-28 TO 1/4 MILE OR LESS
LOWEST: 1 ON 17 3 = THUNDER
SNOW, ICE PELLETS, HAIL 4 = ICE PELLETS
TOTAL MONTH: M 5 = HAIL
GRTST 24HR M ON M 6 = FREEZING RAIN OR DRIZZLE
GRTST DEPTH: M ON M 7 = DUSTSTORM OR SANDSTORM:
VSBY 1/2 MILE OR LESS
8 = SMOKE OR HAZE
[NO. OF DAYS WITH] [WEATHER - DAYS WITH] 9 = BLOWING SNOW
X = TORNADO
MAX 32 OR BELOW: 7 0.01 INCH OR MORE: 9
MAX 90 OR ABOVE: 0 0.10 INCH OR MORE: 2
MIN 32 OR BELOW: 28 0.50 INCH OR MORE: 0
MIN 0 OR BELOW: 0 1.00 INCH OR MORE: 0
[HDD (BASE 65) ]
TOTAL THIS MO. 1037 CLEAR (SCALE 0-3) 7
DPTR FM NORMAL -279 PTCLDY (SCALE 4-7) 11
TOTAL FM JUL 1 4890 CLOUDY (SCALE 8-10) 11
DPTR FM NORMAL -1092
[CDD (BASE 65) ]
TOTAL THIS MO. 0
DPTR FM NORMAL 0 [PRESSURE DATA]
TOTAL FM JAN 1 0 HIGHEST SLP 30.42 ON 29
DPTR FM NORMAL 0 LOWEST SLP 29.23 ON 27
[REMARKS]
#FINAL-02-24#