000
CXUS56 KLOX 021853
CF6PMD
PRELIMINARY LOCAL CLIMATOLOGICAL DATA (WS FORM: F-6)
STATION: PALMDALE AIRPORT CA
MONTH: SEPTEMBER
YEAR: 2023
LATITUDE: 34 37 N
LONGITUDE: 118 5 W
TEMPERATURE IN F: :PCPN: SNOW: WIND :SUNSHINE: SKY :PK WND
================================================================================
1 2 3 4 5 6A 6B 7 8 9 10 11 12 13 14 15 16 17 18
12Z AVG MX 2MIN
DY MAX MIN AVG DEP HDD CDD WTR SNW DPTH SPD SPD DIR MIN PSBL S-S WX SPD DR
================================================================================
1 90 66 78 -2 0 13 0.00 M M 12.9 30 170 M M 1 37 180
2 86 67 77 -2 0 12 0.00 M M 10.0 26 190 M M 5 35 200
3 75 63 69 -10 0 4 0.00 M M 12.5 28 250 M M 3 35 240
4 85 56 71 -8 0 6 0.00 M M 5.1 14 240 M M 0 19 240
5 87 58 73 -5 0 8 0.00 M M 6.4 16 220 M M 0 22 270
6 88 59 74 -4 0 9 0.00 M M 6.6 17 230 M M 0 22 210
7 91 56 74 -4 0 9 0.00 M M 6.8 22 240 M M 0 28 260
8 94 59 77 -1 0 12 0.00 M M 6.9 26 250 M M 0 32 260
9 98 69 84 6 0 19 0.00 M M 6.5 21 240 M M 0 28 270
10 93 71 82 5 0 17 T M M 6.6 15 300 M M 2 24 250
11 91 66 79 2 0 14 0.00 M M 7.8 22 230 M M 0 29 230
12 88 66 77 0 0 12 0.00 M M 10.4 21 220 M M 0 28 250
13 86 62 74 -2 0 9 0.00 M M 11.0 20 220 M M 0 27 220
14 91 58 75 -1 0 10 0.00 M M 5.8 17 220 M M 0 21 220
15 94 62 78 2 0 13 0.00 M M 6.5 16 220 M M 1 21 200
16 94 59 77 2 0 12 0.00 M M 6.2 21 210 M M 0 25 200
17 87 60 74 -1 0 9 0.00 M M 7.4 20 220 M M 0 25 210
18 83 58 71 -4 0 6 0.00 M M 9.4 23 240 M M 0 30 240
19 84 56 70 -4 0 5 0.00 M M 5.6 17 240 M M 0 22 250
20 76 54 65 -9 0 0 0.00 M M 14.3 25 220 M M 0 31 220
21 72 54 63 -11 2 0 0.00 M M 15.9 25 210 M M 0 32 210
22 81 51 66 -7 0 1 0.00 M M 6.7 20 210 M M 0 25 200
23 84 51 68 -5 0 3 0.00 M M 7.3 20 220 M M 1 28 240
24 87 50 69 -3 0 4 0.00 M M 4.7 18 260 M M 0 24 290
25 86 49 68 -4 0 3 0.00 M M 7.0 18 240 M M 0 24 250
26 89 46 68 -4 0 3 0.00 M M 4.7 18 300 M M 0 23 310
27 88 50 69 -2 0 4 0.00 M M 4.1 16 250 M M 0 22 240
28 88 50 69 -2 0 4 0.00 M M 7.2 21 240 M M 0 26 230
29 79 52 66 -4 0 1 0.00 M M 11.9 25 220 M M 0 32 220
30 66 52 59 -11 6 0 0.00 M M 17.4 29 220 M M 3 36 200
================================================================================
SM 2581 1730 8 222 T M 251.6 M 16
================================================================================
AV 86.0 57.7 8.4 FASTST M M 1 MAX(MPH)
MISC ----> 30 170 37 180
================================================================================
NOTES:
# LAST OF SEVERAL OCCURRENCES
COLUMN 17 PEAK WIND IN M.P.H.
PRELIMINARY LOCAL CLIMATOLOGICAL DATA (WS FORM: F-6) , PAGE 2
STATION: PALMDALE AIRPORT CA
MONTH: SEPTEMBER
YEAR: 2023
LATITUDE: 34 37 N
LONGITUDE: 118 5 W
[TEMPERATURE DATA] [PRECIPITATION DATA] SYMBOLS USED IN COLUMN 16
AVERAGE MONTHLY: 71.9 TOTAL FOR MONTH: T 1 = FOG OR MIST
DPTR FM NORMAL: -3.3 DPTR FM NORMAL: -0.16 2 = FOG REDUCING VISIBILITY
HIGHEST: 98 ON 9 GRTST 24HR T ON 10-10 TO 1/4 MILE OR LESS
LOWEST: 46 ON 26 3 = THUNDER
SNOW, ICE PELLETS, HAIL 4 = ICE PELLETS
TOTAL MONTH: M 5 = HAIL
GRTST 24HR M ON M 6 = FREEZING RAIN OR DRIZZLE
GRTST DEPTH: M ON M 7 = DUSTSTORM OR SANDSTORM:
VSBY 1/2 MILE OR LESS
8 = SMOKE OR HAZE
[NO. OF DAYS WITH] [WEATHER - DAYS WITH] 9 = BLOWING SNOW
X = TORNADO
MAX 32 OR BELOW: 0 0.01 INCH OR MORE: 0
MAX 90 OR ABOVE: 9 0.10 INCH OR MORE: 0
MIN 32 OR BELOW: 0 0.50 INCH OR MORE: 0
MIN 0 OR BELOW: 0 1.00 INCH OR MORE: 0
[HDD (BASE 65) ]
TOTAL THIS MO. 8 CLEAR (SCALE 0-3) 29
DPTR FM NORMAL 0 PTCLDY (SCALE 4-7) 1
TOTAL FM JUL 1 8 CLOUDY (SCALE 8-10) 0
DPTR FM NORMAL 2
[CDD (BASE 65) ]
TOTAL THIS MO. 222
DPTR FM NORMAL -92 [PRESSURE DATA]
TOTAL FM JAN 1 1669 HIGHEST SLP 30.06 ON 26
DPTR FM NORMAL -201 LOWEST SLP 29.72 ON 1
[REMARKS]
#FINAL-09-23#