000
CXUS52 KMFL 011030
CF6PMP
PRELIMINARY LOCAL CLIMATOLOGICAL DATA (WS FORM: F-6)
STATION: POMPANO BEACH ARPK
MONTH: JUNE
YEAR: 2021
LATITUDE: 26 14 N
LONGITUDE: 80 7 W
TEMPERATURE IN F: :PCPN: SNOW: WIND :SUNSHINE: SKY :PK WND
================================================================================
1 2 3 4 5 6A 6B 7 8 9 10 11 12 13 14 15 16 17 18
12Z AVG MX 2MIN
DY MAX MIN AVG DEP HDD CDD WTR SNW DPTH SPD SPD DIR MIN PSBL S-S WX SPD DR
================================================================================
1 82 71 77 -4 0 12 0.66 M M 9.2 20 100 M M 4 13 26 130
2 83 71 77 -5 0 12 0.01 M M 12.0 20 120 M M 5 27 120
3 86 77 82 0 0 17 T M M 12.9 21 140 M M 3 27 140
4 86 77 82 0 0 17 0.04 M M 11.8 20 130 M M 3 1 23 140
5 86 76 81 -1 0 16 T M M 12.9 17 120 M M 3 23 120
6 87 79 83 1 0 18 T M M 14.9 20 130 M M 4 26 130
7 87 79 83 1 0 18 0.00 M M 14.1 20 130 M M 4 23 130
8 86 74 80 -2 0 15 0.16 M M 11.9 23 150 M M 4 42 150
9 85 77 81 -1 0 16 0.00 0.0 0 11.2 15 90 M M 1 19 90
10 88 79 84 2 0 19 T 0.0 0 11.5 17 120 M M 2 23 120
11 88 77 83 1 0 18 0.00 0.0 0 10.3 17 150 M M 3 23 160
12 88 75 82 0 0 17 0.01 0.0 0 8.3 24 270 M M 3 3 30 260
13 89 74 82 0 0 17 0.56 0.0 0 6.6 24 320 M M 2 13 30 320
14 82 69 76 -7 0 11 0.81 M M 5.8 26 230 M M 3 138 35 230
15 86 67 77 -6 0 12 2.18 M M 4.9 22 240 M M 5 123 30 190
16 80 66 73 -10 0 8 0.46 M M 3.8 17 160 M M 3 13 22 110
17 86 74 80 -3 0 15 T M M 4.9 13 30 M M 3 14 30
18 87 82 85 2 0 20 0.00 M M 9.0 15 110 M M 4 31 340
19 89 82 86 3 0 21 0.00 M M 9.9 17 130 M M 4 21 140
20 91 74 83 0 0 18 0.40 M M 6.6 31 240 M M 5 3 40 260
21 90 79 85 2 0 20 0.00 0.0 0 8.4 17 140 M M 2 3 24 340
22 91 75 83 0 0 18 0.06 0.0 0 11.5 22 140 M M 3 3 31 150
23 90 75 83 0 0 18 T 0.0 0 7.2 21 50 M M 2 3 27 50
24 83 75 79 -4 0 14 0.65 M M 5.6 15 150 M M 5 138 20 140
25 85 76 81 -2 0 16 0.18 0.0 0 9.3 22 140 M M 3 138 26 130
26 87 80 84 1 0 19 T M M 11.0 20 110 M M 4 24 110
27 88 79 84 1 0 19 0.01 M M 11.2 17 100 M M 3 25 80
28 87 76 82 -1 0 17 0.19 M M 8.9 20 150 M M 3 38 24 150
29 88 73 81 -3 0 16 0.72 0.0 0 9.2 25 130 M M 5 13 31 100
30 84 74 79 -5 0 14 0.66 0.0 0 6.5 20 80 M M 6 138 25 100
================================================================================
SM 2595 2262 0 488 7.76 0.0 281.3 M 104
================================================================================
AV 86.5 75.4 9.4 FASTST M M 3 MAX(MPH)
MISC ----> 31 240 42 150
================================================================================
NOTES:
# LAST OF SEVERAL OCCURRENCES
COLUMN 17 PEAK WIND IN M.P.H.
PRELIMINARY LOCAL CLIMATOLOGICAL DATA (WS FORM: F-6) , PAGE 2
STATION: POMPANO BEACH ARPK
MONTH: JUNE
YEAR: 2021
LATITUDE: 26 14 N
LONGITUDE: 80 7 W
[TEMPERATURE DATA] [PRECIPITATION DATA] SYMBOLS USED IN COLUMN 16
AVERAGE MONTHLY: 81.0 TOTAL FOR MONTH: 7.76 1 = FOG OR MIST
DPTR FM NORMAL: -1.7 DPTR FM NORMAL: -0.29 2 = FOG REDUCING VISIBILITY
HIGHEST: 91 ON 22,20 GRTST 24HR 2.52 ON 14-15 TO 1/4 MILE OR LESS
LOWEST: 66 ON 16 3 = THUNDER
SNOW, ICE PELLETS, HAIL 4 = ICE PELLETS
TOTAL MONTH: 0.0 INCH 5 = HAIL
GRTST 24HR 0.0 6 = FREEZING RAIN OR DRIZZLE
GRTST DEPTH: 0 7 = DUSTSTORM OR SANDSTORM:
VSBY 1/2 MILE OR LESS
8 = SMOKE OR HAZE
[NO. OF DAYS WITH] [WEATHER - DAYS WITH] 9 = BLOWING SNOW
X = TORNADO
MAX 32 OR BELOW: 0 0.01 INCH OR MORE: 17
MAX 90 OR ABOVE: 4 0.10 INCH OR MORE: 12
MIN 32 OR BELOW: 0 0.50 INCH OR MORE: 7
MIN 0 OR BELOW: 0 1.00 INCH OR MORE: 1
[HDD (BASE 65) ]
TOTAL THIS MO. 0 CLEAR (SCALE 0-3) 11
DPTR FM NORMAL 0 PTCLDY (SCALE 4-7) 19
TOTAL FM JUL 1 131 CLOUDY (SCALE 8-10) 0
DPTR FM NORMAL -3
[CDD (BASE 65) ]
TOTAL THIS MO. 488
DPTR FM NORMAL -40 [PRESSURE DATA]
TOTAL FM JAN 1 1957 HIGHEST SLP 30.18 ON 8
DPTR FM NORMAL 45 LOWEST SLP 29.85 ON 13
[REMARKS]
#FINAL-06-21#