000
CXUS55 KALY 010710
CF6POU
PRELIMINARY LOCAL CLIMATOLOGICAL DATA (WS FORM: F-6)
STATION: POUGHKEEPSIE NY
MONTH: OCTOBER
YEAR: 2023
LATITUDE: 41 37 N
LONGITUDE: 73 53 W
TEMPERATURE IN F: :PCPN: SNOW: WIND :SUNSHINE: SKY :PK WND
================================================================================
1 2 3 4 5 6A 6B 7 8 9 10 11 12 13 14 15 16 17 18
12Z AVG MX 2MIN
DY MAX MIN AVG DEP HDD CDD WTR SNW DPTH SPD SPD DIR MIN PSBL S-S WX SPD DR
================================================================================
1 77 56 67 9 0 2 0.00 M M 4.9 15 360 M M 4 12 24 10
2 78 52 65 7 0 0 0.00 M M 2.7 12 10 M M 0 1 16 10
3 83 49 66 9 0 1 0.00 M M 0.6 7 250 M M 2 12 9 240
4 85 57 71 14 0 6 0.00 M M 0.9 7 240 M M 4 12 8 240
5 79 54 67 11 0 2 0.00 M M 3.8 13 130 M M 0 128 17 130
6 71 62 67 11 0 2 0.06 M M 2.2 8 110 M M 9 1 12 140
7 69 51 60 4 5 0 0.71 M M 4.4 17 340 M M 10 1 23 340
8 61 48 55 0 10 0 0.00 M M 10.7 21 220 M M 4 27 220
9 61 40 51 -4 14 0 0.00 M M 4.6 16 250 M M 5 22 250
10 64 43 54 0 11 0 0.00 M M 2.6 15 250 M M 5 20 250
11 68 46 57 3 8 0 0.00 M M 2.4 15 240 M M 4 19 240
12 70 42 56 2 9 0 0.00 M M 1.8 9 240 M M 5 128 13 220
13 63 38 51 -2 14 0 0.00 M M 2.9 16 330 M M 1 1 23 330
14 54 46 50 -3 15 0 0.20 M M 1.2 7 240 M M 9 1 9 250
15 60 41 51 -1 14 0 0.00 M M 5.3 15 320 M M 7 19 330
16 64 41 53 1 12 0 0.02 M M 2.9 20 340 M M 7 26 340
17 63 47 55 3 10 0 0.00 M M 2.3 14 20 M M 8 17 30
18 63 48 56 5 9 0 T M M 0.0 5 270 M M 10 1 6 260
19 64 41 53 2 12 0 0.00 M M 3.5 16 240 M M 4 1 19 240
20 63 53 58 7 7 0 0.60 M M 3.0 12 120 M M 10 1 16 120
21 61 54 58 8 7 0 0.63 M M 7.9 21 270 M M 9 1 30 300
22 57 46 52 2 13 0 T M M 11.0 22 290 M M 7 29 300
23 61 37 49 -1 16 0 0.00 M M 3.9 12 320 M M 3 16 300
24 65 34 50 1 15 0 0.00 M M 1.4 9 140 M M 2 1 13 160
25 76 39 58 9 7 0 0.00 M M 2.5 10 230 M M 0 15 230
26 81 50 66 17 0 1 0.00 M M 2.0 10 230 M M 0 13 220
27 78 56 67 19 0 2 0.00 M M 2.6 10 210 M M 0 14 230
28 80 53 67 19 0 2 T M M 5.8 17 270 M M 4 23 270
29 54 45 50 2 15 0 0.79 M M 5.5 14 10 M M 9 1 19 360
30 53 45 49 2 16 0 0.29 M M 2.1 9 340 M M 9 1 14 300
31 50 34 42 -5 23 0 0.00 M M 1.2 12 360 M M 6 1 15 10
================================================================================
SM 2076 1448 262 18 3.30 M 108.6 M 157
================================================================================
AV 67.0 46.7 3.5 FASTST M M 5 MAX(MPH)
MISC ----> 22 290 30 300
================================================================================
NOTES:
# LAST OF SEVERAL OCCURRENCES
COLUMN 17 PEAK WIND IN M.P.H.
PRELIMINARY LOCAL CLIMATOLOGICAL DATA (WS FORM: F-6) , PAGE 2
STATION: POUGHKEEPSIE NY
MONTH: OCTOBER
YEAR: 2023
LATITUDE: 41 37 N
LONGITUDE: 73 53 W
[TEMPERATURE DATA] [PRECIPITATION DATA] SYMBOLS USED IN COLUMN 16
AVERAGE MONTHLY: 56.8 TOTAL FOR MONTH: 3.30 1 = FOG OR MIST
DPTR FM NORMAL: 4.6 DPTR FM NORMAL: -0.43 2 = FOG REDUCING VISIBILITY
HIGHEST: 85 ON 4 GRTST 24HR 1.19 ON 20-21 TO 1/4 MILE OR LESS
LOWEST: 34 ON 31,24 3 = THUNDER
SNOW, ICE PELLETS, HAIL 4 = ICE PELLETS
TOTAL MONTH: M 5 = HAIL
GRTST 24HR M ON M 6 = FREEZING RAIN OR DRIZZLE
GRTST DEPTH: M ON M 7 = DUSTSTORM OR SANDSTORM:
VSBY 1/2 MILE OR LESS
8 = SMOKE OR HAZE
[NO. OF DAYS WITH] [WEATHER - DAYS WITH] 9 = BLOWING SNOW
X = TORNADO
MAX 32 OR BELOW: 0 0.01 INCH OR MORE: 8
MAX 90 OR ABOVE: 0 0.10 INCH OR MORE: 6
MIN 32 OR BELOW: 0 0.50 INCH OR MORE: 4
MIN 0 OR BELOW: 0 1.00 INCH OR MORE: 0
[HDD (BASE 65) ]
TOTAL THIS MO. 262 CLEAR (SCALE 0-3) 9
DPTR FM NORMAL -141 PTCLDY (SCALE 4-7) 14
TOTAL FM JUL 1 372 CLOUDY (SCALE 8-10) 8
DPTR FM NORMAL -149
[CDD (BASE 65) ]
TOTAL THIS MO. 18
DPTR FM NORMAL 12 [PRESSURE DATA]
TOTAL FM JAN 1 775 HIGHEST SLP M ON M
DPTR FM NORMAL 31 LOWEST SLP 29.20 ON 21
[REMARKS]
#FINAL-10-23#