000
CXUS56 KLOX 011255
CF6PRB
PRELIMINARY LOCAL CLIMATOLOGICAL DATA (WS FORM: F-6)
STATION: PASO ROBLES AIRPORT CA
MONTH: DECEMBER
YEAR: 2022
LATITUDE: 35 40 N
LONGITUDE: 120 38 W
TEMPERATURE IN F: :PCPN: SNOW: WIND :SUNSHINE: SKY :PK WND
================================================================================
1 2 3 4 5 6A 6B 7 8 9 10 11 12 13 14 15 16 17 18
12Z AVG MX 2MIN
DY MAX MIN AVG DEP HDD CDD WTR SNW DPTH SPD SPD DIR MIN PSBL S-S WX SPD DR
================================================================================
1 57 42 50 2 15 0 0.76 M M 9.3 30 320 M M 9 1 36 330
2 53 39 46 -2 19 0 0.04 M M 5.9 17 90 M M 9 1 21 80
3 62 47 55 7 10 0 0.79 M M 7.4 21 190 M M 10 1 25 200
4 59 45 52 4 13 0 0.20 M M 4.2 14 210 M M 6 1 20 190
5 58 43 51 3 14 0 0.05 M M 1.7 10 240 M M 7 12 12 250
6 52 40 46 -1 19 0 0.17 M M 3.5 24 290 M M 8 12 28 290
7 54 38 46 -1 19 0 0.00 M M 1.6 7 120 M M 6 12 8 290
8 51 35 43 -4 22 0 0.00 M M 2.1 6 120 M M 5 12 7 230
9 60 35 48 1 17 0 T M M 3.2 9 200 M M 3 12 11 190
10 57 48 53 6 12 0 1.30 M M 13.8 29 190 M M 10 1 37 190
11 54 42 48 1 17 0 0.26 M M 8.2 25 320 M M 7 1 30 320
12 52 38 45 -2 20 0 0.06 M M 7.7 20 330 M M 7 23 320
13 53 33 43 -4 22 0 0.00 M M 2.6 10 80 M M 5 128 13 90
14 55 31 43 -3 22 0 0.00 M M 4.1 12 90 M M 0 1 15 90
15 55 32 44 -2 21 0 0.00 M M 4.5 13 90 M M 0 1 16 80
16 56 32 44 -2 21 0 0.00 M M 1.7 10 130 M M 3 128 13 120
17 53 30 42 -4 23 0 0.00 M M 1.0 7 120 M M 3 128 7 130
18 60 28 44 -2 21 0 0.00 M M 1.6 9 110 M M 0 18 10 100
19 59 30 45 -1 20 0 0.00 M M 1.1 7 160 M M 0 18 8 250
20 58 37 48 2 17 0 0.00 M M 2.9 10 130 M M 3 12 13 120
21 62 32 47 1 18 0 0.00 M M 2.4 12 110 M M 0 1 14 120
22 63 35 49 3 16 0 0.00 M M 2.5 9 90 M M 0 11 90
23 66 38 52 6 13 0 0.00 M M 1.3 9 100 M M 0 12 110
24 64 36 50 4 15 0 0.00 M M 5.0 20 110 M M 2 12 23 110
25 67 36 52 6 13 0 0.00 M M 2.5 12 120 M M 0 14 120
26 65 38 52 5 13 0 0.00 M M 2.9 9 130 M M 0 11 190
27 57 50 54 7 11 0 0.95 M M 5.2 18 180 M M 9 1 21 180
28 57 43 50 3 15 0 0.00 M M 4.0 15 330 M M 5 1 18 320
29 53 47 50 3 15 0 0.06 M M 3.8 9 90 M M 10 1 12 80
30 61 50 56 9 9 0 0.01 M M 6.8 15 230 M M 9 1 18 230
31 58 48 53 6 12 0 0.89 M M 10.3 25 180 M M 10 1 33 190
================================================================================
SM 1791 1198 514 0 5.54 M 134.8 M 146
================================================================================
AV 57.8 38.6 4.3 FASTST M M 5 MAX(MPH)
MISC ----> 30 320 37 190
================================================================================
NOTES:
# LAST OF SEVERAL OCCURRENCES
COLUMN 17 PEAK WIND IN M.P.H.
PRELIMINARY LOCAL CLIMATOLOGICAL DATA (WS FORM: F-6) , PAGE 2
STATION: PASO ROBLES AIRPORT CA
MONTH: DECEMBER
YEAR: 2022
LATITUDE: 35 40 N
LONGITUDE: 120 38 W
[TEMPERATURE DATA] [PRECIPITATION DATA] SYMBOLS USED IN COLUMN 16
AVERAGE MONTHLY: 48.2 TOTAL FOR MONTH: 5.54 1 = FOG OR MIST
DPTR FM NORMAL: 1.4 DPTR FM NORMAL: 3.56 2 = FOG REDUCING VISIBILITY
HIGHEST: 67 ON 25 GRTST 24HR 1.40 ON 10-11 TO 1/4 MILE OR LESS
LOWEST: 28 ON 18 3 = THUNDER
SNOW, ICE PELLETS, HAIL 4 = ICE PELLETS
TOTAL MONTH: M 5 = HAIL
GRTST 24HR M ON M 6 = FREEZING RAIN OR DRIZZLE
GRTST DEPTH: M ON M 7 = DUSTSTORM OR SANDSTORM:
VSBY 1/2 MILE OR LESS
8 = SMOKE OR HAZE
[NO. OF DAYS WITH] [WEATHER - DAYS WITH] 9 = BLOWING SNOW
X = TORNADO
MAX 32 OR BELOW: 0 0.01 INCH OR MORE: 13
MAX 90 OR ABOVE: 0 0.10 INCH OR MORE: 8
MIN 32 OR BELOW: 7 0.50 INCH OR MORE: 5
MIN 0 OR BELOW: 0 1.00 INCH OR MORE: 1
[HDD (BASE 65) ]
TOTAL THIS MO. 514 CLEAR (SCALE 0-3) 11
DPTR FM NORMAL -49 PTCLDY (SCALE 4-7) 12
TOTAL FM JUL 1 1088 CLOUDY (SCALE 8-10) 8
DPTR FM NORMAL 2
[CDD (BASE 65) ]
TOTAL THIS MO. 0
DPTR FM NORMAL 0 [PRESSURE DATA]
TOTAL FM JAN 1 1474 HIGHEST SLP 30.41 ON 24
DPTR FM NORMAL 516 LOWEST SLP 29.61 ON 31
[REMARKS]
#FINAL-12-22#