000
CXUS56 KPDT 011810
CF6PSC
PRELIMINARY LOCAL CLIMATOLOGICAL DATA (WS FORM: F-6)
STATION: PASCO WA
MONTH: AUGUST
YEAR: 2021
LATITUDE: 46 16 N
LONGITUDE: 119 7 W
TEMPERATURE IN F: :PCPN: SNOW: WIND :SUNSHINE: SKY :PK WND
================================================================================
1 2 3 4 5 6A 6B 7 8 9 10 11 12 13 14 15 16 17 18
12Z AVG MX 2MIN
DY MAX MIN AVG DEP HDD CDD WTR SNW DPTH SPD SPD DIR MIN PSBL S-S WX SPD DR
================================================================================
1 93 73 83 7 0 18 T M M 6.0 15 260 M M 5 8 20 270
2 101 68 85 9 0 20 0.00 M M 3.2 9 340 M M 6 18 11 250
3 100 64 82 6 0 17 0.00 M M 5.8 13 350 M M 0 18 15 330
4 100 65 83 7 0 18 0.00 M M 3.2 12 300 M M 0 8 16 300
5 93 63 78 2 0 13 T M M 5.6 17 200 M M 0 18 20 200
6 94 70 82 6 0 17 0.00 M M 11.4 23 210 M M 0 8 32 210
7 98 68 83 8 0 18 0.00 M M 12.4 28 270 M M 1 36 210
8 84 60 72 -3 0 7 0.00 M M 10.1 25 260 M M 2 32 250
9 87 51 69 -6 0 4 0.00 M M 3.4 10 320 M M 0 13 330
10 94 56 75 0 0 10 0.00 M M 3.6 9 350 M M 0 8 14 360
11 107 61 84 9 0 19 0.00 M M 3.3 9 160 M M 0 13 80
12 99 66 83 9 0 18 0.00 M M 6.8 16 340 M M 4 8 23 340
13 97 61 79 5 0 14 0.00 M M 3.3 10 350 M M 10 8 13 140
14 103 62 83 9 0 18 0.00 M M 3.9 9 10 M M 7 8 13 350
15 104 64 84 10 0 19 0.00 M M 5.0 22 320 M M 0 8 31 310
16 103 60 82 8 0 17 0.00 M M 8.9 24 270 M M 0 8 33 270
17 78 63 71 -2 0 6 T M M 8.7 22 250 M M 5 8 27 270
18 83 59 71 -2 0 6 0.01 M M 6.1 14 300 M M 3 8 19 310
19 89 52 71 -2 0 6 0.00 M M 4.6 12 260 M M 4 8 16 240
20 83 57 70 -2 0 5 0.00 M M 8.5 18 200 M M 3 8 24 200
21 81 59 70 -2 0 5 0.00 M M 5.7 13 190 M M 4 18 120
22 85 57 71 -1 0 6 0.00 M M 12.3 24 230 M M 0 33 220
23 77 45 61 -11 4 0 0.00 M M 2.7 10 150 M M 0 15 340
24 84 43 64 -7 1 0 0.00 M M 5.5 15 330 M M 0 21 340
25 87 45 66 -5 0 1 0.00 M M 3.9 9 60 M M 0 8 13 150
26 85 56 71 0 0 6 0.00 M M 7.6 18 200 M M 0 24 210
27 84 59 72 2 0 7 0.00 M M 3.9 13 280 M M 2 18 270
28 87 48 68 -2 0 3 0.00 M M 3.7 10 310 M M 0 17 300
29 91 49 70 0 0 5 0.00 M M 2.8 8 340 M M 0 13 300
30 88 51 70 0 0 5 0.00 M M 9.1 26 220 M M 2 35 240
31 77 51 64 -5 1 0 0.00 M M 6.9 24 320 M M 0 35 320
================================================================================
SM 2816 1806 6 308 0.01 M 187.9 M 58
================================================================================
AV 90.8 58.3 6.1 FASTST M M 2 MAX(MPH)
MISC ----> 28 270 36 210
================================================================================
NOTES:
# LAST OF SEVERAL OCCURRENCES
COLUMN 17 PEAK WIND IN M.P.H.
PRELIMINARY LOCAL CLIMATOLOGICAL DATA (WS FORM: F-6) , PAGE 2
STATION: PASCO WA
MONTH: AUGUST
YEAR: 2021
LATITUDE: 46 16 N
LONGITUDE: 119 7 W
[TEMPERATURE DATA] [PRECIPITATION DATA] SYMBOLS USED IN COLUMN 16
AVERAGE MONTHLY: 74.5 TOTAL FOR MONTH: 0.01 1 = FOG OR MIST
DPTR FM NORMAL: 1.3 DPTR FM NORMAL: -0.26 2 = FOG REDUCING VISIBILITY
HIGHEST: 107 ON 11 GRTST 24HR 0.01 ON 17-18 TO 1/4 MILE OR LESS
LOWEST: 43 ON 24 3 = THUNDER
SNOW, ICE PELLETS, HAIL 4 = ICE PELLETS
TOTAL MONTH: M 5 = HAIL
GRTST 24HR M ON M 6 = FREEZING RAIN OR DRIZZLE
GRTST DEPTH: M ON M 7 = DUSTSTORM OR SANDSTORM:
VSBY 1/2 MILE OR LESS
8 = SMOKE OR HAZE
[NO. OF DAYS WITH] [WEATHER - DAYS WITH] 9 = BLOWING SNOW
X = TORNADO
MAX 32 OR BELOW: 0 0.01 INCH OR MORE: 1
MAX 90 OR ABOVE: 15 0.10 INCH OR MORE: 0
MIN 32 OR BELOW: 0 0.50 INCH OR MORE: 0
MIN 0 OR BELOW: 0 1.00 INCH OR MORE: 0
[HDD (BASE 65) ]
TOTAL THIS MO. 6 CLEAR (SCALE 0-3) 22
DPTR FM NORMAL 1 PTCLDY (SCALE 4-7) 8
TOTAL FM JUL 1 6 CLOUDY (SCALE 8-10) 1
DPTR FM NORMAL 0
[CDD (BASE 65) ]
TOTAL THIS MO. 308
DPTR FM NORMAL 49 [PRESSURE DATA]
TOTAL FM JAN 1 1175 HIGHEST SLP 30.12 ON 28
DPTR FM NORMAL 453 LOWEST SLP 29.56 ON 16
[REMARKS]
#FINAL-08-21#