000
CXUS54 KFWD 072153
CF6PSN
PRELIMINARY LOCAL CLIMATOLOGICAL DATA (WS FORM: F-6)
STATION: PALESTINE
MONTH: AUGUST
YEAR: 2022
LATITUDE: 31 46 N
LONGITUDE: 95 42 W
TEMPERATURE IN F: :PCPN: SNOW: WIND :SUNSHINE: SKY :PK WND
================================================================================
1 2 3 4 5 6A 6B 7 8 9 10 11 12 13 14 15 16 17 18
12Z AVG MX 2MIN
DY MAX MIN AVG DEP HDD CDD WTR SNW DPTH SPD SPD DIR MIN PSBL S-S WX SPD DR
================================================================================
1 99 75 87 4 0 22 0.00 M M 6.6 12 180 M M 4 18 180
2 102 77 90 7 0 25 0.00 M M 8.4 13 200 M M 2 21 160
3 102 77 90 7 0 25 0.00 M M 9.8 16 210 M M 3 1 23 200
4 102 77 90 7 0 25 0.00 M M 7.3 14 210 M M 1 20 210
5 100 79 90 7 0 25 0.00 M M 6.3 13 140 M M 1 8 20 160
6 95 73 84 1 0 19 0.01 M M 4.9 9 160 M M 4 8 17 0
7 99 73 86 3 0 21 0.00 M M 6.7 14 220 M M 2 17 140
8 102 75 89 6 0 24 0.00 M M 6.5 10 120 M M 2 15 160
9 100 75 88 5 0 23 0.00 M M 6.3 15 70 M M 2 8 26 70
10 99 72 86 3 0 21 1.59 M M 4.4 12 270 M M 3 23 32 110
11 97 72 85 2 0 20 0.26 M M 4.5 12 60 M M 3 1 20 90
12 99 73 86 3 0 21 0.00 M M 5.3 12 100 M M 2 8 22 40
13 99 75 87 4 0 22 0.00 M M 6.8 13 40 M M 1 18 60
14 97 73 85 2 0 20 0.00 M M 4.4 9 200 M M 4 17 190
15 99 73 86 3 0 21 0.00 M M 4.0 8 250 M M 0 1 23 260
16 99 73 86 3 0 21 0.00 M M 3.5 8 220 M M 1 18 99
17 99 75 87 4 0 22 0.01 M M 4.1 12 330 M M 2 38 18 330
18 93 72 83 0 0 18 0.26 M M 3.8 13 30 M M 5 1 26 30
19 91 72 82 0 0 17 0.06 M M 3.1 10 130 M M 5 1 20 130
20 91 72 82 0 0 17 0.02 M M 3.7 14 150 M M 3 1 24 150
21 93 75 84 2 0 19 0.04 M M 6.2 13 210 M M 6 1 16 210
22 77 73 75 -7 0 10 1.05 M M 5.1 10 190 M M 8 13 18 190
23 88 72 80 -2 0 15 0.00 M M 4.7 8 340 M M 8 1 14 99
24 86 72 79 -3 0 14 0.00 M M 5.8 12 40 M M 7 20 40
25 88 70 79 -3 0 14 0.00 M M 5.2 10 20 M M 6 1 13 350
26 91 72 82 1 0 17 0.00 M M 3.9 8 20 M M 5 13 20
27 95 75 85 4 0 20 0.00 M M 3.9 8 150 M M 2 14 99
28 95 75 85 4 0 20 0.00 M M 7.5 13 200 M M 2 18 140
29 90 75 83 2 0 18 0.49 M M 5.1 13 120 M M 4 1 20 120
30 84 73 79 -2 0 14 0.02 M M 5.0 13 150 M M 6 20 150
31 91 70 81 1 0 16 0.05 M M 1.4 7 100 M M 2 M M
================================================================================
SM 2942 2285 0 606 3.86 M 164.1 M 106
================================================================================
AV 94.9 73.7 5.3 FASTST M M 3 MAX(MPH)
MISC ----> 16 210 32 110
================================================================================
NOTES:
# LAST OF SEVERAL OCCURRENCES
COLUMN 17 PEAK WIND IN M.P.H.
PRELIMINARY LOCAL CLIMATOLOGICAL DATA (WS FORM: F-6) , PAGE 2
STATION: PALESTINE
MONTH: AUGUST
YEAR: 2022
LATITUDE: 31 46 N
LONGITUDE: 95 42 W
[TEMPERATURE DATA] [PRECIPITATION DATA] SYMBOLS USED IN COLUMN 16
AVERAGE MONTHLY: 84.3 TOTAL FOR MONTH: 3.86 1 = FOG OR MIST
DPTR FM NORMAL: 1.9 DPTR FM NORMAL: 0.55 2 = FOG REDUCING VISIBILITY
HIGHEST: 102 ON 8, 4 GRTST 24HR 1.59 ON 10-10 TO 1/4 MILE OR LESS
LOWEST: 70 ON 31,25 3 = THUNDER
SNOW, ICE PELLETS, HAIL 4 = ICE PELLETS
TOTAL MONTH: M 5 = HAIL
GRTST 24HR M ON M 6 = FREEZING RAIN OR DRIZZLE
GRTST DEPTH: M ON M 7 = DUSTSTORM OR SANDSTORM:
VSBY 1/2 MILE OR LESS
8 = SMOKE OR HAZE
[NO. OF DAYS WITH] [WEATHER - DAYS WITH] 9 = BLOWING SNOW
X = TORNADO
MAX 32 OR BELOW: 0 0.01 INCH OR MORE: 12
MAX 90 OR ABOVE: 26 0.10 INCH OR MORE: 5
MIN 32 OR BELOW: 0 0.50 INCH OR MORE: 2
MIN 0 OR BELOW: 0 1.00 INCH OR MORE: 2
[HDD (BASE 65) ]
TOTAL THIS MO. 0 CLEAR (SCALE 0-3) 16
DPTR FM NORMAL 0 PTCLDY (SCALE 4-7) 13
TOTAL FM JUL 1 0 CLOUDY (SCALE 8-10) 2
DPTR FM NORMAL 0
[CDD (BASE 65) ]
TOTAL THIS MO. 606
DPTR FM NORMAL 65 [PRESSURE DATA]
TOTAL FM JAN 1 2480 HIGHEST SLP M ON M
DPTR FM NORMAL 646 LOWEST SLP M ON M
[REMARKS]
#FINAL-08-22#