000
CXUS56 KSGX 011124
CF6PSP
PRELIMINARY LOCAL CLIMATOLOGICAL DATA (WS FORM: F-6)
STATION: PALM SPRINGS INTL AIRPORT CA
MONTH: JUNE
YEAR: 2020
LATITUDE: 33 49 N
LONGITUDE: 116 30 W
TEMPERATURE IN F: :PCPN: SNOW: WIND :SUNSHINE: SKY :PK WND
================================================================================
1 2 3 4 5 6A 6B 7 8 9 10 11 12 13 14 15 16 17 18
12Z AVG MX 2MIN
DY MAX MIN AVG DEP HDD CDD WTR SNW DPTH SPD SPD DIR MIN PSBL S-S WX SPD DR
================================================================================
1 102 71 87 4 0 22 0.00 0.0 0 4.5 20 320 M M 0 24 320
2 106 79 93 10 0 28 0.00 0.0 0 6.5 17 320 M M 0 22 320
3 115 81 98 15 0 33 0.00 0.0 0 7.4 17 320 M M 0 23 320
4 110 81 96 12 0 31 0.00 0.0 0 8.4 22 320 M M 0 29 340
5 91 73 82 -2 0 17 T 0.0 0 14.9 35 330 M M 0 47 310
6 92 70 81 -3 0 16 0.00 0.0 0 11.1 28 330 M M 0 42 320
7 95 65 80 -4 0 15 0.00 0.0 0 12.1 33 320 M M 0 46 320
8 92 68 80 -5 0 15 0.00 0.0 0 11.9 37 330 M M 0 48 330
9 99 66 83 -2 0 18 0.00 0.0 0 5.5 12 350 M M 0 16 160
10 107 73 90 5 0 25 0.00 0.0 0 6.9 15 50 M M 0 24 40
11 110 76 93 8 0 28 0.00 0.0 0 7.8 24 330 M M 0 32 340
12 105 70 88 2 0 23 0.00 0.0 0 7.2 25 320 M M 0 35 340
13 99 69 84 -2 0 19 0.00 0.0 0 8.3 26 320 M M 0 34 330
14 100 69 85 -1 0 20 0.00 0.0 0 9.0 22 320 M M 0 26 320
15 102 72 87 1 0 22 0.00 0.0 0 6.4 21 320 M M 0 28 320
16 97 73 85 -2 0 20 0.00 0.0 0 7.9 24 300 M M 0 35 300
17 99 73 86 -1 0 21 0.00 0.0 0 15.1 21 320 M M 0 29 320
18 102 72 87 0 0 22 0.00 0.0 0 8.9 24 320 M M 0 34 330
19 105 72 89 2 0 24 0.00 0.0 0 7.3 22 320 M M 0 28 330
20 107 74 91 3 0 26 0.00 0.0 0 6.4 23 340 M M 0 28 340
21 108 74 91 3 0 26 0.00 0.0 0 6.7 23 320 M M 0 29 330
22 110 76 93 5 0 28 0.00 0.0 0 5.3 16 330 M M 0 24 320
23 109 78 94 6 0 29 0.00 0.0 0 6.4 17 330 M M 0 23 340
24 110 81 96 7 0 31 0.00 0.0 0 6.5 21 320 M M 0 8 26 320
25 108 79 94 5 0 29 0.00 0.0 0 5.9 22 330 M M 0 27 320
26 111 76 94 5 0 29 0.00 0.0 0 8.6 25 320 M M 0 32 320
27 111 79 95 5 0 30 0.00 0.0 0 7.5 23 330 M M 0 30 310
28 102 75 89 -1 0 24 0.00 0.0 0 13.1 35 320 M M 0 42 320
29 95 70 83 -7 0 18 0.00 0.0 0 16.5 29 330 M M 0 36 340
30 104 69 87 -3 0 22 0.00 0.0 0 6.9 21 320 M M 0 26 310
================================================================================
SM 3103 2204 0 711 T 0.0 256.9 M 0
================================================================================
AV103.4 73.5 8.6 FASTST M M 0 MAX(MPH)
MISC ----> # 37 330 # 48 330
================================================================================
NOTES:
# LAST OF SEVERAL OCCURRENCES
COLUMN 17 PEAK WIND IN M.P.H.
PRELIMINARY LOCAL CLIMATOLOGICAL DATA (WS FORM: F-6) , PAGE 2
STATION: PALM SPRINGS INTL AIRPORT CA
MONTH: JUNE
YEAR: 2020
LATITUDE: 33 49 N
LONGITUDE: 116 30 W
[TEMPERATURE DATA] [PRECIPITATION DATA] SYMBOLS USED IN COLUMN 16
AVERAGE MONTHLY: 88.5 TOTAL FOR MONTH: T 1 = FOG OR MIST
DPTR FM NORMAL: 1.9 DPTR FM NORMAL: -0.06 2 = FOG REDUCING VISIBILITY
HIGHEST: 115 ON 3 GRTST 24HR T ON 5- 5 TO 1/4 MILE OR LESS
LOWEST: 65 ON 7 3 = THUNDER
SNOW, ICE PELLETS, HAIL 4 = ICE PELLETS
TOTAL MONTH: 0.0 INCH 5 = HAIL
GRTST 24HR 0.0 6 = FREEZING RAIN OR DRIZZLE
GRTST DEPTH: 0 7 = DUSTSTORM OR SANDSTORM:
VSBY 1/2 MILE OR LESS
8 = SMOKE OR HAZE
[NO. OF DAYS WITH] [WEATHER - DAYS WITH] 9 = BLOWING SNOW
X = TORNADO
MAX 32 OR BELOW: 0 0.01 INCH OR MORE: 0
MAX 90 OR ABOVE: 30 0.10 INCH OR MORE: 0
MIN 32 OR BELOW: 0 0.50 INCH OR MORE: 0
MIN 0 OR BELOW: 0 1.00 INCH OR MORE: 0
[HDD (BASE 65) ]
TOTAL THIS MO. 0 CLEAR (SCALE 0-3) 30
DPTR FM NORMAL 0 PTCLDY (SCALE 4-7) 0
TOTAL FM JUL 1 701 CLOUDY (SCALE 8-10) 0
DPTR FM NORMAL -173
[CDD (BASE 65) ]
TOTAL THIS MO. 711
DPTR FM NORMAL 64 [PRESSURE DATA]
TOTAL FM JAN 1 1675 HIGHEST SLP M ON M
DPTR FM NORMAL 269 LOWEST SLP 29.50 ON 28
[REMARKS]
#FINAL-06-20#