000
CXUS56 KSGX 011230
CLMPSP
CLIMATE REPORT
NATIONAL WEATHER SERVICE SAN DIEGO, CA
530 AM PDT WED NOV 01 2023
...................................
...THE PALM SPRINGS INTL AIRPORT CA CLIMATE SUMMARY FOR THE MONTH OF OCTOBER 2023...
CLIMATE NORMAL PERIOD: 1991 TO 2020
CLIMATE RECORD PERIOD: 1893 TO 2023
WEATHER OBSERVED NORMAL DEPART LAST YEAR`S
VALUE DATE(S) VALUE FROM VALUE DATE(S)
NORMAL
................................................................
TEMPERATURE (F)
RECORD
HIGH 116 10/04/2011
10/02/1980
10/20/2003
LOW 30 10/24/1951
HIGHEST 108 10/20 91 17 103 10/03
LOWEST 56 10/02 61 -5 52 10/25
AVG. MAXIMUM 93.5 91.1 2.4 92.0
AVG. MINIMUM 66.4 64.5 1.9 67.7
MEAN 79.9 77.8 2.1 79.9
DAYS MAX >= 90 18 18.4 -0.4 21
DAYS MAX <= 32 0 0.0 0.0 0
DAYS MAX >= 45 31 31
DAYS MAX >= 120 0 0
DAYS MIN <= 32 0 0.0 0.0 0
PRECIPITATION (INCHES)
RECORD
MAXIMUM 1.87 1963
MINIMUM 0.00 2020
TOTALS 0.00R 0.20 -0.20 0.11
DAILY AVG. 0.00 0.01 -0.01 0.00
DAYS >= .01 0 0.9 -0.9 1
DAYS >= .10 0 0.4 -0.4 1
DAYS >= .50 0 0.1 -0.1 0
DAYS >= 1.00 0 0.0 0.0 0
DAYS >= %-5.2F 0 0
DAYS >= %-5.2F 0 0
GREATEST
24 HR. TOTAL 0.00 09/30 TO 09/30 0.11 10/15 TO 10/15
STORM TOTAL 0.00 0.11
(MM/DD(HH)) MM
DEGREE DAYS
HEATING TOTAL 0 2 -2 0
SINCE 7/1 0 0 0 MM
COOLING TOTAL 473 399 74 468
SINCE 1/1 4401 4492 -91 MM
FREEZE DATES
RECORD
EARLIEST 10/24/1951
LATEST 03/13/1956
EARLIEST MM
LATEST MM
................................................................
WIND (MPH)
AVERAGE WIND SPEED 6.0
RESULTANT WIND SPEED/DIRECTION 4/320
HIGHEST WIND SPEED/DIRECTION 29/320 DATE 10/11
29/020 10/29
HIGHEST GUST SPEED/DIRECTION 38/010 DATE 10/29
SKY COVER
POSSIBLE SUNSHINE (PERCENT) MM
AVERAGE SKY COVER 0.00
NUMBER OF DAYS FAIR 31
NUMBER OF DAYS PC 0
NUMBER OF DAYS CLOUDY 0
AVERAGE RH (PERCENT) 29
WEATHER CONDITIONS. NUMBER OF DAYS WITH
THUNDERSTORM 0 MIXED PRECIP 0
HEAVY RAIN 0 RAIN 0
LIGHT RAIN 0 FREEZING RAIN 0
LT FREEZING RAIN 0 HAIL 0
HEAVY SNOW 0 SNOW 0
LIGHT SNOW 0 SLEET 0
FOG 0 FOG W/VIS <= 1/4 MILE 0
HAZE 3
- INDICATES NEGATIVE NUMBERS.
R INDICATES RECORD WAS SET OR TIED.
MM INDICATES DATA IS MISSING.
T INDICATES TRACE AMOUNT.
$$