000
CXUS55 KPUB 011917
CF6PUB
PRELIMINARY LOCAL CLIMATOLOGICAL DATA (WS FORM: F-6)
STATION: PUEBLO CO
MONTH: OCTOBER
YEAR: 2022
LATITUDE: 38 16 N
LONGITUDE: 104 31 W
TEMPERATURE IN F: :PCPN: SNOW: WIND :SUNSHINE: SKY :PK WND
================================================================================
1 2 3 4 5 6A 6B 7 8 9 10 11 12 13 14 15 16 17 18
12Z AVG MX 2MIN
DY MAX MIN AVG DEP HDD CDD WTR SNW DPTH SPD SPD DIR MIN PSBL S-S WX SPD DR
================================================================================
1 81 50 66 6 0 1 T 0.0 0 7.7 28 270 M M 2 35 270
2 76 49 63 4 2 0 T 0.0 0 5.8 17 160 M M 2 23 290
3 80 45 63 4 2 0 0.00 0.0 0 6.9 25 110 M M 1 30 110
4 76 48 62 4 3 0 T 0.0 0 5.4 26 40 M M 5 33 40
5 67 48 58 0 7 0 0.17 0.0 0 2.9 9 360 M M 6 1 11 220
6 75 42 59 2 6 0 0.00 0.0 0 5.5 15 120 M M 0 18 120
7 50 43 47 -10 18 0 0.01 0.0 0 7.7 18 110 M M 9 1 21 100
8 67 42 55 -1 10 0 0.00 0.0 0 3.2 9 150 M M 4 14 110
9 77 35 56 0 9 0 0.00 0.0 0 5.5 12 350 M M 1 18 110
10 80 37 59 4 6 0 0.00 0.0 0 6.3 15 120 M M 0 21 150
11 84 42 63 8 2 0 0.00 0.0 0 11.5 26 270 M M 0 37 270
12 80 38 59 5 6 0 0.00 0.0 0 7.0 26 60 M M 0 34 50
13 70 35 53 -1 12 0 0.00 0.0 0 4.9 15 120 M M 0 19 120
14 82 34 58 4 7 0 0.00 0.0 0 6.5 16 120 M M 0 21 120
15 77 34 56 3 9 0 0.00 0.0 0 9.8 20 60 M M 0 26 30
16 59 41 50 -3 15 0 0.00 0.0 0 4.1 10 120 M M 8 14 120
17 66 33 50 -2 15 0 0.00 0.0 0 3.9 12 30 M M 1 14 40
18 72 32 52 0 13 0 0.00 0.0 0 4.6 10 120 M M 0 15 140
19 82 32 57 6 8 0 0.00 0.0 0 6.9 18 40 M M 0 22 40
20 81 34 58 7 7 0 0.00 0.0 0 5.4 12 260 M M 0 15 160
21 83 41 62 12 3 0 0.00 0.0 0 11.3 31 300 M M 0 39 310
22 81 47 64 14 1 0 0.00 0.0 0 11.1 31 240 M M 0 45 220
23 73 42 58 8 7 0 0.00 0.0 0 21.3 37 220 M M 0 51 210
24 50 33 42 -7 23 0 T T 0 5.2 15 310 M M 3 4 20 320
25 71 22 47 -2 18 0 0.00 0.0 0 7.5 22 110 M M 2 28 110
26 65 36 51 3 14 0 0.00 0.0 0 6.0 15 20 M M 2 19 20
27 50 32 41 -7 24 0 T T 0 15.4 36 350 M M 6 50 360
28 63 25 44 -4 21 0 0.00 0.0 0 5.6 14 120 M M 0 18 140
29 66 23 45 -2 20 0 0.00 0.0 0 5.0 14 10 M M 0 18 20
30 63 33 48 1 17 0 0.00 0.0 0 5.0 10 130 M M 1 16 150
31 71 27 49 3 16 0 0.00 0.0 0 7.0 12 10 M M 0 17 260
================================================================================
SM 2218 1155 321 1 0.18 T 221.9 M 53
================================================================================
AV 71.5 37.3 7.2 FASTST M M 2 MAX(MPH)
MISC ----> 37 220 51 210
================================================================================
NOTES:
COLUMN 17 PEAK WIND IN M.P.H.
PRELIMINARY LOCAL CLIMATOLOGICAL DATA (WS FORM: F-6) , PAGE 2
STATION: PUEBLO CO
MONTH: OCTOBER
YEAR: 2022
LATITUDE: 38 16 N
LONGITUDE: 104 31 W
[TEMPERATURE DATA] [PRECIPITATION DATA] SYMBOLS USED IN COLUMN 16
AVERAGE MONTHLY: 54.4 TOTAL FOR MONTH: 0.18 1 = FOG OR MIST
DPTR FM NORMAL: 1.6 DPTR FM NORMAL: -0.58 2 = FOG REDUCING VISIBILITY
HIGHEST: 84 ON 11 GRTST 24HR 0.17 ON 5 TO 1/4 MILE OR LESS
LOWEST: 22 ON 25 3 = THUNDER
SNOW, ICE PELLETS, HAIL 4 = ICE PELLETS
TOTAL MONTH: T 5 = HAIL
GRTST 24HR T ON 24,27 6 = FREEZING RAIN OR DRIZZLE
GRTST DEPTH: 0 7 = DUSTSTORM OR SANDSTORM:
VSBY 1/2 MILE OR LESS
8 = SMOKE OR HAZE
[NO. OF DAYS WITH] [WEATHER - DAYS WITH] 9 = BLOWING SNOW
X = TORNADO
MAX 32 OR BELOW: 0 0.01 INCH OR MORE: 2
MAX 90 OR ABOVE: 0 0.10 INCH OR MORE: 1
MIN 32 OR BELOW: 7 0.50 INCH OR MORE: 0
MIN 0 OR BELOW: 0 1.00 INCH OR MORE: 0
[HDD (BASE 65) ]
TOTAL THIS MO. 321 CLEAR (SCALE 0-3) 25
DPTR FM NORMAL -63 PTCLDY (SCALE 4-7) 4
TOTAL FM JUL 1 346 CLOUDY (SCALE 8-10) 2
DPTR FM NORMAL -111
[CDD (BASE 65) ]
TOTAL THIS MO. 1
DPTR FM NORMAL -5 [PRESSURE DATA]
TOTAL FM JAN 1 1361 HIGHEST SLP 30.48 ON 7
DPTR FM NORMAL 282 LOWEST SLP 29.19 ON 23
[REMARKS]
#FINAL-10-22#