000
CXUS55 KPUB 011756
CLSPUB
CLIMATE REPORT
NATIONAL WEATHER SERVICE
1155 AM MDT FRI SEP 01 2023
...................................
...THE PUEBLO CO CLIMATE SUMMARY FOR THE SEASON, FROM
6/1/2023 TO 8/31/2023...
CLIMATE NORMAL PERIOD 1991 TO 2020
CLIMATE RECORD PERIOD 1888 TO 2023
WEATHER OBSERVED NORMAL DEPART LAST YEAR`S
VALUE DATE(S) VALUE FROM VALUE DATE(S)
NORMAL
................................................................
TEMPERATURE (F)
RECORD
HIGH 109 07/13/2003
LOW 32 06/02/1919
HIGHEST 106 07/25 108 07/23
LOWEST 45 06/18 45 06/01
AVG. MAXIMUM 90.4 90.7 -0.3 93.0
AVG. MINIMUM 58.9 58.5 0.4 60.1
MEAN 74.7 74.6 0.1 76.5
DAYS MAX >= 90 51
DAYS MAX <= 32 0
DAYS MIN <= 32 0
DAYS MIN <= 0 0
PRECIPITATION (INCHES)
RECORD
MAXIMUM 14.64 1921
MINIMUM 0.86 1939
TOTALS 6.16 5.28 0.88 3.07
DAILY AVG. 0.07 0.06 0.01
DAYS >= .01 18
DAYS >= .10 14
DAYS >= .50 3
DAYS >= 1.00 0
GREATEST
24 HR. TOTAL 1.09 06/21 TO 06/22
SNOWFALL (INCHES)
RECORDS
MAXIMUM 1.0 1950
TOTALS T 0.0 0.0 0.0
SINCE 7/1 T 0.0 0.0
SNOWDEPTH AVG. 0
DAYS >= TRACE 6 0.0 6.0
DAYS >= 1.0 0 0.0 0.0
GREATEST
SNOW DEPTH 0 0
24 HR TOTAL 0.0 0.0
DEGREE DAYS
HEATING TOTAL 22 19 3 20
SINCE 7/1 0 1 -1 0
COOLING TOTAL 941 905 36 1107
SINCE 1/1 976 955 21 1175
................................................................
WIND (MPH)
AVERAGE WIND SPEED 8.2
HIGHEST WIND SPEED/DIRECTION 47/280 DATE 08/03
HIGHEST GUST SPEED/DIRECTION 71/360 DATE 07/24
SKY COVER
POSSIBLE SUNSHINE (PERCENT) MM
AVERAGE SKY COVER 0.18
NUMBER OF DAYS FAIR 73
NUMBER OF DAYS PC 16
NUMBER OF DAYS CLOUDY 3
AVERAGE RH (PERCENT) 53
WEATHER CONDITIONS. NUMBER OF DAYS WITH
THUNDERSTORM 40 MIXED PRECIP 0
HEAVY RAIN 15 RAIN 20
LIGHT RAIN 44 FREEZING RAIN 0
LT FREEZING RAIN 0 HAIL 6
HEAVY SNOW 0 SNOW 0
LIGHT SNOW 0 SLEET 0
FOG 19 FOG W/VIS <= 1/4 MILE 1
HAZE 1
- INDICATES NEGATIVE NUMBERS.
R INDICATES RECORD WAS SET OR TIED.
MM INDICATES DATA IS MISSING.
T INDICATES TRACE AMOUNT.
$$