000
CXUS54 KOUN 010810
CF6PWA
PRELIMINARY LOCAL CLIMATOLOGICAL DATA (WS FORM: F-6)
STATION: BETHANY/WILEY POST
MONTH: AUGUST
YEAR: 2023
LATITUDE: 35 31 N
LONGITUDE: 97 38 W
TEMPERATURE IN F: :PCPN: SNOW: WIND :SUNSHINE: SKY :PK WND
================================================================================
1 2 3 4 5 6A 6B 7 8 9 10 11 12 13 14 15 16 17 18
12Z AVG MX 2MIN
DY MAX MIN AVG DEP HDD CDD WTR SNW DPTH SPD SPD DIR MIN PSBL S-S WX SPD DR
================================================================================
1 103 78 91 6 0 26 0.00 M M 14.2 21 160 M M 0 27 150
2 104 79 92 7 0 27 0.00 M M 14.5 22 220 M M 0 27 220
3 104 82 93 9 0 28 0.00 M M 14.4 23 220 M M 0 28 220
4 103 80 92 8 0 27 0.00 M M 11.5 21 170 M M 0 26 160
5 93 75 84 0 0 19 T M M 12.7 24 50 M M 1 3 37 320
6 94 70 82 -2 0 17 0.02 M M 10.6 25 340 M M 1 3 29 350
7 86 65 76 -8 0 11 0.14 M M 9.8 25 20 M M 2 13 32 30
8 89 68 79 -5 0 14 0.43 M M 14.5 28 40 M M 2 13 37 110
9 98 74 86 2 0 21 0.07 M M 11.7 28 240 M M 1 3 33 250
10 94 71 83 -1 0 18 0.00 M M 6.9 13 90 M M 0 16 110
11 105 77 91 7 0 26 T M M 11.9 38 180 M M 1 3 48 180
12 95 76 86 3 0 21 0.08 M M 12.1 28 170 M M 1 3 36 170
13 100 72 86 3 0 21 0.34 M M 9.8 37 280 M M 1 13 49 280
14 85 63 74 -9 0 9 T 0.0 M 10.7 22 340 M M 3 27 20
15 88 58 73 -10 0 8 0.00 0.0 M 4.4 15 340 M M 0 24 320
16 93 62 78 -5 0 13 0.00 0.0 M 10.4 18 170 M M 0 25 170
17 99 73 86 4 0 21 0.00 M M 13.0 22 200 M M 0 28 180
18 99 71 85 3 0 20 0.00 M M 8.4 15 140 M M 0 19 80
19 108 79 94 12 0 29 0.00 M M 9.8 16 210 M M 0 20 230
20 107 72 90 8 0 25 0.00 M M 7.7 16 90 M M 0 20 90
21 105 77 91 9 0 26 0.00 M M 6.8 15 90 M M 0 23 60
22 102 78 90 8 0 25 0.00 M M 6.9 14 80 M M 0 17 50
23 102 77 90 9 0 25 0.00 M M 8.3 15 130 M M 0 20 130
24 103 77 90 9 0 25 0.00 M M 9.3 17 190 M M 0 22 180
25 106 78 92 11 0 27 0.00 M M 9.4 16 190 M M 0 20 200
26 99 77 88 7 0 23 0.00 M M 10.6 17 20 M M 0 23 20
27 92 74 83 3 0 18 0.00 M M 10.6 16 20 M M 2 21 20
28 91 68 80 0 0 15 0.00 M M 8.1 17 50 M M 0 25 40
29 94 62 78 -2 0 13 0.00 M M 5.4 15 360 M M 0 8 22 350
30 92 65 79 -1 0 14 0.00 M M 7.4 17 30 M M 0 23 10
31 94 66 80 1 0 15 0.00 M M 7.1 16 100 M M 0 21 130
================================================================================
SM 3027 2244 0 627 1.08 0.0 308.9 M 15
================================================================================
AV 97.6 72.4 10.0 FASTST M M 0 MAX(MPH)
MISC ----> 38 180 49 280
================================================================================
NOTES:
# LAST OF SEVERAL OCCURRENCES
COLUMN 17 PEAK WIND IN M.P.H.
PRELIMINARY LOCAL CLIMATOLOGICAL DATA (WS FORM: F-6) , PAGE 2
STATION: BETHANY/WILEY POST
MONTH: AUGUST
YEAR: 2023
LATITUDE: 35 31 N
LONGITUDE: 97 38 W
[TEMPERATURE DATA] [PRECIPITATION DATA] SYMBOLS USED IN COLUMN 16
AVERAGE MONTHLY: 85.0 TOTAL FOR MONTH: 1.08 1 = FOG OR MIST
DPTR FM NORMAL: 2.5 DPTR FM NORMAL: -2.41 2 = FOG REDUCING VISIBILITY
HIGHEST: 108 ON 19 GRTST 24HR 0.57 ON 7- 8 TO 1/4 MILE OR LESS
LOWEST: 58 ON 15 3 = THUNDER
SNOW, ICE PELLETS, HAIL 4 = ICE PELLETS
TOTAL MONTH: 0.0 INCH 5 = HAIL
GRTST 24HR 0.0 6 = FREEZING RAIN OR DRIZZLE
GRTST DEPTH: M ON M 7 = DUSTSTORM OR SANDSTORM:
VSBY 1/2 MILE OR LESS
8 = SMOKE OR HAZE
[NO. OF DAYS WITH] [WEATHER - DAYS WITH] 9 = BLOWING SNOW
X = TORNADO
MAX 32 OR BELOW: 0 0.01 INCH OR MORE: 6
MAX 90 OR ABOVE: 27 0.10 INCH OR MORE: 3
MIN 32 OR BELOW: 0 0.50 INCH OR MORE: 0
MIN 0 OR BELOW: 0 1.00 INCH OR MORE: 0
[HDD (BASE 65) ]
TOTAL THIS MO. 0 CLEAR (SCALE 0-3) 30
DPTR FM NORMAL 0 PTCLDY (SCALE 4-7) 1
TOTAL FM JUL 1 0 CLOUDY (SCALE 8-10) 0
DPTR FM NORMAL 0
[CDD (BASE 65) ]
TOTAL THIS MO. 627
DPTR FM NORMAL 86 [PRESSURE DATA]
TOTAL FM JAN 1 1774 HIGHEST SLP M ON M
DPTR FM NORMAL -15 LOWEST SLP 29.63 ON 9
[REMARKS]
#FINAL-08-23#