000
CXUS56 KMFR 010930
CF6RBG
PRELIMINARY LOCAL CLIMATOLOGICAL DATA (WS FORM: F-6)
STATION: ROSEBURG OR
MONTH: SEPTEMBER
YEAR: 2021
LATITUDE: 43 13 N
LONGITUDE: 123 22 W
TEMPERATURE IN F: :PCPN: SNOW: WIND :SUNSHINE: SKY :PK WND
================================================================================
1 2 3 4 5 6A 6B 7 8 9 10 11 12 13 14 15 16 17 18
12Z AVG MX 2MIN
DY MAX MIN AVG DEP HDD CDD WTR SNW DPTH SPD SPD DIR MIN PSBL S-S WX SPD DR
================================================================================
1 80 52 66 -4 0 1 0.00 M M 6.3 18 10 M M 0 26 340
2 85 49 67 -2 0 2 0.00 M M 2.9 17 360 M M 1 8 21 360
3 82 51 67 -2 0 2 0.00 M M 1.2 8 30 M M 2 8 13 300
4 91 51 71 2 0 6 0.00 M M 2.2 14 20 M M 0 8 18 20
5 92 56 74 5 0 9 0.00 M M 3.2 14 360 M M 0 8 20 360
6 86 59 73 4 0 8 0.00 M M 3.8 13 10 M M 2 8 16 360
7 93 58 76 8 0 11 T M M 1.9 14 320 M M 2 8 20 320
8 92 57 75 7 0 10 0.00 M M 2.7 12 10 M M 0 18 17 310
9 87 60 74 6 0 9 0.00 M M 4.9 14 320 M M 0 19 300
10 74 57 66 -2 0 1 0.00 M M 4.7 12 10 M M 6 8 19 20
11 84 54 69 1 0 4 0.00 M M 2.8 12 20 M M 4 8 20 40
12 83 52 68 1 0 3 0.00 M M 4.7 14 360 M M 0 23 20
13 79 50 65 -2 0 0 0.00 M M M M M M M M M M
14 88 49 69 2 0 4 0.00 M M 3.0 13 30 M M 0 17 10
15 81 58 70 3 0 5 0.00 M M 7.8 20 360 M M 3 27 360
16 77 48 63 -3 2 0 0.00 M M 6.1 16 20 M M 0 21 10
17 88 45 67 1 0 2 0.00 M M 1.9 13 330 M M 1 8 22 260
18 71 56 64 -2 1 0 1.23 M M 5.3 22 310 M M 9 1 35 310
19 69 52 61 -5 4 0 0.38 M M 2.6 12 150 M M 7 1 16 160
20 76 49 63 -2 2 0 0.00 M M 3.1 15 360 M M 3 1 20 30
21 90 49 70 5 0 5 0.00 M M 1.0 8 10 M M 2 12 10 360
22 79 54 67 3 0 2 0.00 M M 4.2 15 20 M M 1 21 10
23 79 51 65 1 0 0 0.00 M M 3.5 16 10 M M 2 21 20
24 91 52 72 8 0 7 0.00 M M 0.5 9 360 M M 0 11 340
25 88 54 71 7 0 6 0.00 M M 3.6 14 360 M M 0 19 340
26 83 53 68 5 0 3 0.00 M M 3.0 9 230 M M 5 17 260
27 68 51 60 -3 5 0 0.54 M M 3.2 9 150 M M 9 18 15 290
28 63 50 57 -5 8 0 0.11 M M 2.2 16 10 M M 8 1 19 10
29 72 49 61 -1 4 0 0.00 M M 1.1 7 10 M M 5 1 9 20
30 76 47 62 0 3 0 0.00 M M 5.0 17 360 M M 3 26 10
================================================================================
SM 2447 1573 29 100 2.26 M 98.4 M 75
================================================================================
AV 81.6 52.4 3.4 FASTST M M 3 MAX(MPH)
MISC ----> 22 310 35 310
================================================================================
NOTES:
# LAST OF SEVERAL OCCURRENCES
COLUMN 17 PEAK WIND IN M.P.H.
PRELIMINARY LOCAL CLIMATOLOGICAL DATA (WS FORM: F-6) , PAGE 2
STATION: ROSEBURG OR
MONTH: SEPTEMBER
YEAR: 2021
LATITUDE: 43 13 N
LONGITUDE: 123 22 W
[TEMPERATURE DATA] [PRECIPITATION DATA] SYMBOLS USED IN COLUMN 16
AVERAGE MONTHLY: 67.0 TOTAL FOR MONTH: 2.26 1 = FOG OR MIST
DPTR FM NORMAL: 0.9 DPTR FM NORMAL: 1.41 2 = FOG REDUCING VISIBILITY
HIGHEST: 93 ON 7 GRTST 24HR 1.35 ON 18-19 TO 1/4 MILE OR LESS
LOWEST: 45 ON 17 3 = THUNDER
SNOW, ICE PELLETS, HAIL 4 = ICE PELLETS
TOTAL MONTH: M 5 = HAIL
GRTST 24HR M ON M 6 = FREEZING RAIN OR DRIZZLE
GRTST DEPTH: M ON M 7 = DUSTSTORM OR SANDSTORM:
VSBY 1/2 MILE OR LESS
8 = SMOKE OR HAZE
[NO. OF DAYS WITH] [WEATHER - DAYS WITH] 9 = BLOWING SNOW
X = TORNADO
MAX 32 OR BELOW: 0 0.01 INCH OR MORE: 4
MAX 90 OR ABOVE: 6 0.10 INCH OR MORE: 4
MIN 32 OR BELOW: 0 0.50 INCH OR MORE: 2
MIN 0 OR BELOW: 0 1.00 INCH OR MORE: 1
[HDD (BASE 65) ]
TOTAL THIS MO. 29 CLEAR (SCALE 0-3) 20
DPTR FM NORMAL -24 PTCLDY (SCALE 4-7) 6
TOTAL FM JUL 1 30 CLOUDY (SCALE 8-10) 4
DPTR FM NORMAL -37
[CDD (BASE 65) ]
TOTAL THIS MO. 100
DPTR FM NORMAL 12 [PRESSURE DATA]
TOTAL FM JAN 1 936 HIGHEST SLP M ON M
DPTR FM NORMAL 336 LOWEST SLP 29.77 ON 18
[REMARKS]
#FINAL-09-21#