000
CXUS51 KPHI 161418
CF6RDG
PRELIMINARY LOCAL CLIMATOLOGICAL DATA (WS FORM: F-6)
STATION: READING PA
MONTH: JULY
YEAR: 2021
LATITUDE: 40 22 N
LONGITUDE: 75 58 W
TEMPERATURE IN F: :PCPN: SNOW: WIND :SUNSHINE: SKY :PK WND
================================================================================
1 2 3 4 5 6A 6B 7 8 9 10 11 12 13 14 15 16 17 18
12Z AVG MX 2MIN
DY MAX MIN AVG DEP HDD CDD WTR SNW DPTH SPD SPD DIR MIN PSBL S-S WX SPD DR
================================================================================
1 80 70 75 0 0 10 0.77 0.0 0 2.7 15 300 M M 6 13 17 340
2 82 62 72 -4 0 7 0.01 0.0 0 5.0 23 300 M M 5 1 29 300
3 74 60 67 -9 0 2 0.64 0.0 0 3.3 15 320 M M 6 138 23 280
4 84 58 71 -5 0 6 0.00 0.0 0 2.3 15 10 M M 4 128 19 10
5 89 62 76 0 0 11 0.00 0.0 0 4.8 15 200 M M 1 1 18 170
6 95 72 84 8 0 19 0.00 0.0 0 6.1 17 240 M M 0 8 23 240
7 95 73 84 8 0 19 0.00 0.0 0 4.7 15 180 M M 2 18 20 200
8 87 69 78 2 0 13 0.70 0.0 0 4.3 26 250 M M 5 1238 36 260
9 87 70 79 3 0 14 0.05 0.0 0 7.7 16 310 M M 5 13 21 240
10 83 68 76 0 0 11 0.00 0.0 0 6.0 13 290 M M 5 19 340
11 86 67 77 1 0 12 0.88 0.0 0 5.3 21 300 M M 4 138 31 290
12 93 71 82 6 0 17 0.09 0.0 0 3.0 16 220 M M 7 138 22 210
13 88 72 80 4 0 15 0.61 0.0 0 3.5 13 240 M M 7 138 17 120
14 90 73 82 6 0 17 0.00 0.0 0 3.8 15 160 M M 5 138 20 190
15 91 70 81 5 0 16 0.00 0.0 0 4.4 14 220 M M 1 18 17 240
16 93 72 83 7 0 18 0.00 0.0 0 3.7 17 300 M M 2 1 21 290
17 94 71 83 7 0 18 0.19 0.0 0 3.8 17 260 M M 3 1 22 220
18 77 72 75 -1 0 10 T 0.0 0 7.4 17 280 M M 9 1 21 280
19 88 64 76 0 0 11 0.00 0.0 0 5.5 14 300 M M 2 8 19 300
20 87 67 77 1 0 12 0.00 0.0 0 2.7 13 310 M M 1 18 16 280
21 84 65 75 -1 0 10 0.63 0.0 0 5.3 35 300 M M 3 138 43 300
22 81 59 70 -6 0 5 0.00 0.0 0 5.0 15 310 M M 1 18 300
23 83 59 71 -5 0 6 0.00 0.0 0 2.4 13 340 M M 2 8 16 320
24 86 61 74 -2 0 9 0.00 0.0 0 5.0 15 190 M M 2 1 20 190
25 90 73 82 6 0 17 T 0.0 0 6.2 12 230 M M 5 8 16 230
26 91 71 81 5 0 16 0.00 0.0 0 3.6 14 340 M M 1 18 18 340
27 91 68 80 4 0 15 0.00 0.0 0 3.9 14 220 M M 1 16 220
28 86 66 76 0 0 11 0.00 0.0 0 5.0 14 10 M M 1 19 10
29 81 66 74 -2 0 9 0.33 0.0 0 4.6 16 230 M M 6 13 22 210
30 85 63 74 -2 0 9 0.00 0.0 0 9.7 21 330 M M 2 1 30 330
31 79 55 67 -9 0 2 0.00 0.0 0 3.1 13 250 M M 1 16 310
================================================================================
SM 2680 2069 0 367 4.90 0.0 143.8 M 105
================================================================================
AV 86.5 66.7 4.6 FASTST M M 3 MAX(MPH)
MISC ----> 35 300 43 300
================================================================================
NOTES:
# LAST OF SEVERAL OCCURRENCES
COLUMN 17 PEAK WIND IN M.P.H.
PRELIMINARY LOCAL CLIMATOLOGICAL DATA (WS FORM: F-6) , PAGE 2
STATION: READING PA
MONTH: JULY
YEAR: 2021
LATITUDE: 40 22 N
LONGITUDE: 75 58 W
[TEMPERATURE DATA] [PRECIPITATION DATA] SYMBOLS USED IN COLUMN 16
AVERAGE MONTHLY: 76.6 TOTAL FOR MONTH: 4.90 1 = FOG OR MIST
DPTR FM NORMAL: 0.5 DPTR FM NORMAL: 0.13 2 = FOG REDUCING VISIBILITY
HIGHEST: 95 ON 7, 6 GRTST 24HR 0.88 ON 11-11 TO 1/4 MILE OR LESS
LOWEST: 55 ON 31 3 = THUNDER
SNOW, ICE PELLETS, HAIL 4 = ICE PELLETS
TOTAL MONTH: 0.0 INCH 5 = HAIL
GRTST 24HR 0.0 6 = FREEZING RAIN OR DRIZZLE
GRTST DEPTH: 0 7 = DUSTSTORM OR SANDSTORM:
VSBY 1/2 MILE OR LESS
8 = SMOKE OR HAZE
[NO. OF DAYS WITH] [WEATHER - DAYS WITH] 9 = BLOWING SNOW
X = TORNADO
MAX 32 OR BELOW: 0 0.01 INCH OR MORE: 11
MAX 90 OR ABOVE: 10 0.10 INCH OR MORE: 8
MIN 32 OR BELOW: 0 0.50 INCH OR MORE: 6
MIN 0 OR BELOW: 0 1.00 INCH OR MORE: 0
[HDD (BASE 65) ]
TOTAL THIS MO. 0 CLEAR (SCALE 0-3) 16
DPTR FM NORMAL 0 PTCLDY (SCALE 4-7) 14
TOTAL FM JUL 1 0 CLOUDY (SCALE 8-10) 1
DPTR FM NORMAL 0
[CDD (BASE 65) ]
TOTAL THIS MO. 367
DPTR FM NORMAL 21 [PRESSURE DATA]
TOTAL FM JAN 1 747 HIGHEST SLP M ON M
DPTR FM NORMAL 112 LOWEST SLP 29.71 ON 2
[REMARKS]
#FINAL-07-21#