000
CXUS56 KPDT 011851
CLMRDM
CLIMATE REPORT
NATIONAL WEATHER SERVICE PENDLETON, OR
1151 AM PDT FRI SEP 01 2023
...................................
...THE REDMOND OR CLIMATE SUMMARY FOR THE MONTH OF AUGUST 2023...
CLIMATE NORMAL PERIOD 1991 TO 2020
CLIMATE RECORD PERIOD 1949 TO 2023
WEATHER OBSERVED NORMAL DEPART LAST YEAR`S
VALUE DATE(S) VALUE FROM VALUE DATE(S)
NORMAL
................................................................
TEMPERATURE (F)
RECORD
HIGH 108 08/07/1972
LOW 25 08/28/1960
HIGHEST 105 08/15 101 08/08
LOWEST 38 08/23 41 08/13
08/28
AVG. MAXIMUM 88.5 86.5 2.0 93.0
AVG. MINIMUM 51.3 47.2 4.1 52.4
MEAN 69.9 66.8 3.1 72.7
DAYS MAX >= 90 16 11.3 4.7 25
DAYS MAX <= 32 0 0.0 0.0 0
DAYS MIN <= 32 0 0.4 -0.4 0
DAYS MIN <= 0 0 0.0 0.0 0
PRECIPITATION (INCHES)
RECORD
MAXIMUM 2.54 1976
MINIMUM 0.00 1992
TOTALS 0.05 0.46 -0.41 0.05
DAILY AVG. 0.00 0.01 -0.01 0.00
DAYS >= .01 2 2.8 -0.8 1
DAYS >= .10 0 1.2 -1.2 0
DAYS >= .50 0 0.2 -0.2 0
DAYS >= 1.00 0 0.0 0.0 0
GREATEST
24 HR. TOTAL 0.03 08/31 TO 08/31 0.05 08/09 TO 08/09
DEGREE DAYS
HEATING TOTAL 20 53 -33 3
SINCE 7/1 20 97 -77
COOLING TOTAL 180 110 70 248
SINCE 1/1 425 286 139
................................................................
WIND (MPH)
AVERAGE WIND SPEED 6.5
RESULTANT WIND SPEED/DIRECTION 3/320
HIGHEST WIND SPEED/DIRECTION 32/290 DATE 08/29
HIGHEST GUST SPEED/DIRECTION 41/290 DATE 08/29
AVERAGE RH (PERCENT) 44
WEATHER CONDITIONS. NUMBER OF DAYS WITH
THUNDERSTORM 3 MIXED PRECIP 0
HEAVY RAIN 0 RAIN 0
LIGHT RAIN 5 FREEZING RAIN 0
LT FREEZING RAIN 0 HAIL 0
HEAVY SNOW 0 SNOW 0
LIGHT SNOW 0 SLEET 0
FOG 1 FOG W/VIS <= 1/4 MILE 0
HAZE 19
- INDICATES NEGATIVE NUMBERS.
R INDICATES RECORD WAS SET OR TIED.
MM INDICATES DATA IS MISSING.
T INDICATES TRACE AMOUNT.
$$