000
CXUS53 KGRB 090618
CF6RHI
PRELIMINARY LOCAL CLIMATOLOGICAL DATA (WS FORM: F-6)
STATION: RHINELANDER WI
MONTH: JANUARY
YEAR: 2023
LATITUDE: 45 37 N
LONGITUDE: 89 27 W
TEMPERATURE IN F: :PCPN: SNOW: WIND :SUNSHINE: SKY :PK WND
================================================================================
1 2 3 4 5 6A 6B 7 8 9 10 11 12 13 14 15 16 17 18
12Z AVG MX 2MIN
DY MAX MIN AVG DEP HDD CDD WTR SNW DPTH SPD SPD DIR MIN PSBL S-S WX SPD DR
================================================================================
1 32 29 31 16 34 0 0.01 T 8 8.6 18 270 M M 10 1 23 270
2 29 25 27 12 38 0 0.01 0.2 8 1.9 10 260 M M 10 1 13 270
3 31 27 29 15 36 0 0.29 0.9 8 7.4 18 80 M M 10 16 24 80
4 32 28 30 16 35 0 0.14 0.6 8 9.2 20 90 M M 10 16 28 80
5 28 21 25 11 40 0 0.02 0.4 9 5.1 8 340 M M 10 168 16 360
6 22 4 13 -1 52 0 0.01 0.1 9 2.5 7 300 M M 6 12 340
7 21 0 11 -3 54 0 0.00 0.0 9 3.5 8 200 M M 9 1 16 20
8 27 8 18 4 47 0 0.00 0.0 9 7.6 14 230 M M 3 1 19 230
9 30 7 19 5 46 0 0.00 0.0 9 7.7 16 100 M M 4 18 21 100
10 32 24 28 15 37 0 T 0.0 8 9.4 16 100 M M 10 1 20 100
11 33 31 32 19 33 0 0.11 0.3 9 2.7 7 260 M M 10 1 M M
12 32 22 27 14 38 0 T 0.1 9 6.9 13 20 M M 10 18 23 350
13 22 17 20 7 45 0 0.01 0.2 9 5.4 13 10 M M 10 24 30
14 27 15 21 8 44 0 0.00 0.0 9 7.5 12 160 M M 5 20 170
15 35 23 29 16 36 0 0.00 0.0 9 8.8 14 180 M M 1 21 160
16 33 31 32 19 33 0 0.14 0.0 7 8.4 15 120 M M 10 16 18 120
17 34 29 32 19 33 0 0.01 0.1 7 4.9 10 350 M M 10 1 20 340
18 29 26 28 15 37 0 0.01 0.2 7 7.1 18 80 M M 10 1 24 70
19 28 25 27 14 38 0 0.65 9.2 16 7.6 17 90 M M 10 128 24 70
20 26 17 22 9 43 0 0.01 0.2 16 7.5 14 270 M M 9 1 23 310
21 21 15 18 6 47 0 0.00 0.0 16 7.0 13 260 M M 10 1 19 230
22 20 14 17 5 48 0 0.00 0.0 15 3.7 10 260 M M 10 1 14 360
23 24 14 19 7 46 0 0.04 0.3 15 10.4 20 270 M M 9 18 26 270
24 29 20 25 13 40 0 0.01 0.2 15 6.7 14 240 M M 10 1 18 240
25 32 19 26 14 39 0 0.05 1.7 16 2.3 7 30 M M 10 1 13 30
26 26 5 16 4 49 0 0.02 0.7 15 5.9 14 230 M M 7 1 21 220
27 23 8 16 3 49 0 0.08 1.8 16 12.3 24 280 M M 9 128 35 260
28 12 0 6 -7 59 0 0.00 0.0 16 3.9 14 280 M M 6 22 320
29 9 -7 1 -12 64 0 0.00 0.0 15 6.2 14 270 M M 3 17 270
30 1 -16 -7 -20 72 0 0.00 0.0 15 10.0 22 270 M M 2 29 260
31 11 -24 -6 -19 71 0 0.00 0.0 15 7.6 17 250 M M 3 24 260
================================================================================
SM 791 457 1383 0 1.62 17.2 205.7 M 246
================================================================================
AV 25.5 14.7 6.6 FASTST M M 8 MAX(MPH)
MISC ----> 24 280 35 260
================================================================================
NOTES:
# LAST OF SEVERAL OCCURRENCES
COLUMN 17 PEAK WIND IN M.P.H.
PRELIMINARY LOCAL CLIMATOLOGICAL DATA (WS FORM: F-6) , PAGE 2
STATION: RHINELANDER WI
MONTH: JANUARY
YEAR: 2023
LATITUDE: 45 37 N
LONGITUDE: 89 27 W
[TEMPERATURE DATA] [PRECIPITATION DATA] SYMBOLS USED IN COLUMN 16
AVERAGE MONTHLY: 20.1 TOTAL FOR MONTH: 1.62 1 = FOG OR MIST
DPTR FM NORMAL: 7.0 DPTR FM NORMAL: 0.79 2 = FOG REDUCING VISIBILITY
HIGHEST: 35 ON 15 GRTST 24HR 0.65 ON 19-19 TO 1/4 MILE OR LESS
LOWEST: -24 ON 31 3 = THUNDER
SNOW, ICE PELLETS, HAIL 4 = ICE PELLETS
TOTAL MONTH: 17.4 INCHES 5 = HAIL
GRTST 24HR 9.2 ON 19-19 6 = FREEZING RAIN OR DRIZZLE
GRTST DEPTH: 16 ON 28,27 7 = DUSTSTORM OR SANDSTORM:
VSBY 1/2 MILE OR LESS
8 = SMOKE OR HAZE
[NO. OF DAYS WITH] [WEATHER - DAYS WITH] 9 = BLOWING SNOW
X = TORNADO
MAX 32 OR BELOW: 27 0.01 INCH OR MORE: 18
MAX 90 OR ABOVE: 0 0.10 INCH OR MORE: 5
MIN 32 OR BELOW: 31 0.50 INCH OR MORE: 1
MIN 0 OR BELOW: 5 1.00 INCH OR MORE: 0
[HDD (BASE 65) ]
TOTAL THIS MO. 1383 CLEAR (SCALE 0-3) 5
DPTR FM NORMAL -224 PTCLDY (SCALE 4-7) 5
TOTAL FM JUL 1 4740 CLOUDY (SCALE 8-10) 21
DPTR FM NORMAL -351
[CDD (BASE 65) ]
TOTAL THIS MO. 0
DPTR FM NORMAL 0 [PRESSURE DATA]
TOTAL FM JAN 1 0 HIGHEST SLP 30.46 ON 7
DPTR FM NORMAL 0 LOWEST SLP 29.41 ON 17
[REMARKS]
#FINAL-01-23#